{"id":77447,"date":"2025-03-22T18:49:46","date_gmt":"2025-03-22T18:49:46","guid":{"rendered":"https:\/\/brandss.com.py\/index\/?post_type=product&#038;p=77447"},"modified":"2025-03-22T18:50:16","modified_gmt":"2025-03-22T18:50:16","slug":"calzado-deportivo-infantil-nike-omni-multi","status":"publish","type":"product","link":"https:\/\/brandss.com.py\/index\/producto\/calzado-deportivo-infantil-nike-omni-multi\/","title":{"rendered":"CALZADO DEPORTIVO INFANTIL NIKE OMNI MULTI"},"content":{"rendered":"<p><img loading=\"lazy\" decoding=\"async\" class=\"\" src=\"https:\/\/1000marcas.net\/wp-content\/uploads\/2019\/11\/Nike-logo.jpg\" alt=\"Logo de Nike: la historia y el significado del logotipo, la ...\" width=\"411\" height=\"231\" \/><\/p>\n<div class=\"flex flex-1 grow basis-auto flex-col overflow-hidden\">\n<div class=\"relative h-full\">\n<div class=\"flex h-full flex-col overflow-y-auto [scrollbar-gutter:stable]\">\n<div class=\"mt-1.5 flex flex-col text-sm @thread-xl\/thread:pt-header-height md:pb-9\">\n<article class=\"group\/turn w-full text-token-text-primary focus-visible:outline-2 focus-visible:outline-offset-[-4px]\" dir=\"auto\" data-testid=\"conversation-turn-40\" data-scroll-anchor=\"true\">\n<div class=\"text-base my-auto mx-auto py-[18px] px-6\">\n<div class=\"mx-auto flex flex-1 text-base gap-4 md:gap-5 lg:gap-6 md:max-w-3xl lg:max-w-[40rem] xl:max-w-[48rem]\">\n<div class=\"group\/conversation-turn relative flex w-full min-w-0 flex-col agent-turn @xs\/thread:px-0 @sm\/thread:px-1.5 @md\/thread:px-4\">\n<div class=\"flex-col gap-1 md:gap-3\">\n<div class=\"flex max-w-full flex-col flex-grow\">\n<div class=\"min-h-8 text-message relative flex w-full flex-col items-end gap-2 whitespace-normal break-words text-start [.text-message+&amp;]:mt-5\" dir=\"auto\" data-message-author-role=\"assistant\" data-message-id=\"a06773bf-a854-430e-af06-88a7432c005f\" data-message-model-slug=\"gpt-4o\">\n<div class=\"flex w-full flex-col gap-1 empty:hidden first:pt-[3px]\">\n<div class=\"markdown prose w-full break-words dark:prose-invert light\">\n<h3 class=\"\" data-start=\"0\" data-end=\"81\"><strong data-start=\"4\" data-end=\"79\"><span>Nike Omni Multi-Court \u2013 Versatilidad y rendimiento para j\u00f3venes atletas<\/span><\/strong><\/h3>\n<p class=\"\" data-start=\"83\" data-end=\"452\"><span>Los <\/span><strong data-start=\"87\" data-end=\"112\"><span>Nike Omni Multi-Court<\/span><\/strong><span> son tenis dise\u00f1ados especialmente para j\u00f3venes que buscan comodidad, estabilidad y versatilidad en sus actividades deportivas. Su construcci\u00f3n ligera y duradera los convierte en la opci\u00f3n ideal para deportes en interiores, como voleibol, baloncesto, tenis de mesa y balonmano, adem\u00e1s de ser perfectos para las clases de educaci\u00f3n f\u00edsica.<\/span><\/p>\n<p class=\"\" data-start=\"454\" data-end=\"811\"><span>Con un dise\u00f1o moderno y una estructura que proporciona un ajuste seguro, estos tenis permiten realizar movimientos r\u00e1pidos y din\u00e1micos sin comprometer la comodidad. La combinaci\u00f3n de materiales de alta calidad asegura una excelente transpirabilidad y resistencia, mientras que su amortiguaci\u00f3n de espuma suave brinda una sensaci\u00f3n de confort en cada paso.<\/span><\/p>\n<h3 class=\"\" data-start=\"813\" data-end=\"851\"><strong data-start=\"817\" data-end=\"849\"><span>Caracter\u00edsticas principales:<\/span><\/strong><\/h3>\n<p class=\"\" data-start=\"852\" data-end=\"1442\"><span>\u2705 <\/span><strong data-start=\"854\" data-end=\"883\"><span>Dise\u00f1o ligero y duradero:<\/span><\/strong><span> Fabricados con materiales resistentes y transpirables para mayor comodidad y frescura. <\/span><br data-start=\"970\" data-end=\"973\" \/><span>\u2705 <\/span><strong data-start=\"975\" data-end=\"1002\"><span>Versatilidad deportiva:<\/span><\/strong><span> Ideales para diversas disciplinas en canchas cubiertas, garantizando un rendimiento \u00f3ptimo en cada movimiento. <\/span><br data-start=\"1110\" data-end=\"1113\" \/><span>\u2705 <\/span><strong data-start=\"1115\" data-end=\"1152\"><span>Suela de goma que no deja marcas:<\/span><\/strong><span> Proporciona excelente tracci\u00f3n en superficies de interior sin dejar residuos. <\/span><br data-start=\"1230\" data-end=\"1233\" \/><span>\u2705 <\/span><strong data-start=\"1235\" data-end=\"1269\"><span>Amortiguaci\u00f3n de espuma suave:<\/span><\/strong><span> Absorbe impactos y permite movimientos naturales y c\u00f3modos. <\/span><br data-start=\"1329\" data-end=\"1332\" \/><span>\u2705 <\/span><strong data-start=\"1334\" data-end=\"1352\"><span>Ajuste seguro:<\/span><\/strong><span> Dise\u00f1o ergon\u00f3mico que se adapta al pie, brindando estabilidad y confianza en cada paso.<\/span><\/p>\n<p class=\"\" data-start=\"1444\" data-end=\"1629\"><span>Los <\/span><strong data-start=\"1448\" data-end=\"1473\"><span>Nike Omni Multi-Court<\/span><\/strong><span> son la elecci\u00f3n perfecta para j\u00f3venes activos que necesitan un calzado confiable, c\u00f3modo y vers\u00e1til, listo para acompa\u00f1arlos en cada entrenamiento y juego.<\/span><\/p>\n<\/div>\n<\/div>\n<\/div>\n<\/div>\n<\/div>\n<\/div>\n<\/div>\n<\/div>\n<\/article>\n<\/div>\n<\/div>\n<\/div>\n<\/div>\n<p>&nbsp;<\/p>\n<p>&nbsp;<\/p>\n","protected":false},"excerpt":{"rendered":"<p>Nike Omni Multi-Court \u2013 Versatilidad y rendimiento para j\u00f3venes atletas Los Nike Omni Multi-Court son tenis dise\u00f1ados especialmente para j\u00f3venes<\/p>\n","protected":false},"featured_media":77450,"comment_status":"open","ping_status":"closed","template":"","meta":{"nf_dc_page":""},"product_brand":[],"product_cat":[75],"product_tag":[],"class_list":{"0":"post-77447","1":"product","2":"type-product","3":"status-publish","4":"has-post-thumbnail","6":"product_cat-infantil","8":"first","9":"instock","10":"shipping-taxable","11":"purchasable","12":"product-type-simple"},"_links":{"self":[{"href":"https:\/\/brandss.com.py\/index\/wp-json\/wp\/v2\/product\/77447","targetHints":{"allow":["GET"]}}],"collection":[{"href":"https:\/\/brandss.com.py\/index\/wp-json\/wp\/v2\/product"}],"about":[{"href":"https:\/\/brandss.com.py\/index\/wp-json\/wp\/v2\/types\/product"}],"replies":[{"embeddable":true,"href":"https:\/\/brandss.com.py\/index\/wp-json\/wp\/v2\/comments?post=77447"}],"version-history":[{"count":1,"href":"https:\/\/brandss.com.py\/index\/wp-json\/wp\/v2\/product\/77447\/revisions"}],"predecessor-version":[{"id":77458,"href":"https:\/\/brandss.com.py\/index\/wp-json\/wp\/v2\/product\/77447\/revisions\/77458"}],"wp:featuredmedia":[{"embeddable":true,"href":"https:\/\/brandss.com.py\/index\/wp-json\/wp\/v2\/media\/77450"}],"wp:attachment":[{"href":"https:\/\/brandss.com.py\/index\/wp-json\/wp\/v2\/media?parent=77447"}],"wp:term":[{"taxonomy":"product_brand","embeddable":true,"href":"https:\/\/brandss.com.py\/index\/wp-json\/wp\/v2\/product_brand?post=77447"},{"taxonomy":"product_cat","embeddable":true,"href":"https:\/\/brandss.com.py\/index\/wp-json\/wp\/v2\/product_cat?post=77447"},{"taxonomy":"product_tag","embeddable":true,"href":"https:\/\/brandss.com.py\/index\/wp-json\/wp\/v2\/product_tag?post=77447"}],"curies":[{"name":"wp","href":"https:\/\/api.w.org\/{rel}","templated":true}]}}