{"id":77480,"date":"2025-03-24T13:20:33","date_gmt":"2025-03-24T13:20:33","guid":{"rendered":"https:\/\/brandss.com.py\/index\/?post_type=product&#038;p=77480"},"modified":"2025-03-24T13:22:11","modified_gmt":"2025-03-24T13:22:11","slug":"zapatero-yamazaki-6-niveles-con-cubierta-de-madera","status":"publish","type":"product","link":"https:\/\/brandss.com.py\/index\/producto\/zapatero-yamazaki-6-niveles-con-cubierta-de-madera\/","title":{"rendered":"ZAPATERO YAMAZAKI 6 NIVELES CON CUBIERTA DE MADERA"},"content":{"rendered":"<p><img loading=\"lazy\" decoding=\"async\" class=\"\" src=\"https:\/\/jebcommerce.com\/wp-content\/uploads\/logo_YamazakiHome.png\" alt=\"Yamazaki Home - JEBCommerce\" width=\"160\" height=\"64\" \/><\/p>\n<p>Organizar\u00e1s much\u00edsimos zapatos con esta belleza de 6 niveles. Tan pr\u00e1ctico como bonito, este zapatero tambi\u00e9n incluye ganchos para colgar sombrillas y una hermosa superficie de madera para bandejas o decoraci\u00f3n. No te preocupes por ocupar demasiado espacio: con su minimalista estructura met\u00e1lica, este zapatero ocupa poco espacio. \u00bfListo para empezar con buen pie tu almacenamiento de zapatos?<\/p>\n<p><span>Transforma tu entrada, pasillo, recibidor o armario con nuestro hermoso y exitoso organizador de zapatos. Este zapatero multiusos de estilo japon\u00e9s incluye cinco estantes para guardar zapatos y una mesa de madera. Con una estructura met\u00e1lica minimalista que minimiza el desorden, ofrece una gran variedad de opciones de almacenamiento a pesar de su dise\u00f1o estrecho.<\/span><\/p>\n<ul>\n<li><span>Reserve el conjunto de barras m\u00e1s bajo para acomodar zapatos y botas m\u00e1s altos.<\/span><\/li>\n<li><span>Utilice los ganchos de clip provistos en el costado para colgar elementos como calzadores y paraguas.<\/span><\/li>\n<li><span>Disponible en blanco o negro.<\/span><\/li>\n<li><span>Capacidad: Tiene capacidad para 18 zapatos, 21 tacones.<\/span><\/li>\n<li><span>Peso m\u00e1ximo: Niveles: 3 kg cada uno.<\/span><\/li>\n<li><span>Se esperan algunas variaciones en el tono y la veta de la madera.<\/span><\/li>\n<li>Modelo: 05164<\/li>\n<li>Dimensiones: Largo 66 x Ancho 25 x Alto 87 cm<\/li>\n<li>Peso: 5,2 kilogramos<\/li>\n<li>Materiales: Acero \/ Madera.<\/li>\n<li>Tipo de madera: Madera + Tablero de fibra *Tenga en cuenta que este es un producto natural y puede haber desviaciones en la veta.<\/li>\n<li>Incluye: 2x ganchos.<\/li>\n<li>Carga m\u00e1xima: Cada nivel soporta hasta 3 kg.<\/li>\n<li>Instrucciones de cuidado: Limpie con un pa\u00f1o suave y h\u00famedo y seque.<\/li>\n<\/ul>\n","protected":false},"excerpt":{"rendered":"<p>Organizar\u00e1s much\u00edsimos zapatos con esta belleza de 6 niveles. Tan pr\u00e1ctico como bonito, este zapatero tambi\u00e9n incluye ganchos para colgar<\/p>\n","protected":false},"featured_media":77497,"comment_status":"open","ping_status":"closed","template":"","meta":{"nf_dc_page":""},"product_brand":[],"product_cat":[83],"product_tag":[],"class_list":{"0":"post-77480","1":"product","2":"type-product","3":"status-publish","4":"has-post-thumbnail","6":"product_cat-hogar","8":"first","9":"instock","10":"shipping-taxable","11":"purchasable","12":"product-type-simple"},"_links":{"self":[{"href":"https:\/\/brandss.com.py\/index\/wp-json\/wp\/v2\/product\/77480","targetHints":{"allow":["GET"]}}],"collection":[{"href":"https:\/\/brandss.com.py\/index\/wp-json\/wp\/v2\/product"}],"about":[{"href":"https:\/\/brandss.com.py\/index\/wp-json\/wp\/v2\/types\/product"}],"replies":[{"embeddable":true,"href":"https:\/\/brandss.com.py\/index\/wp-json\/wp\/v2\/comments?post=77480"}],"version-history":[{"count":1,"href":"https:\/\/brandss.com.py\/index\/wp-json\/wp\/v2\/product\/77480\/revisions"}],"predecessor-version":[{"id":77510,"href":"https:\/\/brandss.com.py\/index\/wp-json\/wp\/v2\/product\/77480\/revisions\/77510"}],"wp:featuredmedia":[{"embeddable":true,"href":"https:\/\/brandss.com.py\/index\/wp-json\/wp\/v2\/media\/77497"}],"wp:attachment":[{"href":"https:\/\/brandss.com.py\/index\/wp-json\/wp\/v2\/media?parent=77480"}],"wp:term":[{"taxonomy":"product_brand","embeddable":true,"href":"https:\/\/brandss.com.py\/index\/wp-json\/wp\/v2\/product_brand?post=77480"},{"taxonomy":"product_cat","embeddable":true,"href":"https:\/\/brandss.com.py\/index\/wp-json\/wp\/v2\/product_cat?post=77480"},{"taxonomy":"product_tag","embeddable":true,"href":"https:\/\/brandss.com.py\/index\/wp-json\/wp\/v2\/product_tag?post=77480"}],"curies":[{"name":"wp","href":"https:\/\/api.w.org\/{rel}","templated":true}]}}