{"id":77561,"date":"2025-03-24T17:03:11","date_gmt":"2025-03-24T17:03:11","guid":{"rendered":"https:\/\/brandss.com.py\/index\/?post_type=product&#038;p=77561"},"modified":"2025-03-24T17:03:33","modified_gmt":"2025-03-24T17:03:33","slug":"calzado-infantil-nike-air-presto-volt","status":"publish","type":"product","link":"https:\/\/brandss.com.py\/index\/producto\/calzado-infantil-nike-air-presto-volt\/","title":{"rendered":"CALZADO INFANTIL NIKE AIR PRESTO VOLT"},"content":{"rendered":"<p><img loading=\"lazy\" decoding=\"async\" class=\"\" src=\"https:\/\/1000marcas.net\/wp-content\/uploads\/2019\/11\/Nike-logo.jpg\" alt=\"Logo de Nike: la historia y el significado del logotipo, la ...\" width=\"432\" height=\"243\" \/><\/p>\n<div class=\"flex flex-1 grow basis-auto flex-col overflow-hidden\">\n<div class=\"relative h-full\">\n<div class=\"flex h-full flex-col overflow-y-auto [scrollbar-gutter:stable]\">\n<div class=\"mt-1.5 flex flex-col text-sm @thread-xl\/thread:pt-header-height md:pb-9\">\n<article class=\"group\/turn w-full text-token-text-primary focus-visible:outline-2 focus-visible:outline-offset-[-4px]\" dir=\"auto\" data-testid=\"conversation-turn-20\" data-scroll-anchor=\"true\">\n<div class=\"text-base my-auto mx-auto py-[18px] px-6\">\n<div class=\"mx-auto flex flex-1 text-base gap-4 md:gap-5 lg:gap-6 md:max-w-3xl lg:max-w-[40rem] xl:max-w-[48rem]\">\n<div class=\"group\/conversation-turn relative flex w-full min-w-0 flex-col agent-turn @xs\/thread:px-0 @sm\/thread:px-1.5 @md\/thread:px-4\">\n<div class=\"flex-col gap-1 md:gap-3\">\n<div class=\"flex max-w-full flex-col flex-grow\">\n<div class=\"min-h-8 text-message relative flex w-full flex-col items-end gap-2 whitespace-normal break-words text-start [.text-message+&amp;]:mt-5\" dir=\"auto\" data-message-author-role=\"assistant\" data-message-id=\"a6f827ed-85ee-4d62-ab29-86d984694e0b\" data-message-model-slug=\"gpt-4o\">\n<div class=\"flex w-full flex-col gap-1 empty:hidden first:pt-[3px]\">\n<div class=\"markdown prose w-full break-words dark:prose-invert light\">\n<h1 data-start=\"0\" data-end=\"70\"><strong data-start=\"3\" data-end=\"68\"><span>Nike Air Presto Volt: Comodidad Extrema con un Toque Vibrante<\/span><\/strong><\/h1>\n<p class=\"\" data-start=\"72\" data-end=\"463\"><span>Dise\u00f1ados para brindar una sensaci\u00f3n de <\/span><strong data-start=\"112\" data-end=\"138\"><span>comodidad sin esfuerzo<\/span><\/strong><span> , los <\/span><strong data-start=\"144\" data-end=\"168\"><span>Nike Air Presto Volt<\/span><\/strong><span> combinan un ajuste tipo calcet\u00edn con una amortiguaci\u00f3n reactiva, ofreciendo una experiencia inigualable en cada paso. Su dise\u00f1o minimalista y futurista, junto con el llamativo color <\/span><strong data-start=\"351\" data-end=\"359\"><span>Volt<\/span><\/strong><span> , los convierte en una opci\u00f3n ideal para quienes buscan un calzado ligero, moderno y lleno de energ\u00eda.<\/span><\/p>\n<p class=\"\" data-start=\"465\" data-end=\"685\"><span>Con una silueta innovadora y materiales de primera calidad, estos tenis no solo son perfectos para el running, sino tambi\u00e9n para el uso diario, garantizando una combinaci\u00f3n perfecta de <\/span><strong data-start=\"650\" data-end=\"682\"><span>estilo, ajuste y rendimiento<\/span><\/strong><span> .<\/span><\/p>\n<hr class=\"\" data-start=\"687\" data-end=\"690\" \/>\n<h3 class=\"\" data-start=\"692\" data-end=\"739\"><strong data-start=\"696\" data-end=\"737\"><span>Dise\u00f1o Ic\u00f3nico con un Toque Futurista<\/span><\/strong><\/h3>\n<p class=\"\" data-start=\"740\" data-end=\"910\"><span>El <\/span><strong data-start=\"743\" data-end=\"762\"><span>Nike Air Presto<\/span><\/strong><span> debut\u00f3 en el a\u00f1o <\/span><strong data-start=\"780\" data-end=\"788\"><span>2000<\/span><\/strong><span> , revolucionando la industria del calzado con su estructura inspirada en la comodidad de una <\/span><strong data-start=\"881\" data-end=\"907\"><span>camiseta para los pies<\/span><\/strong><span> .<\/span><\/p>\n<p class=\"\" data-start=\"912\" data-end=\"1076\"><span>Esta versi\u00f3n en <\/span><strong data-start=\"928\" data-end=\"936\"><span>Volt<\/span><\/strong><span> , un color el\u00e9ctrico y llamativo, le a\u00f1ade un toque audaz y moderno, perfecto para quienes quieren destacar con un look fresco y din\u00e1mico.<\/span><\/p>\n<p class=\"\" data-start=\"1078\" data-end=\"1266\"><span>La parte superior de <\/span><strong data-start=\"1099\" data-end=\"1132\"><span>malla el\u00e1stica y transpirable<\/span><\/strong><span> proporciona un ajuste flexible, mientras que la jaula de soporte en el mediopi\u00e9 mejora la estabilidad sin comprometer la movilidad.<\/span><\/p>\n<hr class=\"\" data-start=\"1268\" data-end=\"1271\" \/>\n<h3 class=\"\" data-start=\"1273\" data-end=\"1324\"><strong data-start=\"1277\" data-end=\"1322\"><span>Amortiguaci\u00f3n Air y Sensaci\u00f3n de Ligereza<\/span><\/strong><\/h3>\n<p class=\"\" data-start=\"1325\" data-end=\"1491\"><span>Los <\/span><strong data-start=\"1329\" data-end=\"1353\"><span>Nike Air Presto Volt<\/span><\/strong><span> cuentan con una <\/span><strong data-start=\"1370\" data-end=\"1400\"><span>entresuela de espuma suave<\/span><\/strong><span> con tecnolog\u00eda <\/span><strong data-start=\"1416\" data-end=\"1428\"><span>Nike Air<\/span><\/strong><span> , brindando una amortiguaci\u00f3n ligera y una pisada m\u00e1s fluida.<\/span><\/p>\n<p class=\"\" data-start=\"1493\" data-end=\"1686\"><span>El <\/span><strong data-start=\"1496\" data-end=\"1519\"><span>dise\u00f1o sin costuras<\/span><\/strong><span> y su estructura adaptable hacen que el calzado se ajuste como un guante, reduciendo los puntos de presi\u00f3n y proporcionando una sensaci\u00f3n de libertad en cada movimiento.<\/span><\/p>\n<hr class=\"\" data-start=\"1688\" data-end=\"1691\" \/>\n<h3 class=\"\" data-start=\"1693\" data-end=\"1734\"><strong data-start=\"1697\" data-end=\"1732\"><span>Durabilidad y Tracci\u00f3n Mejorada<\/span><\/strong><\/h3>\n<p class=\"\" data-start=\"1735\" data-end=\"1856\"><span>A pesar de su apariencia ligera, los <\/span><strong data-start=\"1772\" data-end=\"1796\"><span>Nike Air Presto Volt<\/span><\/strong><span> est\u00e1n dise\u00f1ados para resistir el desgaste del uso diario.<\/span><\/p>\n<p class=\"\" data-start=\"1858\" data-end=\"2054\"><span>La <\/span><strong data-start=\"1861\" data-end=\"1910\"><span>suela exterior de goma con patr\u00f3n de tracci\u00f3n<\/span><\/strong><span> garantiza un excelente agarre en diversas superficies, mientras que los refuerzos estrat\u00e9gicos aumentan la durabilidad sin a\u00f1adir peso extra.<\/span><\/p>\n<hr class=\"\" data-start=\"2056\" data-end=\"2059\" \/>\n<h3 class=\"\" data-start=\"2061\" data-end=\"2113\"><strong data-start=\"2065\" data-end=\"2111\"><span>Un Modelo Atemporal para Cualquier Ocasi\u00f3n<\/span><\/strong><\/h3>\n<p class=\"\" data-start=\"2114\" data-end=\"2360\"><span>Con su dise\u00f1o futurista, inigualable comodidad y un color que no pasa desapercibido, los <\/span><strong data-start=\"2203\" data-end=\"2227\"><span>Nike Air Presto Volt<\/span><\/strong><span> son ideales para quienes buscan un calzado vers\u00e1til, ya sea para entrenar, caminar o simplemente destacar con un estilo innovador.<\/span><\/p>\n<p class=\"\" data-start=\"2362\" data-end=\"2468\"><span>Si buscas una combinaci\u00f3n perfecta de <\/span><strong data-start=\"2400\" data-end=\"2433\"><span>comodidad, ligereza y actitud<\/span><\/strong><span> , este modelo es la elecci\u00f3n ideal.<\/span><\/p>\n<\/div>\n<\/div>\n<\/div>\n<\/div>\n<\/div>\n<\/div>\n<\/div>\n<\/div>\n<\/article>\n<\/div>\n<\/div>\n<\/div>\n<\/div>\n","protected":false},"excerpt":{"rendered":"<p>Nike Air Presto Volt: Comodidad Extrema con un Toque Vibrante Dise\u00f1ados para brindar una sensaci\u00f3n de comodidad sin esfuerzo ,<\/p>\n","protected":false},"featured_media":77562,"comment_status":"open","ping_status":"closed","template":"","meta":{"nf_dc_page":""},"product_brand":[],"product_cat":[75],"product_tag":[],"class_list":{"0":"post-77561","1":"product","2":"type-product","3":"status-publish","4":"has-post-thumbnail","6":"product_cat-infantil","8":"first","9":"instock","10":"shipping-taxable","11":"purchasable","12":"product-type-simple"},"_links":{"self":[{"href":"https:\/\/brandss.com.py\/index\/wp-json\/wp\/v2\/product\/77561","targetHints":{"allow":["GET"]}}],"collection":[{"href":"https:\/\/brandss.com.py\/index\/wp-json\/wp\/v2\/product"}],"about":[{"href":"https:\/\/brandss.com.py\/index\/wp-json\/wp\/v2\/types\/product"}],"replies":[{"embeddable":true,"href":"https:\/\/brandss.com.py\/index\/wp-json\/wp\/v2\/comments?post=77561"}],"version-history":[{"count":1,"href":"https:\/\/brandss.com.py\/index\/wp-json\/wp\/v2\/product\/77561\/revisions"}],"predecessor-version":[{"id":77571,"href":"https:\/\/brandss.com.py\/index\/wp-json\/wp\/v2\/product\/77561\/revisions\/77571"}],"wp:featuredmedia":[{"embeddable":true,"href":"https:\/\/brandss.com.py\/index\/wp-json\/wp\/v2\/media\/77562"}],"wp:attachment":[{"href":"https:\/\/brandss.com.py\/index\/wp-json\/wp\/v2\/media?parent=77561"}],"wp:term":[{"taxonomy":"product_brand","embeddable":true,"href":"https:\/\/brandss.com.py\/index\/wp-json\/wp\/v2\/product_brand?post=77561"},{"taxonomy":"product_cat","embeddable":true,"href":"https:\/\/brandss.com.py\/index\/wp-json\/wp\/v2\/product_cat?post=77561"},{"taxonomy":"product_tag","embeddable":true,"href":"https:\/\/brandss.com.py\/index\/wp-json\/wp\/v2\/product_tag?post=77561"}],"curies":[{"name":"wp","href":"https:\/\/api.w.org\/{rel}","templated":true}]}}