{"id":77598,"date":"2025-03-24T17:41:10","date_gmt":"2025-03-24T17:41:10","guid":{"rendered":"https:\/\/brandss.com.py\/index\/?post_type=product&#038;p=77598"},"modified":"2026-02-24T11:57:21","modified_gmt":"2026-02-24T11:57:21","slug":"calzado-deportivo-masculino-nike-book-1-haven","status":"publish","type":"product","link":"https:\/\/brandss.com.py\/index\/producto\/calzado-deportivo-masculino-nike-book-1-haven\/","title":{"rendered":"CALZADO DEPORTIVO MASCULINO NIKE BOOK 1 HAVEN"},"content":{"rendered":"<p><img loading=\"lazy\" decoding=\"async\" class=\"\" src=\"https:\/\/1000marcas.net\/wp-content\/uploads\/2019\/11\/Logo-Nike.jpg\" alt=\"Logo de Nike: la historia y el significado del logotipo, la marca y el  s\u00edmbolo. | png, vector\" width=\"135\" height=\"76\" \/><\/p>\n<h1>BOOK 1 HAVEN<\/h1>\n<p><span>Nike<\/span><span>\u00a0presenta el nuevo Book 1 Haven, parte del Hike Pack inspirado en Haven, el Cane Corso de Devin Booker. Combinando la cultura del baloncesto con historias personales, este lanzamiento representa el v\u00ednculo de Booker con su querida mascota. La combinaci\u00f3n de colores Haven es una incorporaci\u00f3n distintiva a la colecci\u00f3n Nike, que combina a la perfecci\u00f3n rendimiento e historia en una zapatilla de baloncesto \u00fanica.<\/span><\/p>\n<p><span>En una paleta de colores negro, c\u00e1\u00f1amo y bronce rojo metalizado, las Nike Book 1 presentan una base de lona negra complementada con llamativos logotipos Swoosh en bronce rojo metalizado. El meticuloso dise\u00f1o se extiende al logotipo de Booker en la leng\u00fceta y al &#8220;96&#8221; en la leng\u00fceta, ambos con un toque de c\u00e1\u00f1amo que les da un toque especial. Completan el look una entresuela negra con &#8220;Cushlon 2.0&#8221; para mayor comodidad, sobre una suela exterior transl\u00facida y g\u00e9lida que ofrece un toque final de estilo y rendimiento. <\/span>Inspiradas en el pelaje del Cane Corso, estas zapatillas bajas lucen una parte superior de ante con un acabado negro liso. El dise\u00f1o monocrom\u00e1tico se ve interrumpido por un Swoosh en bronce met\u00e1lico que combina con los ojos de Haven. Otros elementos de la marca incluyen las etiquetas de la leng\u00fceta con la palabra &#8220;Book&#8221; y el estampado &#8220;Chapter One&#8221; en la leng\u00fceta del tal\u00f3n, con un dise\u00f1o en capas inspirado en el lomo de un libro. Una estructura de TPU refuerza el lateral de la entresuela de espuma Cushlon, pintada de negro y equipada con una unidad Zoom Air de carga superior en el tal\u00f3n. La suela exterior de goma transl\u00facida con dise\u00f1o de espiga proporciona una tracci\u00f3n firme.<\/p>\n<p>Modelo: FJ4249 001.<br \/>\nColor: Negro\/C\u00e1\u00f1amo\/Bronce rojo metalizado.<\/p>\n","protected":false},"excerpt":{"rendered":"<p>BOOK 1 HAVEN Nike\u00a0presenta el nuevo Book 1 Haven, parte del Hike Pack inspirado en Haven, el Cane Corso de<\/p>\n","protected":false},"featured_media":77599,"comment_status":"open","ping_status":"closed","template":"","meta":{"nf_dc_page":""},"product_brand":[1333],"product_cat":[76],"product_tag":[2957],"class_list":{"0":"post-77598","1":"product","2":"type-product","3":"status-publish","4":"has-post-thumbnail","6":"product_brand-nike","7":"product_cat-masculino","8":"product_tag-fj4249-001","10":"first","11":"outofstock","12":"shipping-taxable","13":"purchasable","14":"product-type-simple"},"_links":{"self":[{"href":"https:\/\/brandss.com.py\/index\/wp-json\/wp\/v2\/product\/77598","targetHints":{"allow":["GET"]}}],"collection":[{"href":"https:\/\/brandss.com.py\/index\/wp-json\/wp\/v2\/product"}],"about":[{"href":"https:\/\/brandss.com.py\/index\/wp-json\/wp\/v2\/types\/product"}],"replies":[{"embeddable":true,"href":"https:\/\/brandss.com.py\/index\/wp-json\/wp\/v2\/comments?post=77598"}],"version-history":[{"count":1,"href":"https:\/\/brandss.com.py\/index\/wp-json\/wp\/v2\/product\/77598\/revisions"}],"predecessor-version":[{"id":77610,"href":"https:\/\/brandss.com.py\/index\/wp-json\/wp\/v2\/product\/77598\/revisions\/77610"}],"wp:featuredmedia":[{"embeddable":true,"href":"https:\/\/brandss.com.py\/index\/wp-json\/wp\/v2\/media\/77599"}],"wp:attachment":[{"href":"https:\/\/brandss.com.py\/index\/wp-json\/wp\/v2\/media?parent=77598"}],"wp:term":[{"taxonomy":"product_brand","embeddable":true,"href":"https:\/\/brandss.com.py\/index\/wp-json\/wp\/v2\/product_brand?post=77598"},{"taxonomy":"product_cat","embeddable":true,"href":"https:\/\/brandss.com.py\/index\/wp-json\/wp\/v2\/product_cat?post=77598"},{"taxonomy":"product_tag","embeddable":true,"href":"https:\/\/brandss.com.py\/index\/wp-json\/wp\/v2\/product_tag?post=77598"}],"curies":[{"name":"wp","href":"https:\/\/api.w.org\/{rel}","templated":true}]}}