{"id":77613,"date":"2025-03-24T18:17:54","date_gmt":"2025-03-24T18:17:54","guid":{"rendered":"https:\/\/brandss.com.py\/index\/?post_type=product&#038;p=77613"},"modified":"2025-03-24T18:18:31","modified_gmt":"2025-03-24T18:18:31","slug":"calzado-deportivo-masculino-nike-book-1-rattlesnake","status":"publish","type":"product","link":"https:\/\/brandss.com.py\/index\/producto\/calzado-deportivo-masculino-nike-book-1-rattlesnake\/","title":{"rendered":"CALZADO DEPORTIVO MASCULINO NIKE BOOK 1 RATTLESNAKE"},"content":{"rendered":"<p><img loading=\"lazy\" decoding=\"async\" class=\"\" src=\"https:\/\/1000marcas.net\/wp-content\/uploads\/2019\/11\/Logo-Nike.jpg\" alt=\"Logo de Nike: la historia y el significado del logotipo, la marca y el  s\u00edmbolo. | png, vector\" width=\"125\" height=\"70\" \/><\/p>\n<h1>BOOK 1 RATTLESNAKE<\/h1>\n<p>Devin Booker es un experto en baloncesto. Desestabiliza a sus adversarios con unos cuantos movimientos de tobillo, y despu\u00e9s regatea con fuerza antes de sus tiros en salto. La Book, su zapatilla emblem\u00e1tica, le permite darlo todo en la cancha. Presenta detalles de cuero, un empeine supersuave y una amortiguaci\u00f3n de alto rendimiento. Este modelo te ayuda a gestionar el espacio y a mejorar tu juego de pies para dar rienda suelta al atleta que llevas dentro. Liso El exterior es igual que Book, con una parte superior resistente inspirada en la ropa de trabajo. El cuello de ante y el cuero genuino en el antepi\u00e9 proporcionan resistencia y tambi\u00e9n esa sensaci\u00f3n de comodidad inmediata nada m\u00e1s sacarlas de la caja. La hebilla en el tal\u00f3n est\u00e1 inspirada en el borde de un libro, con p\u00e1ginas numeradas que hacen referencia a los cap\u00edtulos de una historia. Paradas limpias y mejores arranques\u00a0Una unidad Zoom Air en el tal\u00f3n a\u00f1ade capacidad de respuesta a toda velocidad para arranques explosivos y paradas repentinas.<\/p>\n<p>Podr\u00e1s hacer fintas y volar hacia la canasta igual que Book. Estabilidad para todos tus movimientos Una placa de pl\u00e1stico situada sobre la espuma del antepi\u00e9 estabiliza el pie para movimientos bruscos: paradas, cambios de direcci\u00f3n, tiros directos&#8230; Igual que Book, que aprovecha todas las oportunidades.<\/p>\n<p>Una jaula lateral de pl\u00e1stico reforzado mejora a\u00fan m\u00e1s la estabilidad. Cambios r\u00e1pidos de direcci\u00f3n Disfruta de un agarre excelente con el dibujo de espiga multidireccional: perfecto para los movimientos laterales y los cambios r\u00e1pidos de direcci\u00f3n.\u00a0Espuma de alto rendimiento la suave y c\u00f3moda espuma integral amortigua cada zanclda para ayudarte a darlo todo hasta el final del partido.<\/p>\n<p><strong>Detr\u00e1s del dise\u00f1o<\/strong><\/p>\n<p>Incluso cuando se encuentra con una serpiente con una mordedura tan venenosa como su jersey de dominadas, Book se mantiene fresco bajo presi\u00f3n. Este dise\u00f1o especial de Swoosh escamoso se inspira en la serpiente de cascabel que Book encontr\u00f3 mientras paseaba por una ruta de senderismo con su perro. Observa los estampados que parecen de piel de serpiente en todo el dise\u00f1o, una oda a la sorpresa resbaladiza que pas\u00f3 r\u00e1pidamente de camino a la cima.<\/p>\n<p><strong>Book Smooth<\/strong><\/p>\n<p>El exterior es puro Book con una parte superior de lona y sarga inspirada en la ropa de trabajo que a\u00f1ade durabilidad, mientras que un collar de gamuza y cuero genuino en el antepi\u00e9 proporcionan m\u00e1s refuerzo y una sensaci\u00f3n familiar, afelpada y desgastada desde el primer momento. La leng\u00fceta del tal\u00f3n est\u00e1 inspirada en el lomo de un libro, con n\u00fameros que hacen referencia a los cap\u00edtulos de una historia en curso.<\/p>\n<p><strong>Planta y pivote<\/strong><\/p>\n<p>Un fuerte cambrill\u00f3n de pl\u00e1stico en la parte superior del mediopi\u00e9 ayuda a mantener el pie estable al realizar movimientos repentinos como plantas afiladas, pivotes y golpes al estilo Book en el poste y cortes oportunistas. Una fuerte jaula de pl\u00e1stico en la pared lateral a\u00f1ade a\u00fan m\u00e1s estabilidad.<\/p>\n<p><strong>Parar y avanzar<\/strong><\/p>\n<p>Una unidad Zoom Air de carga superior en el tal\u00f3n proporciona una medida de velocidad de respuesta al despegar en el campo abierto y detenerse repentinamente, como una parada de salto Book con dos pies y una finta de bombeo alrededor del aro.<\/p>\n<p><strong>Cortar con fuerza<\/strong><\/p>\n<p>El patr\u00f3n multidireccional tipo espiga te da una tracci\u00f3n adherente que es ideal para cortes laterales y cambios r\u00e1pidos de movimiento.<\/p>\n<p><strong>Espuma Full-Go<\/strong><\/p>\n<p>La espuma suave de longitud completa puede ayudarte a seguir corriendo y cortando con comodidad.<\/p>\n<p>Color: Blanco\/Madera clara marr\u00f3n-amanecer quemado-negro.<\/p>\n<p>Modelo: <span>FJ4249 101<\/span><\/p>\n<p>&nbsp;<\/p>\n","protected":false},"excerpt":{"rendered":"<p>BOOK 1 RATTLESNAKE Devin Booker es un experto en baloncesto. Desestabiliza a sus adversarios con unos cuantos movimientos de tobillo,<\/p>\n","protected":false},"featured_media":77614,"comment_status":"open","ping_status":"closed","template":"","meta":{"nf_dc_page":""},"product_brand":[],"product_cat":[76],"product_tag":[],"class_list":{"0":"post-77613","1":"product","2":"type-product","3":"status-publish","4":"has-post-thumbnail","6":"product_cat-masculino","8":"first","9":"instock","10":"shipping-taxable","11":"purchasable","12":"product-type-simple"},"_links":{"self":[{"href":"https:\/\/brandss.com.py\/index\/wp-json\/wp\/v2\/product\/77613","targetHints":{"allow":["GET"]}}],"collection":[{"href":"https:\/\/brandss.com.py\/index\/wp-json\/wp\/v2\/product"}],"about":[{"href":"https:\/\/brandss.com.py\/index\/wp-json\/wp\/v2\/types\/product"}],"replies":[{"embeddable":true,"href":"https:\/\/brandss.com.py\/index\/wp-json\/wp\/v2\/comments?post=77613"}],"version-history":[{"count":1,"href":"https:\/\/brandss.com.py\/index\/wp-json\/wp\/v2\/product\/77613\/revisions"}],"predecessor-version":[{"id":77626,"href":"https:\/\/brandss.com.py\/index\/wp-json\/wp\/v2\/product\/77613\/revisions\/77626"}],"wp:featuredmedia":[{"embeddable":true,"href":"https:\/\/brandss.com.py\/index\/wp-json\/wp\/v2\/media\/77614"}],"wp:attachment":[{"href":"https:\/\/brandss.com.py\/index\/wp-json\/wp\/v2\/media?parent=77613"}],"wp:term":[{"taxonomy":"product_brand","embeddable":true,"href":"https:\/\/brandss.com.py\/index\/wp-json\/wp\/v2\/product_brand?post=77613"},{"taxonomy":"product_cat","embeddable":true,"href":"https:\/\/brandss.com.py\/index\/wp-json\/wp\/v2\/product_cat?post=77613"},{"taxonomy":"product_tag","embeddable":true,"href":"https:\/\/brandss.com.py\/index\/wp-json\/wp\/v2\/product_tag?post=77613"}],"curies":[{"name":"wp","href":"https:\/\/api.w.org\/{rel}","templated":true}]}}