{"id":77739,"date":"2025-03-25T14:14:56","date_gmt":"2025-03-25T14:14:56","guid":{"rendered":"https:\/\/brandss.com.py\/index\/?post_type=product&#038;p=77739"},"modified":"2025-07-07T18:00:53","modified_gmt":"2025-07-07T18:00:53","slug":"calzado-casual-masculino-nike-air-jordan-3-x-j-balvin-rio","status":"publish","type":"product","link":"https:\/\/brandss.com.py\/index\/producto\/calzado-casual-masculino-nike-air-jordan-3-x-j-balvin-rio\/","title":{"rendered":"CALZADO CASUAL MASCULINO NIKE AIR JORDAN 3 X J BALVIN R\u00cdO"},"content":{"rendered":"<p><img loading=\"lazy\" decoding=\"async\" class=\"\" src=\"https:\/\/1000marcas.net\/wp-content\/uploads\/2019\/11\/Logo-Nike.jpg\" alt=\"Logo de Nike: la historia y el significado del logotipo, la marca y el  s\u00edmbolo. | png, vector\" width=\"142\" height=\"80\" \/><\/p>\n<h1>AIR JORDAN 3 X J BALVIN R\u00cdO<\/h1>\n<p>Ahora con cuatro codiciadas zapatillas Jordan x J Balvin, el colombiano &#8220;Pr\u00edncipe del Reggaet\u00f3n&#8221; le da su toque caracter\u00edstico a las AJ3. Esta impactante edici\u00f3n canaliza la energ\u00eda contagiosa de Balvin, manteniendo el estilo cl\u00e1sico de Jordan. La paleta de colores se inspira en la tranquilidad de un atardecer visto desde su santuario de Medell\u00edn, equilibrando una parte superior de cuero negro con vibrantes destellos de Solar Flare y Total Crimson. Equipadas con amortiguaci\u00f3n Air visible y las ic\u00f3nicas superposiciones con estampado de elefante, decir que las AJ3 son simplemente legendarias ser\u00eda quedarse corto. Con el paso de las d\u00e9cadas, han trascendido el baloncesto y se han convertido en un \u00edcono cultural. Para celebrar la colaboraci\u00f3n, este dise\u00f1o inspirado en el anochecer incluye un llavero y un empaque especial que dice: &#8220;Un atardecer siempre me recuerda que llega un nuevo d\u00eda lleno de oportunidades&#8221;. Palabras sabias. As\u00ed que no dejes pasar la oportunidad.<\/p>\n<h2 class=\"nds-text pb3-sm css-11pxkba e1yhcai00 appearance-title3 color-primary weight-regular\"><span>Herencia<\/span><\/h2>\n<p><span>Desde su tiro decisivo que dio la gloria al campeonato de Carolina del Norte, Michael Jordan ha estado en la vanguardia del baloncesto. Salt\u00f3 a la cancha en 1985 con las Air Jordan I originales, revolucionando la liga y a sus rivales, a la vez que cautivaba la imaginaci\u00f3n de los aficionados de todo el mundo.<\/span><\/p>\n<p>Color: Black\/Solar Flare-Total Crimson-Abyss.<\/p>\n<p>Modelo: FN0344-001<\/p>\n","protected":false},"excerpt":{"rendered":"<p>AIR JORDAN 3 X J BALVIN R\u00cdO Ahora con cuatro codiciadas zapatillas Jordan x J Balvin, el colombiano &#8220;Pr\u00edncipe del<\/p>\n","protected":false},"featured_media":77749,"comment_status":"open","ping_status":"closed","template":"","meta":{"nf_dc_page":""},"product_brand":[],"product_cat":[76],"product_tag":[],"class_list":{"0":"post-77739","1":"product","2":"type-product","3":"status-publish","4":"has-post-thumbnail","6":"product_cat-masculino","8":"first","9":"outofstock","10":"shipping-taxable","11":"purchasable","12":"product-type-simple"},"_links":{"self":[{"href":"https:\/\/brandss.com.py\/index\/wp-json\/wp\/v2\/product\/77739","targetHints":{"allow":["GET"]}}],"collection":[{"href":"https:\/\/brandss.com.py\/index\/wp-json\/wp\/v2\/product"}],"about":[{"href":"https:\/\/brandss.com.py\/index\/wp-json\/wp\/v2\/types\/product"}],"replies":[{"embeddable":true,"href":"https:\/\/brandss.com.py\/index\/wp-json\/wp\/v2\/comments?post=77739"}],"version-history":[{"count":1,"href":"https:\/\/brandss.com.py\/index\/wp-json\/wp\/v2\/product\/77739\/revisions"}],"predecessor-version":[{"id":77761,"href":"https:\/\/brandss.com.py\/index\/wp-json\/wp\/v2\/product\/77739\/revisions\/77761"}],"wp:featuredmedia":[{"embeddable":true,"href":"https:\/\/brandss.com.py\/index\/wp-json\/wp\/v2\/media\/77749"}],"wp:attachment":[{"href":"https:\/\/brandss.com.py\/index\/wp-json\/wp\/v2\/media?parent=77739"}],"wp:term":[{"taxonomy":"product_brand","embeddable":true,"href":"https:\/\/brandss.com.py\/index\/wp-json\/wp\/v2\/product_brand?post=77739"},{"taxonomy":"product_cat","embeddable":true,"href":"https:\/\/brandss.com.py\/index\/wp-json\/wp\/v2\/product_cat?post=77739"},{"taxonomy":"product_tag","embeddable":true,"href":"https:\/\/brandss.com.py\/index\/wp-json\/wp\/v2\/product_tag?post=77739"}],"curies":[{"name":"wp","href":"https:\/\/api.w.org\/{rel}","templated":true}]}}