{"id":77803,"date":"2025-03-25T14:55:30","date_gmt":"2025-03-25T14:55:30","guid":{"rendered":"https:\/\/brandss.com.py\/index\/?post_type=product&#038;p=77803"},"modified":"2025-03-25T14:55:56","modified_gmt":"2025-03-25T14:55:56","slug":"calzado-deportivo-masculino-nike-infinity-rn-4-3","status":"publish","type":"product","link":"https:\/\/brandss.com.py\/index\/producto\/calzado-deportivo-masculino-nike-infinity-rn-4-3\/","title":{"rendered":"CALZADO DEPORTIVO MASCULINO NIKE INFINITY RN 4"},"content":{"rendered":"<p><img loading=\"lazy\" decoding=\"async\" class=\"\" src=\"https:\/\/1000marcas.net\/wp-content\/uploads\/2019\/11\/Logo-Nike.jpg\" alt=\"Logo de Nike: la historia y el significado del logotipo, la ...\" width=\"473\" height=\"266\" \/><\/p>\n<div class=\"flex flex-1 grow basis-auto flex-col overflow-hidden\">\n<div class=\"relative h-full\">\n<div class=\"flex h-full flex-col overflow-y-auto [scrollbar-gutter:stable]\">\n<div class=\"mt-1.5 flex flex-col text-sm @thread-xl\/thread:pt-header-height md:pb-9\">\n<article class=\"group\/turn w-full text-token-text-primary focus-visible:outline-none\" dir=\"auto\" data-testid=\"conversation-turn-20\" data-scroll-anchor=\"true\">\n<div class=\"text-base my-auto mx-auto py-5 px-6\">\n<div class=\"mx-auto flex flex-1 text-base gap-4 md:gap-5 lg:gap-6 md:max-w-3xl lg:max-w-[40rem] xl:max-w-[48rem]\">\n<div class=\"group\/conversation-turn relative flex w-full min-w-0 flex-col agent-turn @xs\/thread:px-0 @sm\/thread:px-1.5 @md\/thread:px-4\">\n<div class=\"relative flex-col gap-1 md:gap-3\">\n<div class=\"flex max-w-full flex-col flex-grow\">\n<div class=\"min-h-8 text-message relative flex w-full flex-col items-end gap-2 whitespace-normal break-words text-start [.text-message+&amp;]:mt-5\" dir=\"auto\" data-message-author-role=\"assistant\" data-message-id=\"117a0c16-0c73-442e-8e74-1adf39a317b7\" data-message-model-slug=\"gpt-4o\">\n<div class=\"flex w-full flex-col gap-1 empty:hidden first:pt-[3px]\">\n<div class=\"markdown prose w-full break-words dark:prose-invert light\">\n<h1 data-start=\"0\" data-end=\"43\"><strong data-start=\"4\" data-end=\"41\">Tenis Masculino Nike InfinityRN 4<\/strong><\/h1>\n<p class=\"\" data-start=\"45\" data-end=\"430\">El <strong data-start=\"48\" data-end=\"69\">Nike InfinityRN 4<\/strong> es la evoluci\u00f3n de un modelo ic\u00f3nico, dise\u00f1ado para brindar <strong data-start=\"130\" data-end=\"177\">m\u00e1xima amortiguaci\u00f3n, estabilidad y soporte<\/strong> en cada zancada. Gracias a su nueva espuma <strong data-start=\"221\" data-end=\"241\">Nike ReactX Foam<\/strong>, este calzado ofrece <strong data-start=\"263\" data-end=\"300\">un 13 % m\u00e1s de retorno de energ\u00eda<\/strong> en comparaci\u00f3n con la espuma React tradicional, permiti\u00e9ndote mantener una sensaci\u00f3n de frescura y elasticidad en cada carrera.<\/p>\n<p class=\"\" data-start=\"432\" data-end=\"667\">Adem\u00e1s de mejorar el rendimiento, <strong data-start=\"466\" data-end=\"520\">Nike ReactX reduce la huella de carbono en un 43 %<\/strong> en comparaci\u00f3n con la espuma anterior, lo que convierte al <strong data-start=\"580\" data-end=\"596\">InfinityRN 4<\/strong> en una opci\u00f3n m\u00e1s sustentable sin sacrificar comodidad ni respuesta.<\/p>\n<hr class=\"\" data-start=\"669\" data-end=\"672\" \/>\n<h3 class=\"\" data-start=\"674\" data-end=\"735\"><strong data-start=\"678\" data-end=\"733\">Amortiguaci\u00f3n ReactX: M\u00e1s Energ\u00eda con Menos Impacto<\/strong><\/h3>\n<p class=\"\" data-start=\"736\" data-end=\"1062\">El coraz\u00f3n del <strong data-start=\"751\" data-end=\"772\">Nike InfinityRN 4<\/strong> es su nueva entresuela de <strong data-start=\"799\" data-end=\"821\">espuma Nike ReactX<\/strong>, dise\u00f1ada para maximizar la suavidad y la reactividad en cada paso. Esta tecnolog\u00eda no solo mejora el retorno de energ\u00eda, sino que tambi\u00e9n proporciona una pisada m\u00e1s eficiente y c\u00f3moda, ideal para entrenamientos largos o carreras diarias.<\/p>\n<p class=\"\" data-start=\"1064\" data-end=\"1244\">El dise\u00f1o optimizado favorece una <strong data-start=\"1098\" data-end=\"1140\">transici\u00f3n fluida del tal\u00f3n a la punta<\/strong>, ayudando a reducir la fatiga muscular y permiti\u00e9ndote correr con mayor comodidad durante m\u00e1s tiempo.<\/p>\n<hr class=\"\" data-start=\"1246\" data-end=\"1249\" \/>\n<h3 class=\"\" data-start=\"1251\" data-end=\"1313\"><strong data-start=\"1255\" data-end=\"1311\">Ajuste Flyknit Mejorado: Sujeci\u00f3n y Transpirabilidad<\/strong><\/h3>\n<p class=\"\" data-start=\"1314\" data-end=\"1601\">La parte superior del <strong data-start=\"1336\" data-end=\"1357\">Nike InfinityRN 4<\/strong> est\u00e1 confeccionada con el <strong data-start=\"1384\" data-end=\"1424\">Flyknit m\u00e1s avanzado de Nike Running<\/strong>, que proporciona un ajuste seguro y adaptable. Este material ligero y transpirable mantiene el pie fresco y c\u00f3modo, incluso en entrenamientos intensos o condiciones de calor.<\/p>\n<p class=\"\" data-start=\"1603\" data-end=\"1699\">La leng\u00fceta Flyknit es <strong data-start=\"1626\" data-end=\"1651\">ajustable y acolchada<\/strong>, brindando una sensaci\u00f3n de lujo en cada uso.<\/p>\n<hr class=\"\" data-start=\"1701\" data-end=\"1704\" \/>\n<h3 class=\"\" data-start=\"1706\" data-end=\"1748\"><strong data-start=\"1710\" data-end=\"1746\">Tracci\u00f3n y Durabilidad Mejoradas<\/strong><\/h3>\n<p class=\"\" data-start=\"1749\" data-end=\"2022\">La suela exterior incorpora una estructura tipo <strong data-start=\"1797\" data-end=\"1806\">gofre<\/strong>, dise\u00f1ada para ofrecer <strong data-start=\"1830\" data-end=\"1864\">tracci\u00f3n y durabilidad \u00f3ptimas<\/strong> en diversas superficies. Adem\u00e1s, el caucho aumentado en la suela proporciona un mejor agarre y resistencia al desgaste, asegurando un rendimiento duradero.<\/p>\n<p class=\"\" data-start=\"2024\" data-end=\"2166\">El cuello acolchado y el dise\u00f1o ergon\u00f3mico del calzado brindan un ajuste c\u00f3modo y de soporte, permiti\u00e9ndote sentirte seguro en cada zancada.<\/p>\n<hr class=\"\" data-start=\"2168\" data-end=\"2171\" \/>\n<h3 class=\"\" data-start=\"2173\" data-end=\"2220\"><strong data-start=\"2177\" data-end=\"2218\">M\u00e1s Beneficios del Nike InfinityRN 4:<\/strong><\/h3>\n<p class=\"\" data-start=\"2221\" data-end=\"2658\">\u2714 <strong data-start=\"2223\" data-end=\"2245\">Espuma Nike ReactX<\/strong> para un retorno de energ\u00eda superior y una menor huella de carbono.<br data-start=\"2312\" data-end=\"2315\" \/>\u2714 <strong data-start=\"2317\" data-end=\"2343\">Parte superior Flyknit<\/strong> transpirable y flexible para un ajuste c\u00f3modo.<br data-start=\"2390\" data-end=\"2393\" \/>\u2714 <strong data-start=\"2395\" data-end=\"2415\">Suela tipo gofre<\/strong> que garantiza una tracci\u00f3n duradera.<br data-start=\"2452\" data-end=\"2455\" \/>\u2714 <strong data-start=\"2457\" data-end=\"2499\">Leng\u00fceta Flyknit ajustable y acolchada<\/strong> para mayor comodidad.<br data-start=\"2521\" data-end=\"2524\" \/>\u2714 <strong data-start=\"2526\" data-end=\"2552\">Cuello de espuma suave<\/strong> que brinda soporte adicional.<br data-start=\"2582\" data-end=\"2585\" \/>\u2714 <strong data-start=\"2587\" data-end=\"2627\">Mayor cantidad de caucho en la suela<\/strong> para mejorar la durabilidad.<\/p>\n<p class=\"\" data-start=\"2660\" data-end=\"2872\">Si buscas un tenis de running que te ayude a correr m\u00e1s lejos y m\u00e1s r\u00e1pido, con la mejor combinaci\u00f3n de amortiguaci\u00f3n, estabilidad y ajuste, el <strong data-start=\"2804\" data-end=\"2825\">Nike InfinityRN 4<\/strong> es la opci\u00f3n ideal para elevar tu rendimiento.<\/p>\n<p data-start=\"2660\" data-end=\"2872\">\n<\/div>\n<\/div>\n<\/div>\n<\/div>\n<\/div>\n<\/div>\n<\/div>\n<\/div>\n<\/article>\n<\/div>\n<\/div>\n<\/div>\n<\/div>\n","protected":false},"excerpt":{"rendered":"<p>Tenis Masculino Nike InfinityRN 4 El Nike InfinityRN 4 es la evoluci\u00f3n de un modelo ic\u00f3nico, dise\u00f1ado para brindar m\u00e1xima<\/p>\n","protected":false},"featured_media":77804,"comment_status":"open","ping_status":"closed","template":"","meta":{"nf_dc_page":""},"product_brand":[],"product_cat":[76],"product_tag":[],"class_list":{"0":"post-77803","1":"product","2":"type-product","3":"status-publish","4":"has-post-thumbnail","6":"product_cat-masculino","8":"first","9":"instock","10":"shipping-taxable","11":"purchasable","12":"product-type-simple"},"_links":{"self":[{"href":"https:\/\/brandss.com.py\/index\/wp-json\/wp\/v2\/product\/77803","targetHints":{"allow":["GET"]}}],"collection":[{"href":"https:\/\/brandss.com.py\/index\/wp-json\/wp\/v2\/product"}],"about":[{"href":"https:\/\/brandss.com.py\/index\/wp-json\/wp\/v2\/types\/product"}],"replies":[{"embeddable":true,"href":"https:\/\/brandss.com.py\/index\/wp-json\/wp\/v2\/comments?post=77803"}],"version-history":[{"count":1,"href":"https:\/\/brandss.com.py\/index\/wp-json\/wp\/v2\/product\/77803\/revisions"}],"predecessor-version":[{"id":77816,"href":"https:\/\/brandss.com.py\/index\/wp-json\/wp\/v2\/product\/77803\/revisions\/77816"}],"wp:featuredmedia":[{"embeddable":true,"href":"https:\/\/brandss.com.py\/index\/wp-json\/wp\/v2\/media\/77804"}],"wp:attachment":[{"href":"https:\/\/brandss.com.py\/index\/wp-json\/wp\/v2\/media?parent=77803"}],"wp:term":[{"taxonomy":"product_brand","embeddable":true,"href":"https:\/\/brandss.com.py\/index\/wp-json\/wp\/v2\/product_brand?post=77803"},{"taxonomy":"product_cat","embeddable":true,"href":"https:\/\/brandss.com.py\/index\/wp-json\/wp\/v2\/product_cat?post=77803"},{"taxonomy":"product_tag","embeddable":true,"href":"https:\/\/brandss.com.py\/index\/wp-json\/wp\/v2\/product_tag?post=77803"}],"curies":[{"name":"wp","href":"https:\/\/api.w.org\/{rel}","templated":true}]}}