{"id":77848,"date":"2025-03-25T17:03:48","date_gmt":"2025-03-25T17:03:48","guid":{"rendered":"https:\/\/brandss.com.py\/index\/?post_type=product&#038;p=77848"},"modified":"2025-03-25T17:04:11","modified_gmt":"2025-03-25T17:04:11","slug":"calzado-deportivo-masculino-nike-go-flyeas","status":"publish","type":"product","link":"https:\/\/brandss.com.py\/index\/producto\/calzado-deportivo-masculino-nike-go-flyeas\/","title":{"rendered":"CALZADO DEPORTIVO MASCULINO NIKE GO FLYEAS"},"content":{"rendered":"<p><img loading=\"lazy\" decoding=\"async\" class=\"\" src=\"https:\/\/1000marcas.net\/wp-content\/uploads\/2019\/11\/Logo-Nike.jpg\" width=\"555\" height=\"312\" \/><\/p>\n<div class=\"flex flex-1 grow basis-auto flex-col overflow-hidden\">\n<div class=\"relative h-full\">\n<div class=\"flex h-full flex-col overflow-y-auto [scrollbar-gutter:stable]\">\n<div class=\"mt-1.5 flex flex-col text-sm @thread-xl\/thread:pt-header-height md:pb-9\">\n<article class=\"group\/turn w-full text-token-text-primary focus-visible:outline-none\" dir=\"auto\" data-testid=\"conversation-turn-28\" data-scroll-anchor=\"true\">\n<div class=\"text-base my-auto mx-auto py-5 px-6\">\n<div class=\"mx-auto flex flex-1 text-base gap-4 md:gap-5 lg:gap-6 md:max-w-3xl lg:max-w-[40rem] xl:max-w-[48rem]\">\n<div class=\"group\/conversation-turn relative flex w-full min-w-0 flex-col agent-turn @xs\/thread:px-0 @sm\/thread:px-1.5 @md\/thread:px-4\">\n<div class=\"relative flex-col gap-1 md:gap-3\">\n<div class=\"flex max-w-full flex-col flex-grow\">\n<div class=\"min-h-8 text-message relative flex w-full flex-col items-end gap-2 whitespace-normal break-words text-start [.text-message+&amp;]:mt-5\" dir=\"auto\" data-message-author-role=\"assistant\" data-message-id=\"59a12249-c832-4232-bc77-66dc5a5021c3\" data-message-model-slug=\"gpt-4o\">\n<div class=\"flex w-full flex-col gap-1 empty:hidden first:pt-[3px]\">\n<div class=\"markdown prose w-full break-words dark:prose-invert light\">\n<h1 data-start=\"681\" data-end=\"733\"><strong data-start=\"685\" data-end=\"731\"><span> FlyEase: Comodidad sin Esfuerzo<\/span><\/strong><\/h1>\n<p class=\"\" data-start=\"734\" data-end=\"1071\"><span>La caracter\u00edstica m\u00e1s destacada de los <\/span><strong data-start=\"773\" data-end=\"792\"><span>Nike Go FlyEase<\/span><\/strong><span> es su revolucionario <\/span><strong data-start=\"814\" data-end=\"849\"><span>sistema de entrada manos libres<\/span><\/strong><span> , que permite calzarlos con un simple movimiento del pie. Gracias a su <\/span><strong data-start=\"920\" data-end=\"962\"><span>bisagra biomec\u00e1nica y su banda tensora<\/span><\/strong><span> , el tenis se mantiene en posici\u00f3n cuando est\u00e1 en uso y se abre f\u00e1cilmente cuando es momento de quit\u00e1rselo.<\/span><\/p>\n<p class=\"\" data-start=\"1073\" data-end=\"1257\"><span>Este innovador dise\u00f1o no solo facilita la vida diaria, sino que tambi\u00e9n <\/span><strong data-start=\"1145\" data-end=\"1177\"><span>ofrece soporte y estabilidad<\/span><\/strong><span> , garantizando un ajuste seguro sin necesidad de cordones ni ajustes manuales.<\/span><\/p>\n<hr class=\"\" data-start=\"1259\" data-end=\"1262\" \/>\n<h3 class=\"\" data-start=\"1264\" data-end=\"1315\"><strong data-start=\"1268\" data-end=\"1313\"><span>Dise\u00f1o y Construcci\u00f3n de Alto Rendimiento<\/span><\/strong><\/h3>\n<p class=\"\" data-start=\"1316\" data-end=\"1560\"><span>Los <\/span><strong data-start=\"1320\" data-end=\"1339\"><span>Nike Go FlyEase<\/span><\/strong><span> no solo destacan por su facilidad de uso, sino tambi\u00e9n por su construcci\u00f3n de calidad. Su parte superior est\u00e1 hecha de <\/span><strong data-start=\"1459\" data-end=\"1497\"><span>materiales ligeros y transpirables<\/span><\/strong><span> , proporcionando ventilaci\u00f3n y comodidad durante todo el d\u00eda.<\/span><\/p>\n<p class=\"\" data-start=\"1562\" data-end=\"1867\"><span>La <\/span><strong data-start=\"1565\" data-end=\"1589\"><span>entresuela de espuma<\/span><\/strong><span> ofrece una amortiguaci\u00f3n suave y reactiva, absorbiendo el impacto de cada paso y brindando una sensaci\u00f3n de comodidad continua. Su suela de goma con un <\/span><strong data-start=\"1742\" data-end=\"1775\"><span>patr\u00f3n de tracci\u00f3n optimizado<\/span><\/strong><span> garantiza agarre en diferentes superficies, proporcionando seguridad al caminar o correr.<\/span><\/p>\n<p class=\"\" data-start=\"1869\" data-end=\"2007\"><span>Adem\u00e1s, su dise\u00f1o vers\u00e1til se adapta tanto a looks deportivos como casuales, convirti\u00e9ndolos en una opci\u00f3n ideal para cualquier ocasi\u00f3n.<\/span><\/p>\n<hr class=\"\" data-start=\"2009\" data-end=\"2012\" \/>\n<h3 class=\"\" data-start=\"2014\" data-end=\"2062\"><strong data-start=\"2018\" data-end=\"2060\"><span>M\u00e1s beneficios de los Nike Go FlyEase:<\/span><\/strong><\/h3>\n<p class=\"\" data-start=\"2063\" data-end=\"2632\"><span>\u2714 <\/span><strong data-start=\"2065\" data-end=\"2111\"><span>Dise\u00f1o sin cordones con tecnolog\u00eda FlyEase<\/span><\/strong><span> , ideal para ponerse y quitarse sin esfuerzo. <\/span><br data-start=\"2156\" data-end=\"2159\" \/><span>\u2714 <\/span><strong data-start=\"2161\" data-end=\"2205\"><span>Tal\u00f3n pivotante con mecanismo de bisagra<\/span><\/strong><span> , que facilita la entrada del pie. <\/span><br data-start=\"2239\" data-end=\"2242\" \/><span>\u2714 <\/span><strong data-start=\"2244\" data-end=\"2271\"><span>Banda tensora integrada<\/span><\/strong><span> , que mantiene el tenis en posici\u00f3n firme y segura. <\/span><br data-start=\"2322\" data-end=\"2325\" \/><span>\u2714 <\/span><strong data-start=\"2327\" data-end=\"2367\"><span>Parte superior ligera y transpirable<\/span><\/strong><span> , para mayor comodidad y frescura. <\/span><br data-start=\"2401\" data-end=\"2404\" \/><span>\u2714 <\/span><strong data-start=\"2406\" data-end=\"2439\"><span>Entresuela de espuma reactiva<\/span><\/strong><span> , que proporciona amortiguaci\u00f3n suave y soporte. <\/span><br data-start=\"2487\" data-end=\"2490\" \/><span>\u2714 <\/span><strong data-start=\"2492\" data-end=\"2533\"><span>Suela de goma con tracci\u00f3n optimizada<\/span><\/strong><span> , ideal para diferentes superficies. <\/span><br data-start=\"2569\" data-end=\"2572\" \/><span>\u2714 <\/span><strong data-start=\"2574\" data-end=\"2603\"><span>Dise\u00f1o vers\u00e1til y moderno<\/span><\/strong><span> , perfecto para uso diario.<\/span><\/p>\n<p class=\"\" data-start=\"2634\" data-end=\"2899\"><span>Si buscas un calzado <\/span><strong data-start=\"2655\" data-end=\"2687\"><span>pr\u00e1ctico, innovador y c\u00f3modo<\/span><\/strong><span> , los <\/span><strong data-start=\"2693\" data-end=\"2712\"><span>Nike Go FlyEase<\/span><\/strong><span> son la opci\u00f3n perfecta. Con un dise\u00f1o revolucionario que permite olvidarte de los cordones, estos tenis te acompa\u00f1ar\u00e1n en tu d\u00eda a d\u00eda con <\/span><strong data-start=\"2852\" data-end=\"2898\"><span>m\u00e1ximo confort y estilo sin complicaciones<\/span><\/strong><span> .<\/span><\/p>\n<\/div>\n<\/div>\n<\/div>\n<\/div>\n<\/div>\n<\/div>\n<\/div>\n<\/div>\n<\/article>\n<\/div>\n<\/div>\n<\/div>\n<\/div>\n","protected":false},"excerpt":{"rendered":"<p>FlyEase: Comodidad sin Esfuerzo La caracter\u00edstica m\u00e1s destacada de los Nike Go FlyEase es su revolucionario sistema de entrada manos<\/p>\n","protected":false},"featured_media":77850,"comment_status":"open","ping_status":"closed","template":"","meta":{"nf_dc_page":""},"product_brand":[],"product_cat":[76],"product_tag":[],"class_list":{"0":"post-77848","1":"product","2":"type-product","3":"status-publish","4":"has-post-thumbnail","6":"product_cat-masculino","8":"first","9":"instock","10":"shipping-taxable","11":"purchasable","12":"product-type-simple"},"_links":{"self":[{"href":"https:\/\/brandss.com.py\/index\/wp-json\/wp\/v2\/product\/77848","targetHints":{"allow":["GET"]}}],"collection":[{"href":"https:\/\/brandss.com.py\/index\/wp-json\/wp\/v2\/product"}],"about":[{"href":"https:\/\/brandss.com.py\/index\/wp-json\/wp\/v2\/types\/product"}],"replies":[{"embeddable":true,"href":"https:\/\/brandss.com.py\/index\/wp-json\/wp\/v2\/comments?post=77848"}],"version-history":[{"count":1,"href":"https:\/\/brandss.com.py\/index\/wp-json\/wp\/v2\/product\/77848\/revisions"}],"predecessor-version":[{"id":77865,"href":"https:\/\/brandss.com.py\/index\/wp-json\/wp\/v2\/product\/77848\/revisions\/77865"}],"wp:featuredmedia":[{"embeddable":true,"href":"https:\/\/brandss.com.py\/index\/wp-json\/wp\/v2\/media\/77850"}],"wp:attachment":[{"href":"https:\/\/brandss.com.py\/index\/wp-json\/wp\/v2\/media?parent=77848"}],"wp:term":[{"taxonomy":"product_brand","embeddable":true,"href":"https:\/\/brandss.com.py\/index\/wp-json\/wp\/v2\/product_brand?post=77848"},{"taxonomy":"product_cat","embeddable":true,"href":"https:\/\/brandss.com.py\/index\/wp-json\/wp\/v2\/product_cat?post=77848"},{"taxonomy":"product_tag","embeddable":true,"href":"https:\/\/brandss.com.py\/index\/wp-json\/wp\/v2\/product_tag?post=77848"}],"curies":[{"name":"wp","href":"https:\/\/api.w.org\/{rel}","templated":true}]}}