{"id":77870,"date":"2025-03-25T18:25:38","date_gmt":"2025-03-25T18:25:38","guid":{"rendered":"https:\/\/brandss.com.py\/index\/?post_type=product&#038;p=77870"},"modified":"2026-01-26T11:43:31","modified_gmt":"2026-01-26T11:43:31","slug":"calzado-deportivo-masculino-nike-air-zoom-pegasus-41","status":"publish","type":"product","link":"https:\/\/brandss.com.py\/index\/producto\/calzado-deportivo-masculino-nike-air-zoom-pegasus-41\/","title":{"rendered":"CALZADO DEPORTIVO MASCULINO NIKE AIR ZOOM PEGASUS 41"},"content":{"rendered":"<p><img loading=\"lazy\" decoding=\"async\" class=\"\" src=\"https:\/\/1000marcas.net\/wp-content\/uploads\/2019\/11\/Logo-Nike.jpg\" alt=\"Logo de Nike: la historia y el significado del logotipo, la marca y el  s\u00edmbolo. | png, vector\" width=\"103\" height=\"58\" \/><\/p>\n<h1>AIR ZOOM PEGASUS 41<\/h1>\n<p><span>Ya sea que est\u00e9s entrenando para un marat\u00f3n o simplemente disfrutando de una carrera tranquila, Nike Air Zoom Pegasus 41 es la zapatilla para correr todoterreno ideal para el corredor neutral. Realizar carreras cortas o largas; El Air Zoom Pegasus lo hace todo. Esto lo hace adecuado tanto para principiantes como para corredores experimentados. Este modelo tiene una horma ancha (Extra Wide). Esta horma es adecuada para personas con pies m\u00e1s anchos que sienten los pies demasiado apretados con una horma normal. \u00a1Saca el m\u00e1ximo provecho a cada paso con esta zapatilla para correr todoterreno!<\/span><\/p>\n<h3><span>Entresuela<\/span><\/h3>\n<p><span>La entresuela de este calzado cuenta con una unidad Zoom Air que absorbe el impacto y luego rebota r\u00e1pidamente, reduciendo la tensi\u00f3n en los m\u00fasculos, las articulaciones y los tendones. Las unidades Zoom Air te permiten correr m\u00e1s r\u00e1pido y saltar m\u00e1s alto porque transfieren energ\u00eda de manera m\u00e1s eficiente. La entresuela de este zapato est\u00e1 hecha de espuma ReactX. ReactX es una espuma liviana y firme para una experiencia suave y receptiva con mucho menos impacto. Con un 13% m\u00e1s de retorno energ\u00e9tico y un 43% menos de emisiones de carbono que la espuma React convencional.<\/span><\/p>\n<h3><span>Material superior<\/span><\/h3>\n<p><span>El zapato abraza tu pie con una correa integrada en el mediopi\u00e9, proporcionando una sensaci\u00f3n m\u00e1s firme pero m\u00e1s suave.<\/span><\/p>\n<p>&nbsp;<\/p>\n<h3><span>Suela exterior<\/span><\/h3>\n<p>&nbsp;<\/p>\n<p><span>La suela de goma presenta un patr\u00f3n de gofre que proporciona agarre tanto en superficies secas como mojadas. Las ranuras flexibles proporcionan flexibilidad adicional y garantizan un movimiento suave del antepi\u00e9. \u00a1Nike Air Zoom Pegasus 41 es una zapatilla todoterreno que mejorar\u00e1 tu experiencia de carrera!<\/span><\/p>\n<p><strong>Color:<\/strong> Astronomy Blue\/Black\/Baltic Blue\/Hot Punch<\/p>\n<p><strong>Modelo:<\/strong> FN4932-401<\/p>\n","protected":false},"excerpt":{"rendered":"<p>AIR ZOOM PEGASUS 41 Ya sea que est\u00e9s entrenando para un marat\u00f3n o simplemente disfrutando de una carrera tranquila, Nike<\/p>\n","protected":false},"featured_media":77871,"comment_status":"open","ping_status":"closed","template":"","meta":{"nf_dc_page":""},"product_brand":[],"product_cat":[76],"product_tag":[],"class_list":{"0":"post-77870","1":"product","2":"type-product","3":"status-publish","4":"has-post-thumbnail","6":"product_cat-masculino","8":"first","9":"outofstock","10":"shipping-taxable","11":"purchasable","12":"product-type-simple"},"_links":{"self":[{"href":"https:\/\/brandss.com.py\/index\/wp-json\/wp\/v2\/product\/77870","targetHints":{"allow":["GET"]}}],"collection":[{"href":"https:\/\/brandss.com.py\/index\/wp-json\/wp\/v2\/product"}],"about":[{"href":"https:\/\/brandss.com.py\/index\/wp-json\/wp\/v2\/types\/product"}],"replies":[{"embeddable":true,"href":"https:\/\/brandss.com.py\/index\/wp-json\/wp\/v2\/comments?post=77870"}],"version-history":[{"count":1,"href":"https:\/\/brandss.com.py\/index\/wp-json\/wp\/v2\/product\/77870\/revisions"}],"predecessor-version":[{"id":77879,"href":"https:\/\/brandss.com.py\/index\/wp-json\/wp\/v2\/product\/77870\/revisions\/77879"}],"wp:featuredmedia":[{"embeddable":true,"href":"https:\/\/brandss.com.py\/index\/wp-json\/wp\/v2\/media\/77871"}],"wp:attachment":[{"href":"https:\/\/brandss.com.py\/index\/wp-json\/wp\/v2\/media?parent=77870"}],"wp:term":[{"taxonomy":"product_brand","embeddable":true,"href":"https:\/\/brandss.com.py\/index\/wp-json\/wp\/v2\/product_brand?post=77870"},{"taxonomy":"product_cat","embeddable":true,"href":"https:\/\/brandss.com.py\/index\/wp-json\/wp\/v2\/product_cat?post=77870"},{"taxonomy":"product_tag","embeddable":true,"href":"https:\/\/brandss.com.py\/index\/wp-json\/wp\/v2\/product_tag?post=77870"}],"curies":[{"name":"wp","href":"https:\/\/api.w.org\/{rel}","templated":true}]}}