{"id":77891,"date":"2025-03-26T12:00:15","date_gmt":"2025-03-26T12:00:15","guid":{"rendered":"https:\/\/brandss.com.py\/index\/?post_type=product&#038;p=77891"},"modified":"2025-11-04T17:53:40","modified_gmt":"2025-11-04T17:53:40","slug":"calzado-casual-masculino-nike-air-jordan-1-low-se","status":"publish","type":"product","link":"https:\/\/brandss.com.py\/index\/producto\/calzado-casual-masculino-nike-air-jordan-1-low-se\/","title":{"rendered":"CALZADO CASUAL MASCULINO NIKE AIR JORDAN 1 LOW SE"},"content":{"rendered":"<p><img loading=\"lazy\" decoding=\"async\" class=\"\" src=\"https:\/\/1000marcas.net\/wp-content\/uploads\/2019\/11\/Logo-Nike.jpg\" alt=\"Logo de Nike: la historia y el significado del logotipo, la marca y el  s\u00edmbolo. | png, vector\" width=\"153\" height=\"86\" \/><\/p>\n<h1>AIR JORDAN 1 LOW SE<\/h1>\n<p>Los colores nuevos y las texturas modernas te brindan unos AJ1 actualizados, sin perder su estilo ic\u00f3nico y la sensaci\u00f3n que conoces. Confeccionados con materiales premium, estos favoritos de todos los tiempos vienen con una c\u00f3moda amortiguaci\u00f3n Nike Air y sutiles detalles de dise\u00f1o (echa un vistazo al tal\u00f3n bordado) para ofrecerte unos b\u00e1sicos con un look moderno.<\/p>\n<p>&nbsp;<\/p>\n<p><b>Beneficios<\/b><\/p>\n<ul>\n<li>La parte superior con cuero aut\u00e9ntico y sint\u00e9tico brinda durabilidad y estructura.<\/li>\n<li>La unidad Nike Air encapsulada ofrece amortiguaci\u00f3n ligera.<\/li>\n<li>La suela de goma proporciona una tracci\u00f3n duradera que es ideal para el uso diario.<\/li>\n<\/ul>\n<p>&nbsp;<\/p>\n<p><b>Datos del producto<\/b><\/p>\n<ul>\n<li>Perforaciones en la punta.<\/li>\n<li>Logotipo Wings en el tal\u00f3n.<\/li>\n<li>Jumpman bordado en la leng\u00fceta.<\/li>\n<li><span class=\"nikear-store-components-0-x-specificationName nikear-store-components-0-x-specificationName--product-specification\">Color: <\/span><span class=\"nikear-store-components-0-x-specificationValue nikear-store-components-0-x-specificationValue--product-specification\">Blanco\/Gris azulado\/Vela\/Azul industrial.<\/span><\/li>\n<li><span class=\"vtex-product-identifier-0-x-product-identifier__label\">Modelo<\/span><span class=\"vtex-product-identifier-0-x-product-identifier__separator\">:\u00a0<\/span><span class=\"vtex-product-identifier-0-x-product-identifier__value\">FN5214-141.<\/span><\/li>\n<li>\n<div class=\"vtex-flex-layout-0-x-flexColChild vtex-flex-layout-0-x-flexColChild--pdp-centered-mobile vtex-flex-layout-0-x-flexColChild--product-col pb7\">\n<div class=\"nikear-store-components-0-x-specificationContainer flex\">\n<div class=\"nikear-store-components-0-x-specificationRow flex mb4\"><span class=\"nikear-store-components-0-x-specificationName nikear-store-components-0-x-specificationName--product-specification\">Origen: <\/span><span class=\"nikear-store-components-0-x-specificationValue nikear-store-components-0-x-specificationValue--product-specification\">Indonesia.<\/span><\/div>\n<\/div>\n<\/div>\n<\/li>\n<\/ul>\n","protected":false},"excerpt":{"rendered":"<p>AIR JORDAN 1 LOW SE Los colores nuevos y las texturas modernas te brindan unos AJ1 actualizados, sin perder su<\/p>\n","protected":false},"featured_media":77892,"comment_status":"open","ping_status":"closed","template":"","meta":{"nf_dc_page":""},"product_brand":[],"product_cat":[76],"product_tag":[],"class_list":{"0":"post-77891","1":"product","2":"type-product","3":"status-publish","4":"has-post-thumbnail","6":"product_cat-masculino","8":"first","9":"outofstock","10":"shipping-taxable","11":"purchasable","12":"product-type-simple"},"_links":{"self":[{"href":"https:\/\/brandss.com.py\/index\/wp-json\/wp\/v2\/product\/77891","targetHints":{"allow":["GET"]}}],"collection":[{"href":"https:\/\/brandss.com.py\/index\/wp-json\/wp\/v2\/product"}],"about":[{"href":"https:\/\/brandss.com.py\/index\/wp-json\/wp\/v2\/types\/product"}],"replies":[{"embeddable":true,"href":"https:\/\/brandss.com.py\/index\/wp-json\/wp\/v2\/comments?post=77891"}],"version-history":[{"count":1,"href":"https:\/\/brandss.com.py\/index\/wp-json\/wp\/v2\/product\/77891\/revisions"}],"predecessor-version":[{"id":77900,"href":"https:\/\/brandss.com.py\/index\/wp-json\/wp\/v2\/product\/77891\/revisions\/77900"}],"wp:featuredmedia":[{"embeddable":true,"href":"https:\/\/brandss.com.py\/index\/wp-json\/wp\/v2\/media\/77892"}],"wp:attachment":[{"href":"https:\/\/brandss.com.py\/index\/wp-json\/wp\/v2\/media?parent=77891"}],"wp:term":[{"taxonomy":"product_brand","embeddable":true,"href":"https:\/\/brandss.com.py\/index\/wp-json\/wp\/v2\/product_brand?post=77891"},{"taxonomy":"product_cat","embeddable":true,"href":"https:\/\/brandss.com.py\/index\/wp-json\/wp\/v2\/product_cat?post=77891"},{"taxonomy":"product_tag","embeddable":true,"href":"https:\/\/brandss.com.py\/index\/wp-json\/wp\/v2\/product_tag?post=77891"}],"curies":[{"name":"wp","href":"https:\/\/api.w.org\/{rel}","templated":true}]}}