{"id":78009,"date":"2025-03-26T17:19:17","date_gmt":"2025-03-26T17:19:17","guid":{"rendered":"https:\/\/brandss.com.py\/index\/?post_type=product&#038;p=78009"},"modified":"2025-03-26T17:19:36","modified_gmt":"2025-03-26T17:19:36","slug":"calzado-deportivo-masculino-nike-motiva-light-iron-ore","status":"publish","type":"product","link":"https:\/\/brandss.com.py\/index\/producto\/calzado-deportivo-masculino-nike-motiva-light-iron-ore\/","title":{"rendered":"CALZADO DEPORTIVO MASCULINO NIKE MOTIVA `LIGHT IRON ORE"},"content":{"rendered":"<p><img loading=\"lazy\" decoding=\"async\" class=\"\" src=\"https:\/\/1000marcas.net\/wp-content\/uploads\/2019\/11\/Logo-Nike.jpg\" alt=\"Logo de Nike: la historia y el significado del logotipo, la ...\" width=\"421\" height=\"237\" \/><\/p>\n<div class=\"flex flex-1 grow basis-auto flex-col overflow-hidden\">\n<div class=\"relative h-full\">\n<div class=\"flex h-full flex-col overflow-y-auto [scrollbar-gutter:stable]\">\n<div class=\"mt-1.5 flex flex-col text-sm @thread-xl\/thread:pt-header-height md:pb-9\">\n<article class=\"w-full text-token-text-primary\" dir=\"auto\" data-testid=\"conversation-turn-20\" data-scroll-anchor=\"true\">\n<div class=\"text-base my-auto mx-auto py-5 px-6\">\n<div class=\"mx-auto flex flex-1 text-base gap-4 md:gap-5 lg:gap-6 md:max-w-3xl group\/turn-messages focus-visible:outline-none\">\n<div class=\"group\/conversation-turn relative flex w-full min-w-0 flex-col agent-turn @xs\/thread:px-0 @sm\/thread:px-1.5 @md\/thread:px-4\">\n<div class=\"relative flex-col gap-1 md:gap-3\">\n<div class=\"flex max-w-full flex-col flex-grow\">\n<div class=\"min-h-8 text-message relative flex w-full flex-col items-end gap-2 whitespace-normal break-words text-start [.text-message+&amp;]:mt-5\" dir=\"auto\" data-message-author-role=\"assistant\" data-message-id=\"956673ba-4e04-446a-8a34-f05e140ec309\" data-message-model-slug=\"gpt-4o\">\n<div class=\"flex w-full flex-col gap-1 empty:hidden first:pt-[3px]\">\n<div class=\"markdown prose w-full break-words dark:prose-invert light\">\n<h1 data-start=\"0\" data-end=\"70\"><strong data-start=\"4\" data-end=\"68\">Nike Motiva &#8220;Light Iron Ore&#8221; \u2013<\/strong><\/h1>\n<p class=\"\" data-start=\"72\" data-end=\"475\">Los <strong data-start=\"76\" data-end=\"108\">Nike Motiva &#8220;Light Iron Ore&#8221;<\/strong> son tenis dise\u00f1ados para ofrecer <strong data-start=\"142\" data-end=\"173\">m\u00e1xima comodidad y suavidad<\/strong> en cada paso. Su innovadora tecnolog\u00eda facilita una experiencia de caminata fluida y sin esfuerzo, ideal para quienes buscan un calzado <strong data-start=\"310\" data-end=\"369\">vers\u00e1til para caminar, trotar o correr de manera ligera<\/strong>. Su dise\u00f1o moderno y estilizado en tonos neutros los hace perfectos para combinar con cualquier outfit.<\/p>\n<hr class=\"\" data-start=\"477\" data-end=\"480\" \/>\n<h3 class=\"\" data-start=\"482\" data-end=\"520\"><strong data-start=\"486\" data-end=\"518\">Caracter\u00edsticas principales:<\/strong><\/h3>\n<p class=\"\" data-start=\"522\" data-end=\"550\">\u2705 <strong data-start=\"524\" data-end=\"548\">Dise\u00f1o y Materiales:<\/strong><\/p>\n<ul data-start=\"551\" data-end=\"818\">\n<li class=\"\" data-start=\"551\" data-end=\"642\">\n<p class=\"\" data-start=\"553\" data-end=\"642\"><strong data-start=\"553\" data-end=\"593\">Parte superior de malla transpirable<\/strong>, permitiendo una mejor ventilaci\u00f3n y frescura.<\/p>\n<\/li>\n<li class=\"\" data-start=\"643\" data-end=\"735\">\n<p class=\"\" data-start=\"645\" data-end=\"735\"><strong data-start=\"645\" data-end=\"669\">Color Light Iron Ore<\/strong>, un tono vers\u00e1til y elegante que se adapta a cualquier ocasi\u00f3n.<\/p>\n<\/li>\n<li class=\"\" data-start=\"736\" data-end=\"818\">\n<p class=\"\" data-start=\"738\" data-end=\"818\"><strong data-start=\"738\" data-end=\"774\">Refuerzos en puntos estrat\u00e9gicos<\/strong>, brindando mayor soporte y ajuste c\u00f3modo.<\/p>\n<\/li>\n<\/ul>\n<p class=\"\" data-start=\"820\" data-end=\"854\">\u2705 <strong data-start=\"822\" data-end=\"852\">Comodidad y Amortiguaci\u00f3n:<\/strong><\/p>\n<ul data-start=\"855\" data-end=\"1206\">\n<li class=\"\" data-start=\"855\" data-end=\"965\">\n<p class=\"\" data-start=\"857\" data-end=\"965\"><strong data-start=\"857\" data-end=\"896\">Entresuela de espuma de gran altura<\/strong>, proporcionando una amortiguaci\u00f3n superior y absorbiendo impactos.<\/p>\n<\/li>\n<li class=\"\" data-start=\"966\" data-end=\"1098\">\n<p class=\"\" data-start=\"968\" data-end=\"1098\"><strong data-start=\"968\" data-end=\"996\">Tecnolog\u00eda Comfortgroove<\/strong>, con un patr\u00f3n en la suela que mejora la absorci\u00f3n del impacto y optimiza la sensaci\u00f3n de suavidad.<\/p>\n<\/li>\n<li class=\"\" data-start=\"1099\" data-end=\"1206\">\n<p class=\"\" data-start=\"1101\" data-end=\"1206\"><strong data-start=\"1101\" data-end=\"1125\">Balanc\u00edn pronunciado<\/strong>, facilitando la transici\u00f3n del tal\u00f3n a la punta para un movimiento m\u00e1s fluido.<\/p>\n<\/li>\n<\/ul>\n<p class=\"\" data-start=\"1208\" data-end=\"1233\">\u2705 <strong data-start=\"1210\" data-end=\"1231\">Ajuste y Soporte:<\/strong><\/p>\n<ul data-start=\"1234\" data-end=\"1508\">\n<li class=\"\" data-start=\"1234\" data-end=\"1322\">\n<p class=\"\" data-start=\"1236\" data-end=\"1322\"><strong data-start=\"1236\" data-end=\"1256\">Cuello acolchado<\/strong>, proporcionando confort y reduciendo la fricci\u00f3n en el tobillo.<\/p>\n<\/li>\n<li class=\"\" data-start=\"1323\" data-end=\"1428\">\n<p class=\"\" data-start=\"1325\" data-end=\"1428\"><strong data-start=\"1325\" data-end=\"1360\">Espacio adicional en el antepi\u00e9<\/strong>, adapt\u00e1ndose a diferentes tipos de pie para un ajuste m\u00e1s c\u00f3modo.<\/p>\n<\/li>\n<li class=\"\" data-start=\"1429\" data-end=\"1508\">\n<p class=\"\" data-start=\"1431\" data-end=\"1508\"><strong data-start=\"1431\" data-end=\"1465\">Sistema de ajuste con cordones<\/strong>, permitiendo una sujeci\u00f3n personalizada.<\/p>\n<\/li>\n<\/ul>\n<p class=\"\" data-start=\"1510\" data-end=\"1535\">\u2705 <strong data-start=\"1512\" data-end=\"1533\">Suela y Tracci\u00f3n:<\/strong><\/p>\n<ul data-start=\"1536\" data-end=\"1729\">\n<li class=\"\" data-start=\"1536\" data-end=\"1638\">\n<p class=\"\" data-start=\"1538\" data-end=\"1638\"><strong data-start=\"1538\" data-end=\"1567\">Suela exterior generativa<\/strong>, dise\u00f1ada para brindar <strong data-start=\"1591\" data-end=\"1635\">mayor tracci\u00f3n y resistencia al desgaste<\/strong>.<\/p>\n<\/li>\n<li class=\"\" data-start=\"1639\" data-end=\"1729\">\n<p class=\"\" data-start=\"1641\" data-end=\"1729\"><strong data-start=\"1641\" data-end=\"1664\">Goma en zonas clave<\/strong>, mejorando la durabilidad y estabilidad en distintos terrenos.<\/p>\n<\/li>\n<\/ul>\n<p class=\"\" data-start=\"1731\" data-end=\"1755\">\u2705 <strong data-start=\"1733\" data-end=\"1753\">Uso Recomendado:<\/strong><\/p>\n<ul data-start=\"1756\" data-end=\"1925\">\n<li class=\"\" data-start=\"1756\" data-end=\"1835\">\n<p class=\"\" data-start=\"1758\" data-end=\"1835\"><strong data-start=\"1758\" data-end=\"1832\">Perfectos para caminar largas distancias, trotar y actividades diarias<\/strong>.<\/p>\n<\/li>\n<li class=\"\" data-start=\"1836\" data-end=\"1925\">\n<p class=\"\" data-start=\"1838\" data-end=\"1925\">Ideales para <strong data-start=\"1851\" data-end=\"1922\">personas que buscan una experiencia de marcha c\u00f3moda y sin esfuerzo<\/strong>.<\/p>\n<\/li>\n<\/ul>\n<p class=\"\" data-start=\"1927\" data-end=\"2089\">Los <strong data-start=\"1931\" data-end=\"1963\">Nike Motiva &#8220;Light Iron Ore&#8221;<\/strong> combinan un dise\u00f1o innovador con <strong data-start=\"1997\" data-end=\"2070\">tecnolog\u00eda avanzada para brindar amortiguaci\u00f3n, estabilidad y confort<\/strong> en cada paso.<\/p>\n<\/div>\n<\/div>\n<\/div>\n<\/div>\n<\/div>\n<\/div>\n<\/div>\n<\/div>\n<\/article>\n<\/div>\n<\/div>\n<\/div>\n<\/div>\n<p>&nbsp;<\/p>\n","protected":false},"excerpt":{"rendered":"<p>Nike Motiva &#8220;Light Iron Ore&#8221; \u2013 Los Nike Motiva &#8220;Light Iron Ore&#8221; son tenis dise\u00f1ados para ofrecer m\u00e1xima comodidad y<\/p>\n","protected":false},"featured_media":78010,"comment_status":"open","ping_status":"closed","template":"","meta":{"nf_dc_page":""},"product_brand":[],"product_cat":[76],"product_tag":[],"class_list":{"0":"post-78009","1":"product","2":"type-product","3":"status-publish","4":"has-post-thumbnail","6":"product_cat-masculino","8":"first","9":"instock","10":"shipping-taxable","11":"purchasable","12":"product-type-simple"},"_links":{"self":[{"href":"https:\/\/brandss.com.py\/index\/wp-json\/wp\/v2\/product\/78009","targetHints":{"allow":["GET"]}}],"collection":[{"href":"https:\/\/brandss.com.py\/index\/wp-json\/wp\/v2\/product"}],"about":[{"href":"https:\/\/brandss.com.py\/index\/wp-json\/wp\/v2\/types\/product"}],"replies":[{"embeddable":true,"href":"https:\/\/brandss.com.py\/index\/wp-json\/wp\/v2\/comments?post=78009"}],"version-history":[{"count":1,"href":"https:\/\/brandss.com.py\/index\/wp-json\/wp\/v2\/product\/78009\/revisions"}],"predecessor-version":[{"id":78020,"href":"https:\/\/brandss.com.py\/index\/wp-json\/wp\/v2\/product\/78009\/revisions\/78020"}],"wp:featuredmedia":[{"embeddable":true,"href":"https:\/\/brandss.com.py\/index\/wp-json\/wp\/v2\/media\/78010"}],"wp:attachment":[{"href":"https:\/\/brandss.com.py\/index\/wp-json\/wp\/v2\/media?parent=78009"}],"wp:term":[{"taxonomy":"product_brand","embeddable":true,"href":"https:\/\/brandss.com.py\/index\/wp-json\/wp\/v2\/product_brand?post=78009"},{"taxonomy":"product_cat","embeddable":true,"href":"https:\/\/brandss.com.py\/index\/wp-json\/wp\/v2\/product_cat?post=78009"},{"taxonomy":"product_tag","embeddable":true,"href":"https:\/\/brandss.com.py\/index\/wp-json\/wp\/v2\/product_tag?post=78009"}],"curies":[{"name":"wp","href":"https:\/\/api.w.org\/{rel}","templated":true}]}}