{"id":78053,"date":"2025-03-26T18:40:31","date_gmt":"2025-03-26T18:40:31","guid":{"rendered":"https:\/\/brandss.com.py\/index\/?post_type=product&#038;p=78053"},"modified":"2025-07-07T18:00:14","modified_gmt":"2025-07-07T18:00:14","slug":"calzado-casual-masculino-nike-jordan-1-zoom-cmft-2","status":"publish","type":"product","link":"https:\/\/brandss.com.py\/index\/producto\/calzado-casual-masculino-nike-jordan-1-zoom-cmft-2\/","title":{"rendered":"CALZADO CASUAL MASCULINO NIKE JORDAN 1 ZOOM CMFT 2"},"content":{"rendered":"<p><img loading=\"lazy\" decoding=\"async\" class=\"\" src=\"https:\/\/1000marcas.net\/wp-content\/uploads\/2019\/11\/Logo-Nike.jpg\" alt=\"Logo de Nike: la historia y el significado del logotipo, la ...\" width=\"423\" height=\"238\" \/><\/p>\n<div class=\"flex flex-1 grow basis-auto flex-col overflow-hidden\">\n<div class=\"relative h-full\">\n<div class=\"flex h-full flex-col overflow-y-auto [scrollbar-gutter:stable]\">\n<div class=\"mt-1.5 flex flex-col text-sm @thread-xl\/thread:pt-header-height md:pb-9\">\n<article class=\"w-full text-token-text-primary\" dir=\"auto\" data-testid=\"conversation-turn-28\" data-scroll-anchor=\"true\">\n<div class=\"text-base my-auto mx-auto py-5 px-6\">\n<div class=\"mx-auto flex flex-1 text-base gap-4 md:gap-5 lg:gap-6 md:max-w-3xl group\/turn-messages focus-visible:outline-none\">\n<div class=\"group\/conversation-turn relative flex w-full min-w-0 flex-col agent-turn @xs\/thread:px-0 @sm\/thread:px-1.5 @md\/thread:px-4\">\n<div class=\"relative flex-col gap-1 md:gap-3\">\n<div class=\"flex max-w-full flex-col flex-grow\">\n<div class=\"min-h-8 text-message relative flex w-full flex-col items-end gap-2 whitespace-normal break-words text-start [.text-message+&amp;]:mt-5\" dir=\"auto\" data-message-author-role=\"assistant\" data-message-id=\"df365fda-d768-4e21-97a9-d3f92e9318a5\" data-message-model-slug=\"gpt-4o\">\n<div class=\"flex w-full flex-col gap-1 empty:hidden first:pt-[3px]\">\n<div class=\"markdown prose w-full break-words dark:prose-invert light\">\n<h1 data-start=\"0\" data-end=\"66\"><strong data-start=\"4\" data-end=\"64\">Air Jordan 1 Zoom CMFT 2 \u2013\u00a0<\/strong><\/h1>\n<p class=\"\" data-start=\"68\" data-end=\"408\">Los <strong data-start=\"72\" data-end=\"100\">Air Jordan 1 Zoom CMFT 2<\/strong> son una versi\u00f3n mejorada del cl\u00e1sico Air Jordan 1, dise\u00f1ados para ofrecer <strong data-start=\"175\" data-end=\"241\">mayor comodidad, amortiguaci\u00f3n avanzada y un ajuste m\u00e1s ligero<\/strong>. Con una combinaci\u00f3n de materiales premium y tecnolog\u00eda innovadora, estos tenis son ideales para quienes buscan <strong data-start=\"354\" data-end=\"387\">estilo, rendimiento y confort<\/strong> en un solo modelo.<\/p>\n<hr class=\"\" data-start=\"410\" data-end=\"413\" \/>\n<h3 class=\"\" data-start=\"415\" data-end=\"453\"><strong data-start=\"419\" data-end=\"451\">Caracter\u00edsticas principales:<\/strong><\/h3>\n<p class=\"\" data-start=\"455\" data-end=\"487\">\u2705 <strong data-start=\"457\" data-end=\"485\">Amortiguaci\u00f3n y Confort:<\/strong><\/p>\n<ul data-start=\"488\" data-end=\"793\">\n<li class=\"\" data-start=\"488\" data-end=\"589\">\n<p class=\"\" data-start=\"490\" data-end=\"589\"><strong data-start=\"490\" data-end=\"513\">Tecnolog\u00eda Zoom Air<\/strong>, que proporciona una amortiguaci\u00f3n m\u00e1s receptiva y c\u00f3moda en cada pisada.<\/p>\n<\/li>\n<li class=\"\" data-start=\"590\" data-end=\"700\">\n<p class=\"\" data-start=\"592\" data-end=\"700\"><strong data-start=\"592\" data-end=\"613\">Espuma Formula 23<\/strong>, que mejora la absorci\u00f3n de impactos y brinda una sensaci\u00f3n de suavidad excepcional.<\/p>\n<\/li>\n<li class=\"\" data-start=\"701\" data-end=\"793\">\n<p class=\"\" data-start=\"703\" data-end=\"793\"><strong data-start=\"703\" data-end=\"723\">Cuello acolchado<\/strong>, ofreciendo un ajuste seguro y mayor confort alrededor del tobillo.<\/p>\n<\/li>\n<\/ul>\n<p class=\"\" data-start=\"795\" data-end=\"823\">\u2705 <strong data-start=\"797\" data-end=\"821\">Dise\u00f1o y Materiales:<\/strong><\/p>\n<ul data-start=\"824\" data-end=\"1107\">\n<li class=\"\" data-start=\"824\" data-end=\"924\">\n<p class=\"\" data-start=\"826\" data-end=\"924\"><strong data-start=\"826\" data-end=\"868\">Construcci\u00f3n en gamuza y cuero premium<\/strong>, que aporta durabilidad y una apariencia sofisticada.<\/p>\n<\/li>\n<li class=\"\" data-start=\"925\" data-end=\"997\">\n<p class=\"\" data-start=\"927\" data-end=\"997\"><strong data-start=\"927\" data-end=\"949\">Paneles perforados<\/strong>, mejorando la ventilaci\u00f3n y frescura del pie.<\/p>\n<\/li>\n<li class=\"\" data-start=\"998\" data-end=\"1107\">\n<p class=\"\" data-start=\"1000\" data-end=\"1107\"><strong data-start=\"1000\" data-end=\"1040\">Swoosh recortado y detalles modernos<\/strong>, que le dan un toque contempor\u00e1neo a la ic\u00f3nica silueta del AJ1.<\/p>\n<\/li>\n<\/ul>\n<p class=\"\" data-start=\"1109\" data-end=\"1134\">\u2705 <strong data-start=\"1111\" data-end=\"1132\">Ajuste y Soporte:<\/strong><\/p>\n<ul data-start=\"1135\" data-end=\"1385\">\n<li class=\"\" data-start=\"1135\" data-end=\"1226\">\n<p class=\"\" data-start=\"1137\" data-end=\"1226\"><strong data-start=\"1137\" data-end=\"1168\">Leng\u00fceta de espuma expuesta<\/strong>, que refuerza el ajuste sin sacrificar la flexibilidad.<\/p>\n<\/li>\n<li class=\"\" data-start=\"1227\" data-end=\"1313\">\n<p class=\"\" data-start=\"1229\" data-end=\"1313\"><strong data-start=\"1229\" data-end=\"1264\">Sistema de cordones tradicional<\/strong>, permitiendo un ajuste seguro y personalizado.<\/p>\n<\/li>\n<li class=\"\" data-start=\"1314\" data-end=\"1385\">\n<p class=\"\" data-start=\"1316\" data-end=\"1385\"><strong data-start=\"1316\" data-end=\"1333\">Dise\u00f1o ligero<\/strong>, que optimiza la comodidad durante el uso diario.<\/p>\n<\/li>\n<\/ul>\n<p class=\"\" data-start=\"1387\" data-end=\"1412\">\u2705 <strong data-start=\"1389\" data-end=\"1410\">Suela y Tracci\u00f3n:<\/strong><\/p>\n<ul data-start=\"1413\" data-end=\"1598\">\n<li class=\"\" data-start=\"1413\" data-end=\"1514\">\n<p class=\"\" data-start=\"1415\" data-end=\"1514\"><strong data-start=\"1415\" data-end=\"1441\">Suela exterior de goma<\/strong>, con patr\u00f3n de tracci\u00f3n inspirado en el AJ1 cl\u00e1sico para mayor agarre.<\/p>\n<\/li>\n<li class=\"\" data-start=\"1515\" data-end=\"1598\">\n<p class=\"\" data-start=\"1517\" data-end=\"1598\"><strong data-start=\"1517\" data-end=\"1550\">Ranuras flexibles en la suela<\/strong>, que facilitan el movimiento natural del pie.<\/p>\n<\/li>\n<\/ul>\n<p class=\"\" data-start=\"1600\" data-end=\"1624\">\u2705 <strong data-start=\"1602\" data-end=\"1622\">Uso Recomendado:<\/strong><\/p>\n<ul data-start=\"1625\" data-end=\"1792\">\n<li class=\"\" data-start=\"1625\" data-end=\"1697\">\n<p class=\"\" data-start=\"1627\" data-end=\"1697\">Perfectos para <strong data-start=\"1642\" data-end=\"1656\">uso diario<\/strong>, combinando estilo urbano y comodidad.<\/p>\n<\/li>\n<li class=\"\" data-start=\"1698\" data-end=\"1792\">\n<p class=\"\" data-start=\"1700\" data-end=\"1792\">Ideales para quienes buscan una <strong data-start=\"1732\" data-end=\"1760\">versi\u00f3n moderna y ligera<\/strong> de los cl\u00e1sicos Air Jordan 1.<\/p>\n<\/li>\n<\/ul>\n<hr class=\"\" data-start=\"1794\" data-end=\"1797\" \/>\n<p class=\"\" data-start=\"1799\" data-end=\"2019\">Los <strong data-start=\"1803\" data-end=\"1831\">Air Jordan 1 Zoom CMFT 2<\/strong> elevan la silueta cl\u00e1sica de los AJ1 con <strong data-start=\"1873\" data-end=\"1919\">tecnolog\u00eda mejorada y un ajuste m\u00e1s c\u00f3modo<\/strong>, convirti\u00e9ndolos en una excelente opci\u00f3n para quienes buscan estilo sin sacrificar el confort. \ud83d\udd25\ud83d\udc5f<\/p>\n<\/div>\n<\/div>\n<\/div>\n<\/div>\n<\/div>\n<\/div>\n<\/div>\n<\/div>\n<\/article>\n<\/div>\n<\/div>\n<\/div>\n<\/div>\n<p>&nbsp;<\/p>\n","protected":false},"excerpt":{"rendered":"<p>Air Jordan 1 Zoom CMFT 2 \u2013\u00a0 Los Air Jordan 1 Zoom CMFT 2 son una versi\u00f3n mejorada del cl\u00e1sico<\/p>\n","protected":false},"featured_media":78054,"comment_status":"open","ping_status":"closed","template":"","meta":{"nf_dc_page":""},"product_brand":[],"product_cat":[76],"product_tag":[],"class_list":{"0":"post-78053","1":"product","2":"type-product","3":"status-publish","4":"has-post-thumbnail","6":"product_cat-masculino","8":"first","9":"outofstock","10":"shipping-taxable","11":"purchasable","12":"product-type-simple"},"_links":{"self":[{"href":"https:\/\/brandss.com.py\/index\/wp-json\/wp\/v2\/product\/78053","targetHints":{"allow":["GET"]}}],"collection":[{"href":"https:\/\/brandss.com.py\/index\/wp-json\/wp\/v2\/product"}],"about":[{"href":"https:\/\/brandss.com.py\/index\/wp-json\/wp\/v2\/types\/product"}],"replies":[{"embeddable":true,"href":"https:\/\/brandss.com.py\/index\/wp-json\/wp\/v2\/comments?post=78053"}],"version-history":[{"count":1,"href":"https:\/\/brandss.com.py\/index\/wp-json\/wp\/v2\/product\/78053\/revisions"}],"predecessor-version":[{"id":78063,"href":"https:\/\/brandss.com.py\/index\/wp-json\/wp\/v2\/product\/78053\/revisions\/78063"}],"wp:featuredmedia":[{"embeddable":true,"href":"https:\/\/brandss.com.py\/index\/wp-json\/wp\/v2\/media\/78054"}],"wp:attachment":[{"href":"https:\/\/brandss.com.py\/index\/wp-json\/wp\/v2\/media?parent=78053"}],"wp:term":[{"taxonomy":"product_brand","embeddable":true,"href":"https:\/\/brandss.com.py\/index\/wp-json\/wp\/v2\/product_brand?post=78053"},{"taxonomy":"product_cat","embeddable":true,"href":"https:\/\/brandss.com.py\/index\/wp-json\/wp\/v2\/product_cat?post=78053"},{"taxonomy":"product_tag","embeddable":true,"href":"https:\/\/brandss.com.py\/index\/wp-json\/wp\/v2\/product_tag?post=78053"}],"curies":[{"name":"wp","href":"https:\/\/api.w.org\/{rel}","templated":true}]}}