{"id":78133,"date":"2025-03-27T12:27:19","date_gmt":"2025-03-27T12:27:19","guid":{"rendered":"https:\/\/brandss.com.py\/index\/?post_type=product&#038;p=78133"},"modified":"2026-01-26T11:37:35","modified_gmt":"2026-01-26T11:37:35","slug":"calzado-deportivo-masculino-nike-air-vapormax-2023-flyknit","status":"publish","type":"product","link":"https:\/\/brandss.com.py\/index\/producto\/calzado-deportivo-masculino-nike-air-vapormax-2023-flyknit\/","title":{"rendered":"CALZADO DEPORTIVO MASCULINO NIKE AIR VAPORMAX 2023 FLYKNIT"},"content":{"rendered":"<p><img loading=\"lazy\" decoding=\"async\" class=\"\" src=\"https:\/\/1000marcas.net\/wp-content\/uploads\/2019\/11\/Logo-Nike.jpg\" alt=\"Logo de Nike: la historia y el significado del logotipo, la ...\" width=\"293\" height=\"165\" \/><\/p>\n<h1 data-start=\"35\" data-end=\"412\"><strong data-start=\"39\" data-end=\"73\">VaporMax 2023 Flyknit<\/strong><\/h1>\n<p class=\"\" data-start=\"35\" data-end=\"412\">Son la \u00faltima evoluci\u00f3n de la l\u00ednea <strong data-start=\"110\" data-end=\"122\">VaporMax<\/strong>, dise\u00f1ados para ofrecer una sensaci\u00f3n de ligereza y comodidad inigualables. Su dise\u00f1o innovador incorpora la tecnolog\u00eda <strong data-start=\"243\" data-end=\"254\">Flyknit<\/strong>, que brinda un ajuste flexible y transpirable, mientras que la unidad <strong data-start=\"325\" data-end=\"359\">Air VaporMax de largo completo<\/strong> garantiza una amortiguaci\u00f3n reactiva en cada paso.<\/p>\n<p class=\"\" data-start=\"414\" data-end=\"581\">Este modelo es ideal para quienes buscan un calzado deportivo <strong data-start=\"476\" data-end=\"510\">moderno, sostenible y vers\u00e1til<\/strong>, perfecto tanto para el uso diario como para entrenamientos ligeros.<\/p>\n<h3 class=\"\" data-start=\"583\" data-end=\"620\"><strong data-start=\"587\" data-end=\"618\">Caracter\u00edsticas Principales<\/strong><\/h3>\n<p class=\"\" data-start=\"622\" data-end=\"650\">\u2705 <strong data-start=\"624\" data-end=\"648\">Dise\u00f1o y Materiales:<\/strong><\/p>\n<ul data-start=\"651\" data-end=\"965\">\n<li class=\"\" data-start=\"651\" data-end=\"756\">\n<p class=\"\" data-start=\"653\" data-end=\"756\"><strong data-start=\"653\" data-end=\"679\">Parte superior Flyknit<\/strong>, que proporciona <strong data-start=\"697\" data-end=\"746\">ligereza, transpirabilidad y un ajuste ce\u00f1ido<\/strong> al pie.<\/p>\n<\/li>\n<li class=\"\" data-start=\"757\" data-end=\"866\">\n<p class=\"\" data-start=\"759\" data-end=\"866\">Hecho con <strong data-start=\"769\" data-end=\"813\">al menos un 20% de materiales reciclados<\/strong>, aline\u00e1ndose con la iniciativa sostenible de Nike.<\/p>\n<\/li>\n<li class=\"\" data-start=\"867\" data-end=\"965\">\n<p class=\"\" data-start=\"869\" data-end=\"965\">Dise\u00f1o sin costuras con <strong data-start=\"893\" data-end=\"917\">cuello tipo calcet\u00edn<\/strong>, que mejora la comodidad y facilita el calce.<\/p>\n<\/li>\n<\/ul>\n<p class=\"\" data-start=\"967\" data-end=\"1001\">\u2705 <strong data-start=\"969\" data-end=\"999\">Amortiguaci\u00f3n y Comodidad:<\/strong><\/p>\n<ul data-start=\"1002\" data-end=\"1210\">\n<li class=\"\" data-start=\"1002\" data-end=\"1119\">\n<p class=\"\" data-start=\"1004\" data-end=\"1119\"><strong data-start=\"1004\" data-end=\"1045\">Unidad Air VaporMax de una sola pieza<\/strong>, que recorre toda la suela para una sensaci\u00f3n de caminar sobre el aire.<\/p>\n<\/li>\n<li class=\"\" data-start=\"1120\" data-end=\"1210\">\n<p class=\"\" data-start=\"1122\" data-end=\"1210\"><strong data-start=\"1122\" data-end=\"1162\">Transiciones suaves y soporte \u00f3ptimo<\/strong> en cada pisada, reduciendo la fatiga del pie.<\/p>\n<\/li>\n<\/ul>\n<p class=\"\" data-start=\"1212\" data-end=\"1237\">\u2705 <strong data-start=\"1214\" data-end=\"1235\">Suela y Tracci\u00f3n:<\/strong><\/p>\n<ul data-start=\"1238\" data-end=\"1413\">\n<li class=\"\" data-start=\"1238\" data-end=\"1324\">\n<p class=\"\" data-start=\"1240\" data-end=\"1324\"><strong data-start=\"1240\" data-end=\"1273\">Patr\u00f3n de tracci\u00f3n optimizado<\/strong>, que proporciona agarre en diversas superficies.<\/p>\n<\/li>\n<li class=\"\" data-start=\"1325\" data-end=\"1413\">\n<p class=\"\" data-start=\"1327\" data-end=\"1413\">C\u00e1psulas de goma estrat\u00e9gicamente ubicadas para mayor <strong data-start=\"1381\" data-end=\"1410\">durabilidad y estabilidad<\/strong>.<\/p>\n<\/li>\n<\/ul>\n<p class=\"\" data-start=\"1415\" data-end=\"1442\">\u2705 <strong data-start=\"1417\" data-end=\"1440\">Ajuste y Sensaci\u00f3n:<\/strong><\/p>\n<ul data-start=\"1443\" data-end=\"1615\">\n<li class=\"\" data-start=\"1443\" data-end=\"1529\">\n<p class=\"\" data-start=\"1445\" data-end=\"1529\"><strong data-start=\"1445\" data-end=\"1480\">Sistema de cordones tradicional<\/strong>, permitiendo un ajuste seguro y personalizado.<\/p>\n<\/li>\n<li class=\"\" data-start=\"1530\" data-end=\"1615\">\n<p class=\"\" data-start=\"1532\" data-end=\"1615\">Dise\u00f1o ergon\u00f3mico que <strong data-start=\"1554\" data-end=\"1582\">reduce puntos de presi\u00f3n<\/strong> y mejora la comodidad general.<\/p>\n<\/li>\n<\/ul>\n","protected":false},"excerpt":{"rendered":"<p>VaporMax 2023 Flyknit Son la \u00faltima evoluci\u00f3n de la l\u00ednea VaporMax, dise\u00f1ados para ofrecer una sensaci\u00f3n de ligereza y comodidad<\/p>\n","protected":false},"featured_media":78138,"comment_status":"open","ping_status":"closed","template":"","meta":{"nf_dc_page":""},"product_brand":[],"product_cat":[76],"product_tag":[],"class_list":{"0":"post-78133","1":"product","2":"type-product","3":"status-publish","4":"has-post-thumbnail","6":"product_cat-masculino","8":"first","9":"outofstock","10":"shipping-taxable","11":"purchasable","12":"product-type-simple"},"_links":{"self":[{"href":"https:\/\/brandss.com.py\/index\/wp-json\/wp\/v2\/product\/78133","targetHints":{"allow":["GET"]}}],"collection":[{"href":"https:\/\/brandss.com.py\/index\/wp-json\/wp\/v2\/product"}],"about":[{"href":"https:\/\/brandss.com.py\/index\/wp-json\/wp\/v2\/types\/product"}],"replies":[{"embeddable":true,"href":"https:\/\/brandss.com.py\/index\/wp-json\/wp\/v2\/comments?post=78133"}],"version-history":[{"count":1,"href":"https:\/\/brandss.com.py\/index\/wp-json\/wp\/v2\/product\/78133\/revisions"}],"predecessor-version":[{"id":78146,"href":"https:\/\/brandss.com.py\/index\/wp-json\/wp\/v2\/product\/78133\/revisions\/78146"}],"wp:featuredmedia":[{"embeddable":true,"href":"https:\/\/brandss.com.py\/index\/wp-json\/wp\/v2\/media\/78138"}],"wp:attachment":[{"href":"https:\/\/brandss.com.py\/index\/wp-json\/wp\/v2\/media?parent=78133"}],"wp:term":[{"taxonomy":"product_brand","embeddable":true,"href":"https:\/\/brandss.com.py\/index\/wp-json\/wp\/v2\/product_brand?post=78133"},{"taxonomy":"product_cat","embeddable":true,"href":"https:\/\/brandss.com.py\/index\/wp-json\/wp\/v2\/product_cat?post=78133"},{"taxonomy":"product_tag","embeddable":true,"href":"https:\/\/brandss.com.py\/index\/wp-json\/wp\/v2\/product_tag?post=78133"}],"curies":[{"name":"wp","href":"https:\/\/api.w.org\/{rel}","templated":true}]}}