{"id":78178,"date":"2025-03-27T14:07:06","date_gmt":"2025-03-27T14:07:06","guid":{"rendered":"https:\/\/brandss.com.py\/index\/?post_type=product&#038;p=78178"},"modified":"2025-03-27T14:08:31","modified_gmt":"2025-03-27T14:08:31","slug":"calzado-casual-masculino-nike-air-flight-huarache","status":"publish","type":"product","link":"https:\/\/brandss.com.py\/index\/producto\/calzado-casual-masculino-nike-air-flight-huarache\/","title":{"rendered":"CALZADO CASUAL MASCULINO NIKE AIR FLIGHT HUARACHE"},"content":{"rendered":"<p><img loading=\"lazy\" decoding=\"async\" class=\"\" src=\"https:\/\/1000marcas.net\/wp-content\/uploads\/2019\/11\/Logo-Nike.jpg\" alt=\"Logo de Nike: la historia y el significado del logotipo, la marca y el  s\u00edmbolo. | png, vector\" width=\"149\" height=\"84\" \/><\/p>\n<h1>AIR FLIGHT HUARACHE<\/h1>\n<p>Presentamos la colecci\u00f3n Nike Air Flight Huarache \u201cNike Gear\u201d, un tributo nost\u00e1lgico a la ic\u00f3nica zapatilla de baloncesto dise\u00f1ada originalmente por Tinker Hatfield y Eric Avar. Este zapato legendario gan\u00f3 prominencia al adornar los pies del renombrado equipo \u201cFab Five\u201d de los Michigan Wolverines, compuesto por las estrellas del baloncesto Jimmy King, Jalen Rose, Chris Webber, Ray Jackson y Juwan Howard. En su resurgimiento, el Air Flight Huarache adopta la querida combinaci\u00f3n de colores \u201cOG\u201d, mientras que Nike Sportswear presenta simult\u00e1neamente una nueva l\u00ednea de ropa \u201cNike Gear\u201d.<\/p>\n<p>El Nike Air Huarache se lanz\u00f3 en 1991. El dise\u00f1ador de calzado Tinker Hatfield quer\u00eda combinar el ajuste de las botas de neopreno para esqu\u00ed acu\u00e1tico con la funcionalidad de las sandalias sudamericanas. El \u00e9xito instant\u00e1neo lleg\u00f3 a las canchas de baloncesto y luego a las calles, donde se gan\u00f3 su estatus de \u00edcono.<\/p>\n<p>Con una paleta de colores que incluye Sail, Midnight Navy, Coral Chalk, Laser Blue, Speed \u200b\u200bYellow y Coconut Milk, este Nike Air Flight Huarache rinde homenaje a la ic\u00f3nica l\u00ednea de ropa retro de los a\u00f1os 90 de la marca. Meticulosamente elaborada, la zapatilla presenta un bot\u00edn de neopreno, superposiciones de cuero y detalles de malla. Principalmente vestida de blanco y crema, incorpora elegantes detalles en rosa y azul, complementados con la marca &#8220;Nike Gear&#8221; en las plantillas, que irradia una est\u00e9tica retro atemporal. Para agregar los toques finales, los tacones cuentan con un exquisito bordado dorado &#8220;AIR&#8221;, mientras que una entresuela de dos tonos y una suela de goma azul\/rosa completan el dise\u00f1o.<\/p>\n<p>Nadie practica baloncesto como nosotros y eso significa que nadie lo recupera como nosotros. Directamente desde la b\u00f3veda, el Air Flight Huarache est\u00e1 de regreso, devolvi\u00e9ndote a una de las \u00e9pocas m\u00e1s memorables de la revoluci\u00f3n del baloncesto a la calle. Estas combinaciones de colores originales son solo el comienzo de tu viaje al pasado: desde los cortes en el cuello hasta el logotipo de Air en el tal\u00f3n, este cl\u00e1sico del 92 te har\u00e1 sentir nostalgia. Pero no todo lo nuevo es viejo: la amortiguaci\u00f3n Nike Air en el tal\u00f3n y el antepi\u00e9 trae un dise\u00f1o ic\u00f3nico al futuro. \u00bfListo para darle un abrazo a tu pie hoy?<\/p>\n<p><strong>Beneficios<\/strong><\/p>\n<p>La parte superior combina cuero y textiles para una apariencia texturizada en capas.<br \/>\nNuestros dise\u00f1adores trabajaron con los creadores originales de Huarache Flight para lograr esta recreaci\u00f3n de un cl\u00e1sico.<br \/>\nLa tecnolog\u00eda Nike Air absorbe el impacto para brindar amortiguaci\u00f3n en cada paso.<br \/>\nLa suela de goma te brinda tracci\u00f3n y durabilidad.<\/p>\n<p><strong>Detalles\u00a0<\/strong><\/p>\n<p>Cuello recortado<br \/>\nCordones de ancho variable<br \/>\nEtiqueta de huarache en la leng\u00fceta.<br \/>\nOr\u00edgenes del huarache<\/p>\n<p>Color: Sail\/Midnight Navy-Coral Chalk-Laser Blue.<br \/>\nModelo: FD0183-102.<\/p>\n","protected":false},"excerpt":{"rendered":"<p>AIR FLIGHT HUARACHE Presentamos la colecci\u00f3n Nike Air Flight Huarache \u201cNike Gear\u201d, un tributo nost\u00e1lgico a la ic\u00f3nica zapatilla de<\/p>\n","protected":false},"featured_media":78179,"comment_status":"open","ping_status":"closed","template":"","meta":{"nf_dc_page":""},"product_brand":[],"product_cat":[76],"product_tag":[],"class_list":{"0":"post-78178","1":"product","2":"type-product","3":"status-publish","4":"has-post-thumbnail","6":"product_cat-masculino","8":"first","9":"instock","10":"shipping-taxable","11":"purchasable","12":"product-type-simple"},"_links":{"self":[{"href":"https:\/\/brandss.com.py\/index\/wp-json\/wp\/v2\/product\/78178","targetHints":{"allow":["GET"]}}],"collection":[{"href":"https:\/\/brandss.com.py\/index\/wp-json\/wp\/v2\/product"}],"about":[{"href":"https:\/\/brandss.com.py\/index\/wp-json\/wp\/v2\/types\/product"}],"replies":[{"embeddable":true,"href":"https:\/\/brandss.com.py\/index\/wp-json\/wp\/v2\/comments?post=78178"}],"version-history":[{"count":1,"href":"https:\/\/brandss.com.py\/index\/wp-json\/wp\/v2\/product\/78178\/revisions"}],"predecessor-version":[{"id":78188,"href":"https:\/\/brandss.com.py\/index\/wp-json\/wp\/v2\/product\/78178\/revisions\/78188"}],"wp:featuredmedia":[{"embeddable":true,"href":"https:\/\/brandss.com.py\/index\/wp-json\/wp\/v2\/media\/78179"}],"wp:attachment":[{"href":"https:\/\/brandss.com.py\/index\/wp-json\/wp\/v2\/media?parent=78178"}],"wp:term":[{"taxonomy":"product_brand","embeddable":true,"href":"https:\/\/brandss.com.py\/index\/wp-json\/wp\/v2\/product_brand?post=78178"},{"taxonomy":"product_cat","embeddable":true,"href":"https:\/\/brandss.com.py\/index\/wp-json\/wp\/v2\/product_cat?post=78178"},{"taxonomy":"product_tag","embeddable":true,"href":"https:\/\/brandss.com.py\/index\/wp-json\/wp\/v2\/product_tag?post=78178"}],"curies":[{"name":"wp","href":"https:\/\/api.w.org\/{rel}","templated":true}]}}