{"id":78249,"date":"2025-03-28T11:21:48","date_gmt":"2025-03-28T11:21:48","guid":{"rendered":"https:\/\/brandss.com.py\/index\/?post_type=product&#038;p=78249"},"modified":"2025-03-28T11:23:52","modified_gmt":"2025-03-28T11:23:52","slug":"calzado-deportivo-masculino-nike-air-huarache","status":"publish","type":"product","link":"https:\/\/brandss.com.py\/index\/producto\/calzado-deportivo-masculino-nike-air-huarache\/","title":{"rendered":"CALZADO DEPORTIVO MASCULINO NIKE AIR HUARACHE"},"content":{"rendered":"<p><img loading=\"lazy\" decoding=\"async\" class=\"\" src=\"https:\/\/1000marcas.net\/wp-content\/uploads\/2019\/11\/Logo-Nike.jpg\" alt=\"Logo de Nike: la historia y el significado del logotipo, la marca y el  s\u00edmbolo. | png, vector\" width=\"142\" height=\"80\" \/><\/p>\n<h1>AIR HUARACHE<\/h1>\n<p><span>Cuando calza tan bien y luce tan bien, no necesita un Swoosh. Hermosos tonos azules y detalles transl\u00facidos aportan una versatilidad vibrante a estas zapatillas cl\u00e1sicas de los 90, mientras que las suaves capas de cuero estructuran la parte superior de neopreno el\u00e1stico. S\u00famale la amortiguaci\u00f3n Nike Air y una estructura futurista en el tal\u00f3n, y las Huarache son el calzado perfecto para tus pies.<\/span><\/p>\n<p><span>Inspirado en los botines de esqu\u00ed acu\u00e1tico, el tejido el\u00e1stico de la parte superior se adapta al pie para una sensaci\u00f3n incre\u00edble.<\/span><br \/>\n<span>Originalmente dise\u00f1ado para running de alto rendimiento, la amortiguaci\u00f3n Nike Air ofrece una comodidad duradera.<\/span><br \/>\n<span>La funda interior acolchada se adapta al pie para un ajuste personalizado.<\/span><br \/>\n<span>El ic\u00f3nico clip del tal\u00f3n y la marca discreta conservan el estilo de principios de los 90 que te encanta.<\/span><br \/>\n<span>La suela de goma a\u00f1ade durabilidad y tracci\u00f3n.<\/span><\/p>\n<ul>\n<li><span>Entresuela de espuma.<\/span><\/li>\n<li><span>Cordones de ancho variable.<\/span><\/li>\n<li><span>Emblema de Huarache en la leng\u00fceta.<\/span><\/li>\n<li>Color: Ocean Bliss\/Blue Chill- Blanco.<\/li>\n<li>Modelo: FD0735-442.<\/li>\n<\/ul>\n","protected":false},"excerpt":{"rendered":"<p>AIR HUARACHE Cuando calza tan bien y luce tan bien, no necesita un Swoosh. Hermosos tonos azules y detalles transl\u00facidos<\/p>\n","protected":false},"featured_media":78250,"comment_status":"open","ping_status":"closed","template":"","meta":{"nf_dc_page":""},"product_brand":[],"product_cat":[76],"product_tag":[],"class_list":{"0":"post-78249","1":"product","2":"type-product","3":"status-publish","4":"has-post-thumbnail","6":"product_cat-masculino","8":"first","9":"instock","10":"shipping-taxable","11":"purchasable","12":"product-type-simple"},"_links":{"self":[{"href":"https:\/\/brandss.com.py\/index\/wp-json\/wp\/v2\/product\/78249","targetHints":{"allow":["GET"]}}],"collection":[{"href":"https:\/\/brandss.com.py\/index\/wp-json\/wp\/v2\/product"}],"about":[{"href":"https:\/\/brandss.com.py\/index\/wp-json\/wp\/v2\/types\/product"}],"replies":[{"embeddable":true,"href":"https:\/\/brandss.com.py\/index\/wp-json\/wp\/v2\/comments?post=78249"}],"version-history":[{"count":1,"href":"https:\/\/brandss.com.py\/index\/wp-json\/wp\/v2\/product\/78249\/revisions"}],"predecessor-version":[{"id":78258,"href":"https:\/\/brandss.com.py\/index\/wp-json\/wp\/v2\/product\/78249\/revisions\/78258"}],"wp:featuredmedia":[{"embeddable":true,"href":"https:\/\/brandss.com.py\/index\/wp-json\/wp\/v2\/media\/78250"}],"wp:attachment":[{"href":"https:\/\/brandss.com.py\/index\/wp-json\/wp\/v2\/media?parent=78249"}],"wp:term":[{"taxonomy":"product_brand","embeddable":true,"href":"https:\/\/brandss.com.py\/index\/wp-json\/wp\/v2\/product_brand?post=78249"},{"taxonomy":"product_cat","embeddable":true,"href":"https:\/\/brandss.com.py\/index\/wp-json\/wp\/v2\/product_cat?post=78249"},{"taxonomy":"product_tag","embeddable":true,"href":"https:\/\/brandss.com.py\/index\/wp-json\/wp\/v2\/product_tag?post=78249"}],"curies":[{"name":"wp","href":"https:\/\/api.w.org\/{rel}","templated":true}]}}