{"id":78260,"date":"2025-03-28T12:50:04","date_gmt":"2025-03-28T12:50:04","guid":{"rendered":"https:\/\/brandss.com.py\/index\/?post_type=product&#038;p=78260"},"modified":"2026-01-26T11:31:28","modified_gmt":"2026-01-26T11:31:28","slug":"calzado-deportivo-masculino-nike-air-zoom-gt-cut-3-vapor-2","status":"publish","type":"product","link":"https:\/\/brandss.com.py\/index\/producto\/calzado-deportivo-masculino-nike-air-zoom-gt-cut-3-vapor-2\/","title":{"rendered":"CALZADO DEPORTIVO MASCULINO NIKE AIR ZOOM GT CUT 3 VAPOR"},"content":{"rendered":"<p><img loading=\"lazy\" decoding=\"async\" class=\"\" src=\"https:\/\/1000marcas.net\/wp-content\/uploads\/2019\/11\/Logo-Nike.jpg\" alt=\"Logo de Nike: la historia y el significado del logotipo, la ...\" width=\"395\" height=\"222\" \/><\/p>\n<div class=\"flex flex-1 grow basis-auto flex-col overflow-hidden\">\n<div class=\"relative h-full\">\n<div class=\"flex h-full flex-col overflow-y-auto [scrollbar-gutter:stable]\">\n<div class=\"mt-1.5 flex flex-col text-sm @thread-xl\/thread:pt-header-height md:pb-9\">\n<article class=\"w-full text-token-text-primary\" dir=\"auto\" data-testid=\"conversation-turn-4\" data-scroll-anchor=\"true\">\n<div class=\"text-base my-auto mx-auto py-5 px-6\">\n<div class=\"mx-auto flex flex-1 text-base gap-4 md:gap-5 lg:gap-6 md:max-w-3xl group\/turn-messages focus-visible:outline-none\">\n<div class=\"group\/conversation-turn relative flex w-full min-w-0 flex-col agent-turn @xs\/thread:px-0 @sm\/thread:px-1.5 @md\/thread:px-4\">\n<div class=\"relative flex-col gap-1 md:gap-3\">\n<div class=\"flex max-w-full flex-col flex-grow\">\n<div class=\"min-h-8 text-message relative flex w-full flex-col items-end gap-2 whitespace-normal break-words text-start [.text-message+&amp;]:mt-5\" dir=\"auto\" data-message-author-role=\"assistant\" data-message-id=\"a302f4d9-4efd-4f03-b636-7ab81f5bccf8\" data-message-model-slug=\"gpt-4o\">\n<div class=\"flex w-full flex-col gap-1 empty:hidden first:pt-[3px]\">\n<div class=\"markdown prose w-full break-words dark:prose-invert light\">\n<h1 data-start=\"96\" data-end=\"588\"><strong data-start=\"100\" data-end=\"132\">\u00a0Air Zoom GT Cut 3 Vapor<\/strong><\/h1>\n<p class=\"\" data-start=\"96\" data-end=\"588\">son unas zapatillas de alto rendimiento dise\u00f1adas para jugadores de baloncesto que buscan velocidad, agilidad y control en la cancha. Este modelo incorpora la tecnolog\u00eda <strong data-start=\"303\" data-end=\"312\">ZoomX<\/strong>, una innovaci\u00f3n en amortiguaci\u00f3n que ofrece un retorno de energ\u00eda excepcional y ligereza sin sacrificar estabilidad. Su dise\u00f1o est\u00e1 optimizado para movimientos r\u00e1pidos, cortes explosivos y cambios de direcci\u00f3n eficientes, proporcionando una ventaja competitiva en el juego.<\/p>\n<hr class=\"\" data-start=\"590\" data-end=\"593\" \/>\n<p><strong><em>\u00a0Caracter\u00edsticas:<\/em><\/strong><\/p>\n<p class=\"\" data-start=\"624\" data-end=\"652\">\u2705 <strong data-start=\"626\" data-end=\"650\">Amortiguaci\u00f3n ZoomX:<\/strong><\/p>\n<ul data-start=\"653\" data-end=\"804\">\n<li class=\"\" data-start=\"653\" data-end=\"733\">\n<p class=\"\" data-start=\"655\" data-end=\"733\">Primera vez que la espuma <strong data-start=\"681\" data-end=\"695\">Nike ZoomX<\/strong> se usa en zapatillas de baloncesto.<\/p>\n<\/li>\n<li class=\"\" data-start=\"734\" data-end=\"804\">\n<p class=\"\" data-start=\"736\" data-end=\"804\">Ofrece una amortiguaci\u00f3n ultra ligera con alto retorno de energ\u00eda.<\/p>\n<\/li>\n<\/ul>\n<p class=\"\" data-start=\"806\" data-end=\"855\">\u2705 <strong data-start=\"808\" data-end=\"853\">Parte superior transpirable y de soporte:<\/strong><\/p>\n<ul data-start=\"856\" data-end=\"1003\">\n<li class=\"\" data-start=\"856\" data-end=\"925\">\n<p class=\"\" data-start=\"858\" data-end=\"925\">Construcci\u00f3n con material de malla ligera para mayor ventilaci\u00f3n.<\/p>\n<\/li>\n<li class=\"\" data-start=\"926\" data-end=\"1003\">\n<p class=\"\" data-start=\"928\" data-end=\"1003\">Tecnolog\u00eda <strong data-start=\"939\" data-end=\"950\">Flywire<\/strong> para un ajuste seguro y estabilidad en el antepi\u00e9.<\/p>\n<\/li>\n<\/ul>\n<p class=\"\" data-start=\"1005\" data-end=\"1045\">\u2705 <strong data-start=\"1007\" data-end=\"1043\">Suela exterior de alta tracci\u00f3n:<\/strong><\/p>\n<ul data-start=\"1046\" data-end=\"1194\">\n<li class=\"\" data-start=\"1046\" data-end=\"1117\">\n<p class=\"\" data-start=\"1048\" data-end=\"1117\">Patr\u00f3n de tracci\u00f3n en espiga modificado basado en mapas de presi\u00f3n.<\/p>\n<\/li>\n<li class=\"\" data-start=\"1118\" data-end=\"1194\">\n<p class=\"\" data-start=\"1120\" data-end=\"1194\">Mejor agarre en la cancha, permitiendo cortes r\u00e1pidos y paradas bruscas.<\/p>\n<\/li>\n<\/ul>\n<p class=\"\" data-start=\"1196\" data-end=\"1229\">\u2705 <strong data-start=\"1198\" data-end=\"1227\">Dise\u00f1o ligero y flexible:<\/strong><\/p>\n<ul data-start=\"1230\" data-end=\"1375\">\n<li class=\"\" data-start=\"1230\" data-end=\"1298\">\n<p class=\"\" data-start=\"1232\" data-end=\"1298\">Materiales optimizados para reducir peso sin perder durabilidad.<\/p>\n<\/li>\n<li class=\"\" data-start=\"1299\" data-end=\"1375\">\n<p class=\"\" data-start=\"1301\" data-end=\"1375\">Sensaci\u00f3n de ligereza para mejorar la movilidad y velocidad del jugador.<\/p>\n<\/li>\n<\/ul>\n<p class=\"\" data-start=\"1533\" data-end=\"1748\">Las <strong data-start=\"1537\" data-end=\"1569\">Nike Air Zoom GT Cut 3 Vapor<\/strong> est\u00e1n pensadas para jugadores que buscan reaccionar r\u00e1pidamente y moverse con fluidez en la cancha, brindando una combinaci\u00f3n ideal de velocidad, amortiguaci\u00f3n y estabilidad. \u26a1\ud83c\udfc0<\/p>\n<\/div>\n<\/div>\n<\/div>\n<\/div>\n<\/div>\n<\/div>\n<\/div>\n<\/div>\n<\/article>\n<\/div>\n<\/div>\n<\/div>\n<\/div>\n","protected":false},"excerpt":{"rendered":"<p>\u00a0Air Zoom GT Cut 3 Vapor son unas zapatillas de alto rendimiento dise\u00f1adas para jugadores de baloncesto que buscan velocidad,<\/p>\n","protected":false},"featured_media":78261,"comment_status":"open","ping_status":"closed","template":"","meta":{"nf_dc_page":""},"product_brand":[],"product_cat":[76],"product_tag":[],"class_list":{"0":"post-78260","1":"product","2":"type-product","3":"status-publish","4":"has-post-thumbnail","6":"product_cat-masculino","8":"first","9":"outofstock","10":"shipping-taxable","11":"purchasable","12":"product-type-simple"},"_links":{"self":[{"href":"https:\/\/brandss.com.py\/index\/wp-json\/wp\/v2\/product\/78260","targetHints":{"allow":["GET"]}}],"collection":[{"href":"https:\/\/brandss.com.py\/index\/wp-json\/wp\/v2\/product"}],"about":[{"href":"https:\/\/brandss.com.py\/index\/wp-json\/wp\/v2\/types\/product"}],"replies":[{"embeddable":true,"href":"https:\/\/brandss.com.py\/index\/wp-json\/wp\/v2\/comments?post=78260"}],"version-history":[{"count":1,"href":"https:\/\/brandss.com.py\/index\/wp-json\/wp\/v2\/product\/78260\/revisions"}],"predecessor-version":[{"id":78268,"href":"https:\/\/brandss.com.py\/index\/wp-json\/wp\/v2\/product\/78260\/revisions\/78268"}],"wp:featuredmedia":[{"embeddable":true,"href":"https:\/\/brandss.com.py\/index\/wp-json\/wp\/v2\/media\/78261"}],"wp:attachment":[{"href":"https:\/\/brandss.com.py\/index\/wp-json\/wp\/v2\/media?parent=78260"}],"wp:term":[{"taxonomy":"product_brand","embeddable":true,"href":"https:\/\/brandss.com.py\/index\/wp-json\/wp\/v2\/product_brand?post=78260"},{"taxonomy":"product_cat","embeddable":true,"href":"https:\/\/brandss.com.py\/index\/wp-json\/wp\/v2\/product_cat?post=78260"},{"taxonomy":"product_tag","embeddable":true,"href":"https:\/\/brandss.com.py\/index\/wp-json\/wp\/v2\/product_tag?post=78260"}],"curies":[{"name":"wp","href":"https:\/\/api.w.org\/{rel}","templated":true}]}}