{"id":78287,"date":"2025-03-28T13:10:30","date_gmt":"2025-03-28T13:10:30","guid":{"rendered":"https:\/\/brandss.com.py\/index\/?post_type=product&#038;p=78287"},"modified":"2026-01-19T12:39:55","modified_gmt":"2026-01-19T12:39:55","slug":"calzado-deportivo-masculino-nike-air-maxdn","status":"publish","type":"product","link":"https:\/\/brandss.com.py\/index\/producto\/calzado-deportivo-masculino-nike-air-maxdn\/","title":{"rendered":"CALZADO DEPORTIVO MASCULINO NIKE AIR MAXDN"},"content":{"rendered":"<p><img loading=\"lazy\" decoding=\"async\" class=\"\" src=\"https:\/\/1000marcas.net\/wp-content\/uploads\/2019\/11\/Logo-Nike.jpg\" alt=\"Logo de Nike: la historia y el significado del logotipo, la ...\" width=\"267\" height=\"150\" \/><\/p>\n<div class=\"flex flex-1 grow basis-auto flex-col overflow-hidden\">\n<div class=\"relative h-full\">\n<div class=\"flex h-full flex-col overflow-y-auto [scrollbar-gutter:stable]\">\n<div class=\"mt-1.5 flex flex-col text-sm @thread-xl\/thread:pt-header-height md:pb-9\">\n<article class=\"w-full text-token-text-primary\" dir=\"auto\" data-testid=\"conversation-turn-10\" data-scroll-anchor=\"true\">\n<div class=\"text-base my-auto mx-auto py-5 px-6\">\n<div class=\"mx-auto flex flex-1 text-base gap-4 md:gap-5 lg:gap-6 md:max-w-3xl group\/turn-messages focus-visible:outline-none\">\n<div class=\"group\/conversation-turn relative flex w-full min-w-0 flex-col agent-turn @xs\/thread:px-0 @sm\/thread:px-1.5 @md\/thread:px-4\">\n<div class=\"relative flex-col gap-1 md:gap-3\">\n<div class=\"flex max-w-full flex-col flex-grow\">\n<div class=\"min-h-8 text-message relative flex w-full flex-col items-end gap-2 whitespace-normal break-words text-start [.text-message+&amp;]:mt-5\" dir=\"auto\" data-message-author-role=\"assistant\" data-message-id=\"e09766cb-1611-414d-ac27-ae6322d4bc16\" data-message-model-slug=\"gpt-4o\">\n<div class=\"flex w-full flex-col gap-1 empty:hidden first:pt-[3px]\">\n<div class=\"markdown prose w-full break-words dark:prose-invert light\">\n<p class=\"\" data-start=\"83\" data-end=\"511\">Los <strong data-start=\"87\" data-end=\"106\">Nike Air Max Dn<\/strong> marcan una nueva era en la tecnolog\u00eda Air con su innovador sistema <strong data-start=\"174\" data-end=\"189\">Dynamic Air<\/strong>. Este dise\u00f1o incorpora <strong data-start=\"213\" data-end=\"238\">tubos de presi\u00f3n dual<\/strong> que responden a cada paso, proporcionando una sensaci\u00f3n de amortiguaci\u00f3n reactiva y comodidad duradera. Su est\u00e9tica futurista y su construcci\u00f3n equilibrada hacen que sean perfectos tanto para el d\u00eda como para la noche, combinando estilo y rendimiento en cada movimiento.<\/p>\n<hr class=\"\" data-start=\"513\" data-end=\"516\" \/>\n<h4 class=\"\" data-start=\"518\" data-end=\"545\"><strong data-start=\"523\" data-end=\"543\">Caracter\u00edsticas:<\/strong><\/h4>\n<p class=\"\" data-start=\"547\" data-end=\"578\">\u2705 <strong data-start=\"549\" data-end=\"576\">Tecnolog\u00eda Dynamic Air:<\/strong><\/p>\n<ul data-start=\"579\" data-end=\"752\">\n<li class=\"\" data-start=\"579\" data-end=\"693\">\n<p class=\"\" data-start=\"581\" data-end=\"693\">Sistema de amortiguaci\u00f3n basado en <strong data-start=\"616\" data-end=\"641\">tubos de presi\u00f3n dual<\/strong> para mayor reactividad y suavidad en cada pisada.<\/p>\n<\/li>\n<li class=\"\" data-start=\"694\" data-end=\"752\">\n<p class=\"\" data-start=\"696\" data-end=\"752\">Sensaci\u00f3n din\u00e1mica y c\u00f3moda, ideal para el uso diario.<\/p>\n<\/li>\n<\/ul>\n<p class=\"\" data-start=\"754\" data-end=\"790\">\u2705 <strong data-start=\"756\" data-end=\"788\">Dise\u00f1o futurista y elegante:<\/strong><\/p>\n<ul data-start=\"791\" data-end=\"929\">\n<li class=\"\" data-start=\"791\" data-end=\"874\">\n<p class=\"\" data-start=\"793\" data-end=\"874\">L\u00edneas modernas y estructura innovadora que reflejan una est\u00e9tica vanguardista.<\/p>\n<\/li>\n<li class=\"\" data-start=\"875\" data-end=\"929\">\n<p class=\"\" data-start=\"877\" data-end=\"929\">Versatilidad para combinar con diferentes estilos.<\/p>\n<\/li>\n<\/ul>\n<p class=\"\" data-start=\"931\" data-end=\"958\">\u2705 <strong data-start=\"933\" data-end=\"956\">Comodidad superior:<\/strong><\/p>\n<ul data-start=\"959\" data-end=\"1107\">\n<li class=\"\" data-start=\"959\" data-end=\"1025\">\n<p class=\"\" data-start=\"961\" data-end=\"1025\">Ajuste ergon\u00f3mico para mayor estabilidad y confort prolongado.<\/p>\n<\/li>\n<li class=\"\" data-start=\"1026\" data-end=\"1107\">\n<p class=\"\" data-start=\"1028\" data-end=\"1107\">Materiales ligeros y transpirables para una sensaci\u00f3n fresca en todo momento.<\/p>\n<\/li>\n<\/ul>\n<p class=\"\" data-start=\"1109\" data-end=\"1151\">\u2705 <strong data-start=\"1111\" data-end=\"1149\">Durabilidad y tracci\u00f3n optimizada:<\/strong><\/p>\n<ul data-start=\"1152\" data-end=\"1309\">\n<li class=\"\" data-start=\"1152\" data-end=\"1237\">\n<p class=\"\" data-start=\"1154\" data-end=\"1237\">Suela de goma con dise\u00f1o especializado para mayor agarre en diversas superficies.<\/p>\n<\/li>\n<li class=\"\" data-start=\"1238\" data-end=\"1309\">\n<p class=\"\" data-start=\"1240\" data-end=\"1309\">Construcci\u00f3n robusta para un uso prolongado sin perder rendimiento.<\/p>\n<\/li>\n<\/ul>\n<p class=\"\" data-start=\"1311\" data-end=\"1339\">\u2705 <strong data-start=\"1313\" data-end=\"1337\">Colores disponibles:<\/strong><\/p>\n<ul data-start=\"1340\" data-end=\"1433\">\n<li class=\"\" data-start=\"1340\" data-end=\"1433\">\n<p class=\"\" data-start=\"1342\" data-end=\"1433\"><strong data-start=\"1342\" data-end=\"1384\">Negro\/Negro\/Gris oscuro met\u00e1lico\/Negro<\/strong> y otras combinaciones seg\u00fan la disponibilidad.<\/p>\n<\/li>\n<\/ul>\n<p class=\"\" data-start=\"1435\" data-end=\"1661\">Los <strong data-start=\"1439\" data-end=\"1458\">Nike Air Max Dn<\/strong> redefinen la experiencia de amortiguaci\u00f3n con su tecnolog\u00eda de aire din\u00e1mico, ofreciendo un dise\u00f1o innovador y comodidad inigualable para quienes buscan estilo y rendimiento en un solo par de tenis. \u26a1<\/p>\n<\/div>\n<\/div>\n<\/div>\n<\/div>\n<\/div>\n<\/div>\n<\/div>\n<\/div>\n<\/article>\n<\/div>\n<\/div>\n<\/div>\n<\/div>\n","protected":false},"excerpt":{"rendered":"<p>Los Nike Air Max Dn marcan una nueva era en la tecnolog\u00eda Air con su innovador sistema Dynamic Air. Este<\/p>\n","protected":false},"featured_media":78289,"comment_status":"open","ping_status":"closed","template":"","meta":{"nf_dc_page":""},"product_brand":[1333],"product_cat":[76],"product_tag":[2530],"class_list":{"0":"post-78287","1":"product","2":"type-product","3":"status-publish","4":"has-post-thumbnail","6":"product_brand-nike","7":"product_cat-masculino","8":"product_tag-dv3337-006","10":"first","11":"outofstock","12":"shipping-taxable","13":"purchasable","14":"product-type-simple"},"_links":{"self":[{"href":"https:\/\/brandss.com.py\/index\/wp-json\/wp\/v2\/product\/78287","targetHints":{"allow":["GET"]}}],"collection":[{"href":"https:\/\/brandss.com.py\/index\/wp-json\/wp\/v2\/product"}],"about":[{"href":"https:\/\/brandss.com.py\/index\/wp-json\/wp\/v2\/types\/product"}],"replies":[{"embeddable":true,"href":"https:\/\/brandss.com.py\/index\/wp-json\/wp\/v2\/comments?post=78287"}],"version-history":[{"count":1,"href":"https:\/\/brandss.com.py\/index\/wp-json\/wp\/v2\/product\/78287\/revisions"}],"predecessor-version":[{"id":78308,"href":"https:\/\/brandss.com.py\/index\/wp-json\/wp\/v2\/product\/78287\/revisions\/78308"}],"wp:featuredmedia":[{"embeddable":true,"href":"https:\/\/brandss.com.py\/index\/wp-json\/wp\/v2\/media\/78289"}],"wp:attachment":[{"href":"https:\/\/brandss.com.py\/index\/wp-json\/wp\/v2\/media?parent=78287"}],"wp:term":[{"taxonomy":"product_brand","embeddable":true,"href":"https:\/\/brandss.com.py\/index\/wp-json\/wp\/v2\/product_brand?post=78287"},{"taxonomy":"product_cat","embeddable":true,"href":"https:\/\/brandss.com.py\/index\/wp-json\/wp\/v2\/product_cat?post=78287"},{"taxonomy":"product_tag","embeddable":true,"href":"https:\/\/brandss.com.py\/index\/wp-json\/wp\/v2\/product_tag?post=78287"}],"curies":[{"name":"wp","href":"https:\/\/api.w.org\/{rel}","templated":true}]}}