{"id":78383,"date":"2025-03-29T12:14:50","date_gmt":"2025-03-29T12:14:50","guid":{"rendered":"https:\/\/brandss.com.py\/index\/?post_type=product&#038;p=78383"},"modified":"2025-03-29T12:15:24","modified_gmt":"2025-03-29T12:15:24","slug":"calzado-deportivo-femenino-nike-pegasus-40","status":"publish","type":"product","link":"https:\/\/brandss.com.py\/index\/producto\/calzado-deportivo-femenino-nike-pegasus-40\/","title":{"rendered":"CALZADO DEPORTIVO FEMENINO NIKE PEGASUS 40"},"content":{"rendered":"<p><img loading=\"lazy\" decoding=\"async\" class=\"\" src=\"https:\/\/1000marcas.net\/wp-content\/uploads\/2019\/11\/Logo-Nike.jpg\" alt=\"Logo de Nike: la historia y el significado del logotipo, la ...\" width=\"381\" height=\"214\" \/><\/p>\n<div class=\"flex flex-1 grow basis-auto flex-col overflow-hidden\">\n<div class=\"relative h-full\">\n<div class=\"flex h-full flex-col overflow-y-auto [scrollbar-gutter:stable]\">\n<div class=\"mt-1.5 flex flex-col text-sm @thread-xl\/thread:pt-header-height md:pb-9\">\n<article class=\"w-full text-token-text-primary\" dir=\"auto\" data-testid=\"conversation-turn-2\" data-scroll-anchor=\"true\">\n<div class=\"text-base my-auto mx-auto py-5 px-6\">\n<div class=\"mx-auto flex flex-1 text-base gap-4 md:gap-5 lg:gap-6 md:max-w-3xl group\/turn-messages focus-visible:outline-none\">\n<div class=\"group\/conversation-turn relative flex w-full min-w-0 flex-col agent-turn @xs\/thread:px-0 @sm\/thread:px-1.5 @md\/thread:px-4\">\n<div class=\"relative flex-col gap-1 md:gap-3\">\n<div class=\"flex max-w-full flex-col flex-grow\">\n<div class=\"min-h-8 text-message relative flex w-full flex-col items-end gap-2 whitespace-normal break-words text-start [.text-message+&amp;]:mt-5\" dir=\"auto\" data-message-author-role=\"assistant\" data-message-id=\"0988d480-6b56-4133-8d93-020e0ce62bff\" data-message-model-slug=\"gpt-4o\">\n<div class=\"flex w-full flex-col gap-1 empty:hidden first:pt-[3px]\">\n<div class=\"markdown prose w-full break-words dark:prose-invert light\">\n<h1 data-start=\"0\" data-end=\"269\"><strong data-start=\"3\" data-end=\"31\">Nike Air Zoom Pegasus 40<\/strong><\/h1>\n<p class=\"\" data-start=\"0\" data-end=\"269\">Es un modelo de zapatillas de running dise\u00f1ado para ofrecer comodidad, soporte y respuesta en cada zancada. Es una de las versiones m\u00e1s recientes de la ic\u00f3nica l\u00ednea Pegasus, ideal tanto para corredores principiantes como experimentados.<\/p>\n<h3 class=\"\" data-start=\"271\" data-end=\"307\"><strong data-start=\"275\" data-end=\"307\">Caracter\u00edsticas principales:<\/strong><\/h3>\n<ul data-start=\"308\" data-end=\"1035\">\n<li class=\"\" data-start=\"308\" data-end=\"467\">\n<p class=\"\" data-start=\"310\" data-end=\"467\"><strong data-start=\"310\" data-end=\"337\">Amortiguaci\u00f3n Reactiva:<\/strong> Incorpora unidades <strong data-start=\"357\" data-end=\"369\">Zoom Air<\/strong> en el antepi\u00e9 y el tal\u00f3n para una sensaci\u00f3n de retorno de energ\u00eda y mayor impulso en cada paso.<\/p>\n<\/li>\n<li class=\"\" data-start=\"468\" data-end=\"614\">\n<p class=\"\" data-start=\"470\" data-end=\"614\"><strong data-start=\"470\" data-end=\"487\">Espuma React:<\/strong> La entresuela est\u00e1 fabricada con espuma <strong data-start=\"528\" data-end=\"542\">Nike React<\/strong>, que proporciona una combinaci\u00f3n equilibrada de suavidad y respuesta.<\/p>\n<\/li>\n<li class=\"\" data-start=\"615\" data-end=\"754\">\n<p class=\"\" data-start=\"617\" data-end=\"754\"><strong data-start=\"617\" data-end=\"649\">Parte Superior Transpirable:<\/strong> Su upper de malla t\u00e9cnica permite una ventilaci\u00f3n \u00f3ptima y ajuste c\u00f3modo para diferentes tipos de pie.<\/p>\n<\/li>\n<li class=\"\" data-start=\"755\" data-end=\"892\">\n<p class=\"\" data-start=\"757\" data-end=\"892\"><strong data-start=\"757\" data-end=\"777\">Ajuste Mejorado:<\/strong> Se ha redise\u00f1ado la zona del mediopi\u00e9 para ofrecer un ajuste m\u00e1s natural y seguro, ideal para largas distancias.<\/p>\n<\/li>\n<li class=\"\" data-start=\"893\" data-end=\"1035\">\n<p class=\"\" data-start=\"895\" data-end=\"1035\"><strong data-start=\"895\" data-end=\"922\">Durabilidad y Tracci\u00f3n:<\/strong> La suela de goma con dise\u00f1o tipo waffle mejora la tracci\u00f3n y resistencia al desgaste en distintas superficies.<\/p>\n<\/li>\n<\/ul>\n<h3 class=\"\" data-start=\"1037\" data-end=\"1068\"><strong data-start=\"1041\" data-end=\"1066\">\u00bfPara qui\u00e9n es ideal?<\/strong><\/h3>\n<p class=\"\" data-start=\"1069\" data-end=\"1271\">El <strong data-start=\"1072\" data-end=\"1100\">Nike Air Zoom Pegasus 40<\/strong> es perfecto para corredores de todo nivel que buscan una zapatilla vers\u00e1til, c\u00f3moda y con buena respuesta en entrenamientos diarios o carreras de media y larga distancia.<\/p>\n<p class=\"\" data-start=\"1273\" data-end=\"1440\">Si buscas un calzado confiable con un equilibrio entre comodidad y rendimiento, esta es una excelente opci\u00f3n.<\/p>\n<\/div>\n<\/div>\n<\/div>\n<\/div>\n<\/div>\n<\/div>\n<\/div>\n<\/div>\n<\/article>\n<\/div>\n<\/div>\n<\/div>\n<\/div>\n","protected":false},"excerpt":{"rendered":"<p>Nike Air Zoom Pegasus 40 Es un modelo de zapatillas de running dise\u00f1ado para ofrecer comodidad, soporte y respuesta en<\/p>\n","protected":false},"featured_media":78386,"comment_status":"open","ping_status":"closed","template":"","meta":{"nf_dc_page":""},"product_brand":[],"product_cat":[73],"product_tag":[],"class_list":{"0":"post-78383","1":"product","2":"type-product","3":"status-publish","4":"has-post-thumbnail","6":"product_cat-femenino","8":"first","9":"instock","10":"shipping-taxable","11":"purchasable","12":"product-type-simple"},"_links":{"self":[{"href":"https:\/\/brandss.com.py\/index\/wp-json\/wp\/v2\/product\/78383","targetHints":{"allow":["GET"]}}],"collection":[{"href":"https:\/\/brandss.com.py\/index\/wp-json\/wp\/v2\/product"}],"about":[{"href":"https:\/\/brandss.com.py\/index\/wp-json\/wp\/v2\/types\/product"}],"replies":[{"embeddable":true,"href":"https:\/\/brandss.com.py\/index\/wp-json\/wp\/v2\/comments?post=78383"}],"version-history":[{"count":1,"href":"https:\/\/brandss.com.py\/index\/wp-json\/wp\/v2\/product\/78383\/revisions"}],"predecessor-version":[{"id":78392,"href":"https:\/\/brandss.com.py\/index\/wp-json\/wp\/v2\/product\/78383\/revisions\/78392"}],"wp:featuredmedia":[{"embeddable":true,"href":"https:\/\/brandss.com.py\/index\/wp-json\/wp\/v2\/media\/78386"}],"wp:attachment":[{"href":"https:\/\/brandss.com.py\/index\/wp-json\/wp\/v2\/media?parent=78383"}],"wp:term":[{"taxonomy":"product_brand","embeddable":true,"href":"https:\/\/brandss.com.py\/index\/wp-json\/wp\/v2\/product_brand?post=78383"},{"taxonomy":"product_cat","embeddable":true,"href":"https:\/\/brandss.com.py\/index\/wp-json\/wp\/v2\/product_cat?post=78383"},{"taxonomy":"product_tag","embeddable":true,"href":"https:\/\/brandss.com.py\/index\/wp-json\/wp\/v2\/product_tag?post=78383"}],"curies":[{"name":"wp","href":"https:\/\/api.w.org\/{rel}","templated":true}]}}