{"id":78740,"date":"2025-03-31T18:56:58","date_gmt":"2025-03-31T18:56:58","guid":{"rendered":"https:\/\/brandss.com.py\/index\/?post_type=product&#038;p=78740"},"modified":"2026-01-26T11:28:22","modified_gmt":"2026-01-26T11:28:22","slug":"calzado-deportivo-adidas-masculino-x-speedflowfg","status":"publish","type":"product","link":"https:\/\/brandss.com.py\/index\/producto\/calzado-deportivo-adidas-masculino-x-speedflowfg\/","title":{"rendered":"CALZADO DEPORTIVO ADIDAS MASCULINO X SPEEDFLOW+FG"},"content":{"rendered":"<p><img loading=\"lazy\" decoding=\"async\" class=\"\" src=\"https:\/\/upload.wikimedia.org\/wikipedia\/commons\/2\/20\/Adidas_Logo.svg\" alt=\"Archivo:Adidas Logo.svg - Wikipedia, la enciclopedia libre\" width=\"255\" height=\"176\" \/><\/p>\n<h1 data-start=\"0\" data-end=\"62\"><strong data-start=\"4\" data-end=\"60\">X SPEEDFLOW+ FG \u2013 VELOCIDAD SIN L\u00cdMITES<\/strong><\/h1>\n<p class=\"\" data-start=\"64\" data-end=\"446\">Dise\u00f1ados para los jugadores m\u00e1s r\u00e1pidos y \u00e1giles del campo, los <strong data-start=\"129\" data-end=\"155\">Adidas X Speedflow+ FG<\/strong> te ofrecen una combinaci\u00f3n perfecta de ligereza, ajuste y explosividad. Este modelo sin cordones est\u00e1 pensado para futbolistas que conf\u00edan en su velocidad y reacci\u00f3n para superar a los rivales, proporcionando un contacto perfecto con el bal\u00f3n y una tracci\u00f3n optimizada en terrenos firmes.<\/p>\n<h4 class=\"\" data-start=\"448\" data-end=\"493\"><strong data-start=\"453\" data-end=\"491\">DISE\u00d1O INNOVADOR Y AJUSTE PERFECTO<\/strong><\/h4>\n<p class=\"\" data-start=\"494\" data-end=\"794\">Los <strong data-start=\"498\" data-end=\"517\">X Speedflow+ FG<\/strong> presentan una <strong data-start=\"532\" data-end=\"582\">parte superior de tejido Primeknit ultraligero<\/strong>, que se adapta al pie como una segunda piel, proporcionando un ajuste ce\u00f1ido y seguro sin necesidad de cordones. Su construcci\u00f3n flexible permite movimientos naturales y transiciones r\u00e1pidas sin restricciones.<\/p>\n<p class=\"\" data-start=\"796\" data-end=\"932\">Adem\u00e1s, la tecnolog\u00eda <strong data-start=\"818\" data-end=\"833\">Agilitycage<\/strong> refuerza las zonas clave del pie para ofrecer estabilidad en cada cambio de direcci\u00f3n explosivo.<\/p>\n<h4 class=\"\" data-start=\"934\" data-end=\"976\"><strong data-start=\"939\" data-end=\"974\">AMORTIGUACI\u00d3N Y COMODIDAD TOTAL<\/strong><\/h4>\n<p class=\"\" data-start=\"977\" data-end=\"1247\">Para un confort inigualable, este modelo incorpora una <strong data-start=\"1032\" data-end=\"1056\">entresuela acolchada<\/strong> que reduce la presi\u00f3n en los pies durante los 90 minutos de juego. Su dise\u00f1o ergon\u00f3mico y la leng\u00fceta integrada aseguran un ajuste c\u00f3modo y una sensaci\u00f3n de m\u00e1xima libertad en cada jugada.<\/p>\n<h4 class=\"\" data-start=\"1249\" data-end=\"1299\"><strong data-start=\"1254\" data-end=\"1297\">RENDIMIENTO SUPERIOR EN TERRENOS FIRMES<\/strong><\/h4>\n<p class=\"\" data-start=\"1300\" data-end=\"1592\">Equipados con una <strong data-start=\"1318\" data-end=\"1347\">suela exterior Speedframe<\/strong>, los <strong data-start=\"1353\" data-end=\"1379\">Adidas X Speedflow+ FG<\/strong> optimizan la velocidad y la aceleraci\u00f3n en canchas de c\u00e9sped natural seco. Su sistema de tacos estrat\u00e9gicamente distribuidos mejora la tracci\u00f3n y proporciona una respuesta inmediata en los arranques y frenadas.<\/p>\n<h4 class=\"\" data-start=\"1594\" data-end=\"1633\"><strong data-start=\"1599\" data-end=\"1631\">CARACTER\u00cdSTICAS PRINCIPALES:<\/strong><\/h4>\n<p class=\"\" data-start=\"1634\" data-end=\"2097\">\u2714 <strong data-start=\"1636\" data-end=\"1656\">Tipo de terreno:<\/strong> Firm Ground (FG) \u2013 C\u00e9sped natural seco.<br data-start=\"1696\" data-end=\"1699\" \/>\u2714 <strong data-start=\"1701\" data-end=\"1720\">Parte superior:<\/strong> Primeknit ultraligero sin cordones para un ajuste perfecto.<br data-start=\"1780\" data-end=\"1783\" \/>\u2714 <strong data-start=\"1785\" data-end=\"1812\">Tecnolog\u00eda Agilitycage:<\/strong> Refuerzo estructural para mayor estabilidad.<br data-start=\"1857\" data-end=\"1860\" \/>\u2714 <strong data-start=\"1862\" data-end=\"1883\">Suela Speedframe:<\/strong> Ligera y reactiva, dise\u00f1ada para m\u00e1xima aceleraci\u00f3n.<br data-start=\"1936\" data-end=\"1939\" \/>\u2714 <strong data-start=\"1941\" data-end=\"1968\">Configuraci\u00f3n de tacos:<\/strong> Optimizada para cambios de direcci\u00f3n explosivos.<br data-start=\"2017\" data-end=\"2020\" \/>\u2714 <strong data-start=\"2022\" data-end=\"2046\">Dise\u00f1o aerodin\u00e1mico:<\/strong> Ideal para jugadores que priorizan la velocidad.<\/p>\n<p class=\"\" data-start=\"2099\" data-end=\"2279\">Con los <strong data-start=\"2107\" data-end=\"2133\">Adidas X Speedflow+ FG<\/strong>, estar\u00e1s listo para superar cualquier desaf\u00edo en el campo con una velocidad y control incomparables. \u00a1Corre, dribla y define con total confianza!<\/p>\n<p>&nbsp;<\/p>\n","protected":false},"excerpt":{"rendered":"<p>X SPEEDFLOW+ FG \u2013 VELOCIDAD SIN L\u00cdMITES Dise\u00f1ados para los jugadores m\u00e1s r\u00e1pidos y \u00e1giles del campo, los Adidas X<\/p>\n","protected":false},"featured_media":78742,"comment_status":"open","ping_status":"closed","template":"","meta":{"nf_dc_page":""},"product_brand":[],"product_cat":[76],"product_tag":[],"class_list":{"0":"post-78740","1":"product","2":"type-product","3":"status-publish","4":"has-post-thumbnail","6":"product_cat-masculino","8":"first","9":"outofstock","10":"shipping-taxable","11":"purchasable","12":"product-type-simple"},"_links":{"self":[{"href":"https:\/\/brandss.com.py\/index\/wp-json\/wp\/v2\/product\/78740","targetHints":{"allow":["GET"]}}],"collection":[{"href":"https:\/\/brandss.com.py\/index\/wp-json\/wp\/v2\/product"}],"about":[{"href":"https:\/\/brandss.com.py\/index\/wp-json\/wp\/v2\/types\/product"}],"replies":[{"embeddable":true,"href":"https:\/\/brandss.com.py\/index\/wp-json\/wp\/v2\/comments?post=78740"}],"version-history":[{"count":1,"href":"https:\/\/brandss.com.py\/index\/wp-json\/wp\/v2\/product\/78740\/revisions"}],"predecessor-version":[{"id":78748,"href":"https:\/\/brandss.com.py\/index\/wp-json\/wp\/v2\/product\/78740\/revisions\/78748"}],"wp:featuredmedia":[{"embeddable":true,"href":"https:\/\/brandss.com.py\/index\/wp-json\/wp\/v2\/media\/78742"}],"wp:attachment":[{"href":"https:\/\/brandss.com.py\/index\/wp-json\/wp\/v2\/media?parent=78740"}],"wp:term":[{"taxonomy":"product_brand","embeddable":true,"href":"https:\/\/brandss.com.py\/index\/wp-json\/wp\/v2\/product_brand?post=78740"},{"taxonomy":"product_cat","embeddable":true,"href":"https:\/\/brandss.com.py\/index\/wp-json\/wp\/v2\/product_cat?post=78740"},{"taxonomy":"product_tag","embeddable":true,"href":"https:\/\/brandss.com.py\/index\/wp-json\/wp\/v2\/product_tag?post=78740"}],"curies":[{"name":"wp","href":"https:\/\/api.w.org\/{rel}","templated":true}]}}