{"id":78785,"date":"2025-04-01T11:36:29","date_gmt":"2025-04-01T11:36:29","guid":{"rendered":"https:\/\/brandss.com.py\/index\/?post_type=product&#038;p=78785"},"modified":"2026-04-13T16:21:44","modified_gmt":"2026-04-13T16:21:44","slug":"teclado-gamer-redragon-caesura-k718gb-r-con-cable-ingles-negro","status":"publish","type":"product","link":"https:\/\/brandss.com.py\/index\/producto\/teclado-gamer-redragon-caesura-k718gb-r-con-cable-ingles-negro\/","title":{"rendered":"TECLADO GAMER REDRAGON CAESURA K718GB-R &#8211; CON CABLE &#8211; INGLES &#8211; NEGRO"},"content":{"rendered":"<p><img loading=\"lazy\" decoding=\"async\" class=\"\" src=\"https:\/\/logodownload.org\/wp-content\/uploads\/2020\/03\/redragon-logo-0.png\" alt=\"Redragon Logo - PNG y Vector\" width=\"224\" height=\"224\" \/><\/p>\n<p>El Redragon Caesura K718GB-R es un completo teclado mec\u00e1nico, ideal para gamers y usuarios que buscan rendimiento y personalizaci\u00f3n. Dispone de 104 teclas con interruptores mec\u00e1nicos lineales de color Rojo, conocidos por su suavidad y r\u00e1pida respuesta.<\/p>\n<div class=\"col-12 item_detail item_dark \">\n<div class=\"col-6 item\">Marca<\/div>\n<div class=\"col-6 item\">Redragon<\/div>\n<\/div>\n<div class=\"col-12 item_detail \">\n<div class=\"col-6 item\">Modelo<\/div>\n<div class=\"col-6 item\">Caesura K718GB-R<\/div>\n<\/div>\n<div class=\"col-12 item_detail item_dark \">\n<div class=\"col-6 item\">Color<\/div>\n<div class=\"col-6 item\">Negro<\/div>\n<\/div>\n<div class=\"col-12 item_detail \">\n<div class=\"col-6 item\">Cantidad de teclas<\/div>\n<div class=\"col-6 item\">104<\/div>\n<\/div>\n<div class=\"col-12 item_detail item_dark \">\n<div class=\"col-6 item\">Tipo Switch<\/div>\n<div class=\"col-6 item\">Mec\u00e1nico<\/div>\n<\/div>\n<div class=\"col-12 item_detail \">\n<div class=\"col-6 item\">Conexi\u00f3n<\/div>\n<div class=\"col-6 item\">USB Tipo C desmontable<\/div>\n<\/div>\n<div class=\"col-12 item_detail item_dark \">\n<div class=\"col-6 item\">Largor del cable<\/div>\n<div class=\"col-6 item\">1.8 metros<\/div>\n<\/div>\n<div class=\"col-12 item_detail \">\n<div class=\"col-6 item\">Idioma<\/div>\n<div class=\"col-6 item\">Ingl\u00e9s<\/div>\n<\/div>\n<div class=\"col-12 item_detail item_dark \">\n<div class=\"col-6 item\">Dimensiones del Embalaje<\/div>\n<div class=\"col-6 item\">16.80 cm X 44.70 cm X 4.40 cm<\/div>\n<\/div>\n<div class=\"col-12 item_detail \">\n<div class=\"col-6 item\">Peso Bruto<\/div>\n<div class=\"col-6 item\">0.966 kg<\/div>\n<\/div>\n","protected":false},"excerpt":{"rendered":"<p>El Redragon Caesura K718GB-R es un completo teclado mec\u00e1nico, ideal para gamers y usuarios que buscan rendimiento y personalizaci\u00f3n. Dispone<\/p>\n","protected":false},"featured_media":78786,"comment_status":"open","ping_status":"closed","template":"","meta":{"nf_dc_page":""},"product_brand":[],"product_cat":[92],"product_tag":[],"class_list":{"0":"post-78785","1":"product","2":"type-product","3":"status-publish","4":"has-post-thumbnail","6":"product_cat-informatica","8":"first","9":"outofstock","10":"shipping-taxable","11":"purchasable","12":"product-type-simple"},"_links":{"self":[{"href":"https:\/\/brandss.com.py\/index\/wp-json\/wp\/v2\/product\/78785","targetHints":{"allow":["GET"]}}],"collection":[{"href":"https:\/\/brandss.com.py\/index\/wp-json\/wp\/v2\/product"}],"about":[{"href":"https:\/\/brandss.com.py\/index\/wp-json\/wp\/v2\/types\/product"}],"replies":[{"embeddable":true,"href":"https:\/\/brandss.com.py\/index\/wp-json\/wp\/v2\/comments?post=78785"}],"version-history":[{"count":2,"href":"https:\/\/brandss.com.py\/index\/wp-json\/wp\/v2\/product\/78785\/revisions"}],"predecessor-version":[{"id":78790,"href":"https:\/\/brandss.com.py\/index\/wp-json\/wp\/v2\/product\/78785\/revisions\/78790"}],"wp:featuredmedia":[{"embeddable":true,"href":"https:\/\/brandss.com.py\/index\/wp-json\/wp\/v2\/media\/78786"}],"wp:attachment":[{"href":"https:\/\/brandss.com.py\/index\/wp-json\/wp\/v2\/media?parent=78785"}],"wp:term":[{"taxonomy":"product_brand","embeddable":true,"href":"https:\/\/brandss.com.py\/index\/wp-json\/wp\/v2\/product_brand?post=78785"},{"taxonomy":"product_cat","embeddable":true,"href":"https:\/\/brandss.com.py\/index\/wp-json\/wp\/v2\/product_cat?post=78785"},{"taxonomy":"product_tag","embeddable":true,"href":"https:\/\/brandss.com.py\/index\/wp-json\/wp\/v2\/product_tag?post=78785"}],"curies":[{"name":"wp","href":"https:\/\/api.w.org\/{rel}","templated":true}]}}