{"id":79067,"date":"2025-04-03T13:56:34","date_gmt":"2025-04-03T13:56:34","guid":{"rendered":"https:\/\/brandss.com.py\/index\/?post_type=product&#038;p=79067"},"modified":"2025-04-03T13:59:16","modified_gmt":"2025-04-03T13:59:16","slug":"rejoj-unisex-g-tide-smartwatch-q1-black","status":"publish","type":"product","link":"https:\/\/brandss.com.py\/index\/producto\/rejoj-unisex-g-tide-smartwatch-q1-black\/","title":{"rendered":"REJOJ UNISEX G-TIDE SMARTWATCH Q1 BLACK"},"content":{"rendered":"<p><img loading=\"lazy\" decoding=\"async\" class=\"\" src=\"https:\/\/gtide.com.br\/wp-content\/uploads\/2024\/04\/gtideazul.svg\" alt=\"G-TiDE Brasil \u2013 Easy life, Easy fun!\" width=\"119\" height=\"46\" \/><\/p>\n<h1>Q1<\/h1>\n<p>El reloj Smartwatch G-Tide Q1 es ideal para quienes buscan un dispositivo elegante y funcional. Cuenta con una pantalla t\u00e1ctil de 1.83&#8243; grande en color HD de 1,83 pulgadas, 240 x 284, lo que te ofrece una experiencia visual amplia y fluida. El reloj inteligente G-Tide utiliza tecnolog\u00eda avanzada Bluetooth 5.2 y BT 3.0 para que puedas hacer\/responder o colgar llamadas directamente en \u00e9l. El reloj inteligente tiene m\u00e1s de 100 modos (golf, ciclismo, correr, saltar, yoga, balonmano, nataci\u00f3n, baloncesto, f\u00fatbol, \u200b\u200betc.). El reloj inteligente hace que tu entrenamiento sea m\u00e1s cient\u00edfico. Puede realizar un seguimiento de los datos de su actividad diaria, como pasos, tiempo de actividad, distancia y calor\u00edas. La bater\u00eda de larga duraci\u00f3n aproximadamente hasta 7 d\u00edas lo convierte en un compa\u00f1ero confiable para monitorear tu actividad diaria. Este reloj inteligente de la marca G-Tide cuenta con sensores de frecuencia cardiaca, sue\u00f1o y ox\u00edgeno sangu\u00edneo, brind\u00e1ndote informaci\u00f3n valiosa sobre tu salud. Adem\u00e1s, su conectividad Bluetooth 5.2 te permite sincronizar f\u00e1cilmente el smartwatch con tu smartphone.<\/p>\n<h4 class=\"image-with-text__heading inline-richtext h2\">\u00bfQu\u00e9 caracter\u00edsticas de salud ofrece el Smartwatch Q1?<\/h4>\n<div class=\"image-with-text__text rte subtitle\">\n<p>El Smartwatch Q1 ofrece salud con monitoreo card\u00edaco, seguimiento del sue\u00f1o, contador de pasos, ox\u00edgeno en sangre y recordatorios activos, promoviendo tu bienestar.<\/p>\n<h4 class=\"image-with-text__heading inline-richtext h2\">\u00bfEl Smartwatch Q1 es resistente al agua?<\/h4>\n<div class=\"image-with-text__text rte subtitle\">\n<p>El Smartwatch Q1 est\u00e1 dise\u00f1ado con resistencia al agua, lo que significa que puede soportar salpicaduras y lluvia, pero no se recomienda para su inmersi\u00f3n en agua.<\/p>\n<h4 class=\"image-with-text__heading inline-richtext h2\">\u00bfCu\u00e1l es la duraci\u00f3n promedio de la bater\u00eda del Smartwatch Q1?<\/h4>\n<div class=\"image-with-text__text rte subtitle\">\n<p>La duraci\u00f3n de la bater\u00eda del Smartwatch Q1 puede variar seg\u00fan el uso y las configuraciones, pero en promedio, suele durar alrededor de 5 a 7 d\u00edas con un uso t\u00edpico antes de necesitar una recarga.<\/p>\n<p>&nbsp;<\/p>\n<\/div>\n<\/div>\n<\/div>\n<div><strong>Caracteristicas:<\/strong><\/div>\n<ul>\n<li>Compatibilidad con iOS y Android.<\/li>\n<li>Bater\u00eda de gran capacidad (280 mAh) con duraci\u00f3n de 7-12 d\u00edas.<\/li>\n<li>Pantalla IPS cuadrada de 1,83 pulgadas de alta resoluci\u00f3n.<\/li>\n<li>Monitoreo de sue\u00f1o, frecuencia card\u00edaca, presi\u00f3n arterial, temperatura corporal y ox\u00edgeno en sangre.<\/li>\n<li>M\u00e1s de 100 modos deportivos y resistencia al agua IP68.<\/li>\n<\/ul>\n","protected":false},"excerpt":{"rendered":"<p>Q1 El reloj Smartwatch G-Tide Q1 es ideal para quienes buscan un dispositivo elegante y funcional. Cuenta con una pantalla<\/p>\n","protected":false},"featured_media":79068,"comment_status":"open","ping_status":"closed","template":"","meta":{"nf_dc_page":""},"product_brand":[],"product_cat":[89],"product_tag":[],"class_list":{"0":"post-79067","1":"product","2":"type-product","3":"status-publish","4":"has-post-thumbnail","6":"product_cat-electronicos","8":"first","9":"instock","10":"shipping-taxable","11":"purchasable","12":"product-type-simple"},"_links":{"self":[{"href":"https:\/\/brandss.com.py\/index\/wp-json\/wp\/v2\/product\/79067","targetHints":{"allow":["GET"]}}],"collection":[{"href":"https:\/\/brandss.com.py\/index\/wp-json\/wp\/v2\/product"}],"about":[{"href":"https:\/\/brandss.com.py\/index\/wp-json\/wp\/v2\/types\/product"}],"replies":[{"embeddable":true,"href":"https:\/\/brandss.com.py\/index\/wp-json\/wp\/v2\/comments?post=79067"}],"version-history":[{"count":1,"href":"https:\/\/brandss.com.py\/index\/wp-json\/wp\/v2\/product\/79067\/revisions"}],"predecessor-version":[{"id":79073,"href":"https:\/\/brandss.com.py\/index\/wp-json\/wp\/v2\/product\/79067\/revisions\/79073"}],"wp:featuredmedia":[{"embeddable":true,"href":"https:\/\/brandss.com.py\/index\/wp-json\/wp\/v2\/media\/79068"}],"wp:attachment":[{"href":"https:\/\/brandss.com.py\/index\/wp-json\/wp\/v2\/media?parent=79067"}],"wp:term":[{"taxonomy":"product_brand","embeddable":true,"href":"https:\/\/brandss.com.py\/index\/wp-json\/wp\/v2\/product_brand?post=79067"},{"taxonomy":"product_cat","embeddable":true,"href":"https:\/\/brandss.com.py\/index\/wp-json\/wp\/v2\/product_cat?post=79067"},{"taxonomy":"product_tag","embeddable":true,"href":"https:\/\/brandss.com.py\/index\/wp-json\/wp\/v2\/product_tag?post=79067"}],"curies":[{"name":"wp","href":"https:\/\/api.w.org\/{rel}","templated":true}]}}