{"id":79158,"date":"2025-04-04T13:12:03","date_gmt":"2025-04-04T13:12:03","guid":{"rendered":"https:\/\/brandss.com.py\/index\/?post_type=product&#038;p=79158"},"modified":"2025-11-13T14:41:08","modified_gmt":"2025-11-13T14:41:08","slug":"reloj-unisex-g-tide-smartwatch-s3-pro-black","status":"publish","type":"product","link":"https:\/\/brandss.com.py\/index\/producto\/reloj-unisex-g-tide-smartwatch-s3-pro-black\/","title":{"rendered":"RELOJ UNISEX G-TIDE SMARTWATCH S3 PRO BLACK"},"content":{"rendered":"<p><img loading=\"lazy\" decoding=\"async\" class=\"\" src=\"https:\/\/gtide.com.br\/wp-content\/uploads\/2024\/04\/gtideazul.svg\" alt=\"G-TiDE Brasil \u2013 Easy life, Easy fun!\" width=\"83\" height=\"32\" \/><\/p>\n<h1>S3 PRO<\/h1>\n<p>El reloj G-Tide S3 Pro es una fusi\u00f3n perfecta de estilo y funcionalidad para quienes buscan un dispositivo vers\u00e1til para mantenerse al d\u00eda con su estilo de vida activo. Con un dise\u00f1o elegante y moderno, este reloj inteligente ofrece una amplia gama de funciones. Dise\u00f1ado para acompa\u00f1arte en todas las situaciones, el S3 Pro es resistente al agua hasta 50 metros. Podr\u00e1s aventurarte con total confianza en tus actividades acu\u00e1ticas favoritas. La pantalla AMOLED de 2,01 pulgadas cautiva tus sentidos con colores vibrantes y negros profundos. La interfaz sensible al tacto permite una navegaci\u00f3n fluida y clara, mostrando informaci\u00f3n detallada de un vistazo. Este reloj inteligente cuenta con funciones como monitoreo de frecuencia card\u00edaca y pod\u00f3metro, incluye GPS incorporado, seguimiento del sue\u00f1o, control de m\u00fasica, alertas de sedentarismo y m\u00e1s. Disfruta de hasta 7 d\u00edas de uso continuo con todas las funciones activadas, sin preocuparte por quedarte sin energ\u00eda. Adem\u00e1s, es compatible con iOS y Android, el S3 Pro se conecta f\u00e1cilmente a tu tel\u00e9fono, lo que te permite recibir notificaciones, mensajes y mantener control total sobre tu vida digital.<\/p>\n<h2 class=\"titulo\"><span>LLamadas Bluetooth<\/span><\/h2>\n<p class=\"descripcion\"><span>Permite contestar y realizar llamadas directamente desde el dispositivo, sin necesidad de usar el tel\u00e9fono.<\/span><\/p>\n<h2 class=\"titulo\"><span>100+ modos deportivos<\/span><\/h2>\n<p class=\"descripcion\"><span>\u00a1Gran amigo en tu historia deportiva! IP68<\/span><\/p>\n<h2 class=\"titulo\"><span>M\u00faltiples modos de men\u00fa<\/span><\/h2>\n<p class=\"descripcion\"><span>El cambio aleatorio es una caracter\u00edstica especial para usted. Los ricos men\u00fas preestablecidos cumplen con los diversos requisitos est\u00e9ticos. Se pueden combinar seg\u00fan tu estado de \u00e1nimo, estilizar una ocasi\u00f3n.<\/span><\/p>\n<h2 class=\"titulo\"><span>2.01&#8243; Ultra-HD AMOLED f\u00e1cil visualizaci\u00f3n ante la luz del Sol<\/span><\/h2>\n<p class=\"descripcion\"><span>Dise\u00f1o sin bordes, 2.01&#8243; AMOLED 240 x 296 con un panel HD curvo 2.5D que disfruta de un campo de visi\u00f3n m\u00e1s delicado<\/span><\/p>\n<div class=\"texto\">\n<h2 class=\"titulo\">IP68 &#8211; Bater\u00eda m\u00e1s grande y duradera<\/h2>\n<p class=\"descripcion\">Resistente al agua Esfera m\u00e1s c\u00f3moda y DIY<\/p>\n<h2 class=\"titulo\">Siempre en pantalla y notificaci\u00f3n inteligente<\/h2>\n<p class=\"descripcion\">Reloj AMOLED siempre en pantalla \u00fanico. Te trae m\u00e1s un reloj inteligente especial. Reciba alertas de mensajes en tiempo real cuando est\u00e9 conectado, para no perderse ninguna informaci\u00f3n importante.<\/p>\n<h2 class=\"titulo\"><span>Gesti\u00f3n de salud 7\/24<\/span><\/h2>\n<p class=\"descripcion\"><span>La funci\u00f3n de Gesti\u00f3n de Salud 7\/24 en el smartwatch ofrece monitoreo continuo de la actividad f\u00edsica, frecuencia card\u00edaca y sue\u00f1o. Con alertas personalizadas, facilita el seguimiento de la salud en tiempo real, permitiendo una intervenci\u00f3n r\u00e1pida en caso de irregularidades. Es ideal para usuarios que buscan control constante de su bienestar.<\/span><\/p>\n<\/div>\n","protected":false},"excerpt":{"rendered":"<p>S3 PRO El reloj G-Tide S3 Pro es una fusi\u00f3n perfecta de estilo y funcionalidad para quienes buscan un dispositivo<\/p>\n","protected":false},"featured_media":79159,"comment_status":"open","ping_status":"closed","template":"","meta":{"nf_dc_page":""},"product_brand":[1379],"product_cat":[89],"product_tag":[1386],"class_list":{"0":"post-79158","1":"product","2":"type-product","3":"status-publish","4":"has-post-thumbnail","6":"product_brand-g-tide","7":"product_cat-electronicos","8":"product_tag-1386","10":"first","11":"instock","12":"sale","13":"shipping-taxable","14":"purchasable","15":"product-type-simple"},"_links":{"self":[{"href":"https:\/\/brandss.com.py\/index\/wp-json\/wp\/v2\/product\/79158","targetHints":{"allow":["GET"]}}],"collection":[{"href":"https:\/\/brandss.com.py\/index\/wp-json\/wp\/v2\/product"}],"about":[{"href":"https:\/\/brandss.com.py\/index\/wp-json\/wp\/v2\/types\/product"}],"replies":[{"embeddable":true,"href":"https:\/\/brandss.com.py\/index\/wp-json\/wp\/v2\/comments?post=79158"}],"version-history":[{"count":1,"href":"https:\/\/brandss.com.py\/index\/wp-json\/wp\/v2\/product\/79158\/revisions"}],"predecessor-version":[{"id":79174,"href":"https:\/\/brandss.com.py\/index\/wp-json\/wp\/v2\/product\/79158\/revisions\/79174"}],"wp:featuredmedia":[{"embeddable":true,"href":"https:\/\/brandss.com.py\/index\/wp-json\/wp\/v2\/media\/79159"}],"wp:attachment":[{"href":"https:\/\/brandss.com.py\/index\/wp-json\/wp\/v2\/media?parent=79158"}],"wp:term":[{"taxonomy":"product_brand","embeddable":true,"href":"https:\/\/brandss.com.py\/index\/wp-json\/wp\/v2\/product_brand?post=79158"},{"taxonomy":"product_cat","embeddable":true,"href":"https:\/\/brandss.com.py\/index\/wp-json\/wp\/v2\/product_cat?post=79158"},{"taxonomy":"product_tag","embeddable":true,"href":"https:\/\/brandss.com.py\/index\/wp-json\/wp\/v2\/product_tag?post=79158"}],"curies":[{"name":"wp","href":"https:\/\/api.w.org\/{rel}","templated":true}]}}