{"id":79219,"date":"2025-04-04T17:15:11","date_gmt":"2025-04-04T17:15:11","guid":{"rendered":"https:\/\/brandss.com.py\/index\/?post_type=product&#038;p=79219"},"modified":"2025-11-13T14:47:22","modified_gmt":"2025-11-13T14:47:22","slug":"reloj-unisex-g-tide-smartwatch-s5-pro-black","status":"publish","type":"product","link":"https:\/\/brandss.com.py\/index\/producto\/reloj-unisex-g-tide-smartwatch-s5-pro-black\/","title":{"rendered":"RELOJ UNISEX G-TIDE SMARTWATCH S5 PRO BLACK"},"content":{"rendered":"<p><img loading=\"lazy\" decoding=\"async\" class=\"\" src=\"https:\/\/gtide.com.br\/wp-content\/uploads\/2024\/04\/gtideazul.svg\" alt=\"G-TiDE Brasil \u2013 Easy life, Easy fun!\" width=\"137\" height=\"53\" \/><\/p>\n<h1>S5 PRO<\/h1>\n<p>El Smartwatch G-Tide S5 Pro combina un dise\u00f1o elegante y resistente, pensado para satisfacer las necesidades tanto del estilo de vida activo como de la conectividad diaria de sus usuarios. Con su pantalla AMOLED de 1,95 pulgadas, podr\u00e1s disfrutar de im\u00e1genes n\u00edtidas y detalladas. Compatible con iPhone y Android, su fluido sistema operativo te permitir\u00e1 acceder a tus aplicaciones favoritas de forma r\u00e1pida y sencilla. Tiene m\u00faltiples modos deportivos como caminar, correr, andar en bicicleta, escalar, baloncesto, f\u00fatbol, \u200b\u200betc., que rastrean tus hitos, frecuencia card\u00edaca y calor\u00edas quemadas. Adem\u00e1s, gracias a su resistencia al agua con certificaci\u00f3n IP68, podr\u00e1s sumergirte hasta 2 metros sin preocupaciones. Con una duraci\u00f3n de bater\u00eda de hasta 5 d\u00edas, el G-Tide S5 PRO se convierte en tu mejor aliado en tu vida diaria.<\/p>\n<div>Experimenta el futuro en tu mu\u00f1eca con el Smartwatch G-TIDE S5 Pro. Pantalla AMOLED brillante, resistente al agua, notificaciones redes sociales, llamadas, monitorizaci\u00f3n de salud y deportes, asistente de voz y personalizaci\u00f3n total. \u00a1Vive con estilo, conectado y en forma!<\/div>\n<div>\n<section class=\"elementor-section elementor-top-section elementor-element elementor-element-d769a24 elementor-section-boxed elementor-section-height-default elementor-section-height-default\" data-id=\"d769a24\" data-element_type=\"section\">\n<div class=\"elementor-container elementor-column-gap-default\">\n<div class=\"elementor-column elementor-col-100 elementor-top-column elementor-element elementor-element-5f3051b\" data-id=\"5f3051b\" data-element_type=\"column\">\n<div class=\"elementor-widget-wrap elementor-element-populated\">\n<div class=\"elementor-element elementor-element-d3bd76c elementor-position-left elementor-view-default elementor-mobile-position-top elementor-vertical-align-top elementor-widget elementor-widget-icon-box\" data-id=\"d3bd76c\" data-element_type=\"widget\" data-widget_type=\"icon-box.default\">\n<div class=\"elementor-widget-container\">\n<div class=\"elementor-icon-box-wrapper\">\n<div class=\"elementor-icon-box-content\">\n<h3 class=\"elementor-icon-box-title\">Caracter\u00edsticas<\/h3>\n<\/div>\n<\/div>\n<\/div>\n<\/div>\n<\/div>\n<\/div>\n<\/div>\n<\/section>\n<section class=\"elementor-section elementor-top-section elementor-element elementor-element-2645c91 elementor-section-boxed elementor-section-height-default elementor-section-height-default\" data-id=\"2645c91\" data-element_type=\"section\">\n<div class=\"elementor-container elementor-column-gap-default\">\n<div class=\"elementor-column elementor-col-100 elementor-top-column elementor-element elementor-element-211a426\" data-id=\"211a426\" data-element_type=\"column\">\n<div class=\"elementor-widget-wrap elementor-element-populated\">\n<div class=\"elementor-element elementor-element-e87fbda elementor-widget elementor-widget-woocommerce-product-content\" data-id=\"e87fbda\" data-element_type=\"widget\" data-widget_type=\"woocommerce-product-content.default\">\n<div class=\"elementor-widget-container\">\n<div class=\"elementor elementor-35236\" data-elementor-type=\"product-post\" data-elementor-id=\"35236\" data-elementor-post-type=\"product\">\n<div class=\"elementor-element elementor-element-6b42780 e-flex e-con-boxed e-con e-parent e-lazyloaded\" data-id=\"6b42780\" data-element_type=\"container\">\n<div class=\"e-con-inner\">\n<div class=\"elementor-element elementor-element-509ef4b7 elementor-widget elementor-widget-text-editor\" data-id=\"509ef4b7\" data-element_type=\"widget\" data-widget_type=\"text-editor.default\">\n<div class=\"elementor-widget-container\">\n<div>\u2022 La gran pantalla AMOLED presume de una calidad excepcional, con una nitidez visual sin precedentes, adem\u00e1s, resulta totalmente legible incluso a plena luz del sol, para que puedas consultar la hora y todos tus datos de salud.<\/div>\n<div>\u2022 Pantalla FHD de 1.95\u2033 -Alta Resoluci\u00f3n<br \/>\n\u2022 Compatible con IPhone y Android<br \/>\n\u2022 Sistema operativo muy fluido<br \/>\n\u2022 Notificaciones redes sociales (Facebook, WhatsApp, Instagram, etc.) con logo de las apps principales<br \/>\n\u2022 Duraci\u00f3n de bater\u00eda: promedio 2 \u2013 5 d\u00edas seg\u00fan fabricante, (var\u00eda seg\u00fan su uso)<br \/>\n\u2022 Resistencia al agua, certificaci\u00f3n IP68 sumergible 2 metros<br \/>\n\u2022 M\u00faltiples fondos de pantalla y fondo Personalizable<br \/>\n\u2022 Correa de silicona intercambiable de 22 mil\u00edmetros<br \/>\n\u2022 Asistente de Voz \/ funci\u00f3n Siri<br \/>\n\u2022 Puedes realizar y contestar llamadas desde el reloj<br \/>\n\u2022 Puedes sincronizar contactos de tu celular<br \/>\n\u2022 Dos botones funcionales<br \/>\n\u2022 Incluye dos manillas adicionales en silicona<br \/>\n\u2022\u00a0\u2022 Modo deporte: Caminar, correr, ciclismo ,monta\u00f1ismo, baloncesto, futbol, etc. que rastrean tus marcas, tu frecuencia card\u00edaca y las calor\u00edas quemadas.<br \/>\n\u2022 Control inteligente de m\u00fasica<br \/>\n\u2022 Encontrar el celular desde el reloj mediante alarma<br \/>\n\u2022 Monitoreo saludable: Ritmo Cardiaco , Oxigenaci\u00f3n sangre<br \/>\n\u2022 Seguimiento de frecuencia card\u00edaca 24\/7<br \/>\n\u2022 5 estilos de men\u00fa fluidos<br \/>\n\u2022 Control remoto c\u00e1mara<br \/>\n\u2022 Temporizador<br \/>\n\u2022 Cron\u00f3metro<br \/>\n\u2022 Calculadora<br \/>\n\u2022 Alarma<br \/>\n\u2022 Sensor de movimiento (enciende pantalla al levantar la mano)<br \/>\n\u2022 Carga magn\u00e9tica<br \/>\n\u2022 M\u00faltiples idiomas<br \/>\n\u2022 Hora y fecha<\/div>\n<div>Recomendaci\u00f3n: No cargues el reloj cuando este mojado, espera a que se encuentre seco.<\/div>\n<div><\/div>\n<div>Garant\u00eda de 3 meses por defectos de f\u00e1brica , no cubre da\u00f1os por mal uso.<\/div>\n<div><\/div>\n<div><strong>Contenido del paquete:<\/strong><br \/>\n\u2022 1 x Watch\u00a0G-TIDE S5 Pro<br \/>\n\u2022 1 x Cable de carga<br \/>\n\u2022 2 x Manillas adicionales de silicona<br \/>\n\u2022 1 x Manual de usuario<\/div>\n<\/div>\n<\/div>\n<\/div>\n<\/div>\n<\/div>\n<\/div>\n<\/div>\n<\/div>\n<\/div>\n<\/div>\n<\/section>\n<\/div>\n","protected":false},"excerpt":{"rendered":"<p>S5 PRO El Smartwatch G-Tide S5 Pro combina un dise\u00f1o elegante y resistente, pensado para satisfacer las necesidades tanto del<\/p>\n","protected":false},"featured_media":79220,"comment_status":"open","ping_status":"closed","template":"","meta":{"nf_dc_page":""},"product_brand":[1379],"product_cat":[89],"product_tag":[1387],"class_list":{"0":"post-79219","1":"product","2":"type-product","3":"status-publish","4":"has-post-thumbnail","6":"product_brand-g-tide","7":"product_cat-electronicos","8":"product_tag-1387","10":"first","11":"instock","12":"sale","13":"shipping-taxable","14":"purchasable","15":"product-type-simple"},"_links":{"self":[{"href":"https:\/\/brandss.com.py\/index\/wp-json\/wp\/v2\/product\/79219","targetHints":{"allow":["GET"]}}],"collection":[{"href":"https:\/\/brandss.com.py\/index\/wp-json\/wp\/v2\/product"}],"about":[{"href":"https:\/\/brandss.com.py\/index\/wp-json\/wp\/v2\/types\/product"}],"replies":[{"embeddable":true,"href":"https:\/\/brandss.com.py\/index\/wp-json\/wp\/v2\/comments?post=79219"}],"version-history":[{"count":1,"href":"https:\/\/brandss.com.py\/index\/wp-json\/wp\/v2\/product\/79219\/revisions"}],"predecessor-version":[{"id":79229,"href":"https:\/\/brandss.com.py\/index\/wp-json\/wp\/v2\/product\/79219\/revisions\/79229"}],"wp:featuredmedia":[{"embeddable":true,"href":"https:\/\/brandss.com.py\/index\/wp-json\/wp\/v2\/media\/79220"}],"wp:attachment":[{"href":"https:\/\/brandss.com.py\/index\/wp-json\/wp\/v2\/media?parent=79219"}],"wp:term":[{"taxonomy":"product_brand","embeddable":true,"href":"https:\/\/brandss.com.py\/index\/wp-json\/wp\/v2\/product_brand?post=79219"},{"taxonomy":"product_cat","embeddable":true,"href":"https:\/\/brandss.com.py\/index\/wp-json\/wp\/v2\/product_cat?post=79219"},{"taxonomy":"product_tag","embeddable":true,"href":"https:\/\/brandss.com.py\/index\/wp-json\/wp\/v2\/product_tag?post=79219"}],"curies":[{"name":"wp","href":"https:\/\/api.w.org\/{rel}","templated":true}]}}