{"id":79242,"date":"2025-04-04T19:12:12","date_gmt":"2025-04-04T19:12:12","guid":{"rendered":"https:\/\/brandss.com.py\/index\/?post_type=product&#038;p=79242"},"modified":"2025-04-04T19:13:35","modified_gmt":"2025-04-04T19:13:35","slug":"auricular-inalambrico-g-tide-ac01-bt-black","status":"publish","type":"product","link":"https:\/\/brandss.com.py\/index\/producto\/auricular-inalambrico-g-tide-ac01-bt-black\/","title":{"rendered":"AURICULAR INAL\u00c1MBRICO G-TIDE AC01 BT BLACK"},"content":{"rendered":"<p><img loading=\"lazy\" decoding=\"async\" class=\"\" src=\"https:\/\/gtide.com.br\/wp-content\/uploads\/2024\/04\/gtideazul.svg\" alt=\"G-TiDE Brasil \u2013 Easy life, Easy fun!\" width=\"103\" height=\"40\" \/><\/p>\n<h1>AC01<\/h1>\n<p>Descubre la excelencia sonora con los auriculares G-TIDE AC01. Ligeros, vers\u00e1tiles y con transmisi\u00f3n real por aire para una experiencia inmersiva. Con Bluetooth 5.3, dise\u00f1o ergon\u00f3mico, resistencia al sudor y hasta 8 horas de duraci\u00f3n de bater\u00eda. Disfruta de un sonido est\u00e9reo de alta calidad, conexi\u00f3n Bluetooth r\u00e1pida, dise\u00f1o ergon\u00f3mico y elegante, resistencia al sudor, micr\u00f3fono integrado, estabilidad de conexi\u00f3n y m\u00e1s. \u00a1No te pierdas esta experiencia auditiva \u00fanica!<\/p>\n<p>Estos aud\u00edfonos destacan por su dise\u00f1o ergon\u00f3mico que ofrece comodidad duradera. Su estructura robusta garantiza durabilidad, mientras que los controles intuitivos permiten un manejo f\u00e1cil. Disfruta de una experiencia auditiva excepcional con estos aud\u00edfonos c\u00f3modos y estables en cualquier actividad.<\/p>\n<p><b><span style=\"color: #000000\">Smart Touch<\/span><\/b><br \/>\n<b><\/b><\/p>\n<p>f\u00e1cil de manejar, basta con pulsar suavemente el auricular para activar la reproducci\u00f3n, la pausa, la respuesta\/rechazo, el asistente de voz, etc.<\/p>\n<p><b><span style=\"color: #000000\">Bater\u00eda de larga duraci\u00f3n<\/span><\/b><br \/>\n<b><\/b><\/p>\n<p>la capacidad del compartimento de carga de los auriculares es de 80 mAh, el tiempo de reproducci\u00f3n de m\u00fasica puede alcanzar las 7-8 horas y la carga s\u00f3lo necesita 1 hora.<\/p>\n<p><b><span style=\"color: #000000\">Bluetooth 5.3<\/span><\/b><br \/>\n<b><\/b><\/p>\n<p>Con la tecnolog\u00eda Bluetooth 5.3 y una baja latencia espec\u00edfica para modo juego, los auriculares G-TiDE AC01 te brindan una conexi\u00f3n r\u00e1pida y estable, asegurando que no pierdas ni un solo momento crucial.<\/p>\n","protected":false},"excerpt":{"rendered":"<p>AC01 Descubre la excelencia sonora con los auriculares G-TIDE AC01. Ligeros, vers\u00e1tiles y con transmisi\u00f3n real por aire para una<\/p>\n","protected":false},"featured_media":79243,"comment_status":"open","ping_status":"closed","template":"","meta":{"nf_dc_page":""},"product_brand":[],"product_cat":[89],"product_tag":[],"class_list":{"0":"post-79242","1":"product","2":"type-product","3":"status-publish","4":"has-post-thumbnail","6":"product_cat-electronicos","8":"first","9":"instock","10":"shipping-taxable","11":"purchasable","12":"product-type-simple"},"_links":{"self":[{"href":"https:\/\/brandss.com.py\/index\/wp-json\/wp\/v2\/product\/79242","targetHints":{"allow":["GET"]}}],"collection":[{"href":"https:\/\/brandss.com.py\/index\/wp-json\/wp\/v2\/product"}],"about":[{"href":"https:\/\/brandss.com.py\/index\/wp-json\/wp\/v2\/types\/product"}],"replies":[{"embeddable":true,"href":"https:\/\/brandss.com.py\/index\/wp-json\/wp\/v2\/comments?post=79242"}],"version-history":[{"count":1,"href":"https:\/\/brandss.com.py\/index\/wp-json\/wp\/v2\/product\/79242\/revisions"}],"predecessor-version":[{"id":79251,"href":"https:\/\/brandss.com.py\/index\/wp-json\/wp\/v2\/product\/79242\/revisions\/79251"}],"wp:featuredmedia":[{"embeddable":true,"href":"https:\/\/brandss.com.py\/index\/wp-json\/wp\/v2\/media\/79243"}],"wp:attachment":[{"href":"https:\/\/brandss.com.py\/index\/wp-json\/wp\/v2\/media?parent=79242"}],"wp:term":[{"taxonomy":"product_brand","embeddable":true,"href":"https:\/\/brandss.com.py\/index\/wp-json\/wp\/v2\/product_brand?post=79242"},{"taxonomy":"product_cat","embeddable":true,"href":"https:\/\/brandss.com.py\/index\/wp-json\/wp\/v2\/product_cat?post=79242"},{"taxonomy":"product_tag","embeddable":true,"href":"https:\/\/brandss.com.py\/index\/wp-json\/wp\/v2\/product_tag?post=79242"}],"curies":[{"name":"wp","href":"https:\/\/api.w.org\/{rel}","templated":true}]}}