{"id":79252,"date":"2025-04-05T13:27:08","date_gmt":"2025-04-05T13:27:08","guid":{"rendered":"https:\/\/brandss.com.py\/index\/?post_type=product&#038;p=79252"},"modified":"2026-03-13T11:53:10","modified_gmt":"2026-03-13T11:53:10","slug":"perfume-masculino-gian-marco-venturi-nightfall-edp-100ml","status":"publish","type":"product","link":"https:\/\/brandss.com.py\/index\/producto\/perfume-masculino-gian-marco-venturi-nightfall-edp-100ml\/","title":{"rendered":"PERFUME MASCULINO GIAN MARCO VENTURI NIGHTFALL EDP 100ML"},"content":{"rendered":"<p><img loading=\"lazy\" decoding=\"async\" class=\"\" src=\"https:\/\/www.brandoasi.com\/storage\/brands\/YQeSr-gian-marco-venturi.jpg\" alt=\"Gian Marco Venturi is available under license - Brand Oasi Srl\" width=\"138\" height=\"173\" \/><\/p>\n<h1>NIGHTFALL<\/h1>\n<p>Imagina un paisaje nocturno donde el sol ya se ha puesto m\u00e1s all\u00e1 del horizonte y el cielo se pinta en tonos profundos de azul y negro. Este momento sirvi\u00f3 de inspiraci\u00f3n para crear Nightfall, un eau de parfum para hombres de Gian Marco Venturi. La esencia de su fragancia reside en los contrastes: entre la frescura de la noche y el calor de la tierra, entre la frescura de las frutas y la profundidad de la madera, y entre la ternura de las flores y la fuerza del almizcle.<\/p>\n<p>&nbsp;<\/p>\n<h3>Notas Olfativas<\/h3>\n<p>&nbsp;<\/p>\n<p>Las notas de salida abren con una poderosa r\u00e1faga de frescura del lim\u00f3n, la dulzura \u00e1cida del pomelo y la amargura del bergamota con ligeros matices especiados que despiertan la imaginaci\u00f3n. El mel\u00f3n a\u00f1ade una dulzura jugosa y suave a la composici\u00f3n. En el coraz\u00f3n de la fragancia se encuentra un elegante pero potente juego de acordes florales y amaderados. El delicado y sutil aroma de la peon\u00eda se combina con los nobles matices del cedro. El vetiver, con sus notas terrosas y ligeramente ahumadas, aporta estabilidad y encanto a la fragancia, mientras que el pachul\u00ed, con su dulzura amarga, a\u00f1ade complejidad. El jazm\u00edn suave introduce acordes florales, y el iris empolvado crea un rastro suave y aterciopelado. Las notas de fondo\u00a0presentan un lujoso y seductor almizcle blanco puro que envuelve el cuerpo en una suave neblina, dejando una sensaci\u00f3n de confort y calidez. El musgo de roble imparte un ligero matiz terroso que enfatiza el car\u00e1cter natural y org\u00e1nico de la fragancia. Las semillas de ambreta a\u00f1aden notas especiadas ligeras, mientras que el \u00e1mbar, con sus matices resinosos, completa la composici\u00f3n.<\/p>\n<p>&nbsp;<\/p>\n<p><b>Notas de salida:<\/b>\u00a0Lim\u00f3n, Pomelo, Acorde acu\u00e1tico, Bergamota, Mel\u00f3n.<\/p>\n<p><b>Notas de coraz\u00f3n:<\/b>\u00a0Peon\u00eda, Madera de cedro, Vetiver, Pachul\u00ed, Jazm\u00edn e Iris.<\/p>\n<p><b>Notas de fondo:<\/b>\u00a0Almizcle blanco, Musgo de roble, \u00c1mbar gris, Semillas de ambrette.<\/p>\n<p>&nbsp;<\/p>\n","protected":false},"excerpt":{"rendered":"<p>NIGHTFALL Imagina un paisaje nocturno donde el sol ya se ha puesto m\u00e1s all\u00e1 del horizonte y el cielo se<\/p>\n","protected":false},"featured_media":79253,"comment_status":"open","ping_status":"closed","template":"","meta":{"nf_dc_page":""},"product_brand":[2047],"product_cat":[84],"product_tag":[2048],"class_list":{"0":"post-79252","1":"product","2":"type-product","3":"status-publish","4":"has-post-thumbnail","6":"product_brand-gian-marco-venturi","7":"product_cat-perfumeria","8":"product_tag-2048","10":"first","11":"outofstock","12":"shipping-taxable","13":"purchasable","14":"product-type-simple"},"_links":{"self":[{"href":"https:\/\/brandss.com.py\/index\/wp-json\/wp\/v2\/product\/79252","targetHints":{"allow":["GET"]}}],"collection":[{"href":"https:\/\/brandss.com.py\/index\/wp-json\/wp\/v2\/product"}],"about":[{"href":"https:\/\/brandss.com.py\/index\/wp-json\/wp\/v2\/types\/product"}],"replies":[{"embeddable":true,"href":"https:\/\/brandss.com.py\/index\/wp-json\/wp\/v2\/comments?post=79252"}],"version-history":[{"count":3,"href":"https:\/\/brandss.com.py\/index\/wp-json\/wp\/v2\/product\/79252\/revisions"}],"predecessor-version":[{"id":88958,"href":"https:\/\/brandss.com.py\/index\/wp-json\/wp\/v2\/product\/79252\/revisions\/88958"}],"wp:featuredmedia":[{"embeddable":true,"href":"https:\/\/brandss.com.py\/index\/wp-json\/wp\/v2\/media\/79253"}],"wp:attachment":[{"href":"https:\/\/brandss.com.py\/index\/wp-json\/wp\/v2\/media?parent=79252"}],"wp:term":[{"taxonomy":"product_brand","embeddable":true,"href":"https:\/\/brandss.com.py\/index\/wp-json\/wp\/v2\/product_brand?post=79252"},{"taxonomy":"product_cat","embeddable":true,"href":"https:\/\/brandss.com.py\/index\/wp-json\/wp\/v2\/product_cat?post=79252"},{"taxonomy":"product_tag","embeddable":true,"href":"https:\/\/brandss.com.py\/index\/wp-json\/wp\/v2\/product_tag?post=79252"}],"curies":[{"name":"wp","href":"https:\/\/api.w.org\/{rel}","templated":true}]}}