{"id":79305,"date":"2025-04-05T19:16:57","date_gmt":"2025-04-05T19:16:57","guid":{"rendered":"https:\/\/brandss.com.py\/index\/?post_type=product&#038;p=79305"},"modified":"2025-10-27T14:09:27","modified_gmt":"2025-10-27T14:09:27","slug":"tablet-infantil-g-tide-t1-10-1-2-32gb-pw1080-blue","status":"publish","type":"product","link":"https:\/\/brandss.com.py\/index\/producto\/tablet-infantil-g-tide-t1-10-1-2-32gb-pw1080-blue\/","title":{"rendered":"TABLET INFANTIL G-TIDE T1 10.1 2\/32GB PW1080 BLUE"},"content":{"rendered":"<p><img loading=\"lazy\" decoding=\"async\" class=\"\" src=\"https:\/\/gtide.com.br\/wp-content\/uploads\/2024\/04\/gtideazul.svg\" alt=\"G-TiDE Brasil \u2013 Easy life, Easy fun!\" width=\"132\" height=\"51\" \/><\/p>\n<h1>PW1080<\/h1>\n<h3><span class=\"a-list-item\">Explora m\u00e1s diversi\u00f3n en Klap<\/span><\/h3>\n<p><span class=\"a-list-item\">La aplicaci\u00f3n G-TiDE Klap para ni\u00f1os est\u00e1 dise\u00f1ada para aprender y jugar. Esta tableta para ni\u00f1os ofrece varios contenidos creativos como entrenamiento cerebral, pintura, juegos, televisi\u00f3n para ni\u00f1os, etc. Aprender mientras juega es mejor para que los ni\u00f1os conozcan el mundo. 32 GB de almacenamiento m\u00e1s grande, se puede extender a 128 GB (tarjeta micro SD no incluida). Podr\u00edas obtener m\u00e1s aplicaciones educativas de Google Play Store (GMS).<\/span><\/p>\n<h3><span class=\"a-list-item\">Mundo m\u00e1s seguro para ni\u00f1os con controles parentales<\/span><\/h3>\n<p><span class=\"a-list-item\">El \u00faltimo sistema Android 11 Go hace que esta tableta grande para ni\u00f1os sea m\u00e1s f\u00e1cil de usar, sin bloatware ni anuncios inesperados. El modo de control parental de Klap te permite crear y personalizar perfiles para las cuentas de los ni\u00f1os, seleccionar contenido para ni\u00f1os, controlar el tiempo de pantalla y garantizar que cada sitio web que navegue tu hijo sea seguro.<\/span><\/p>\n<h3><span class=\"a-list-item\">Modo de protecci\u00f3n ocular y funda para tableta m\u00e1s gruesa<\/span><\/h3>\n<p><span class=\"a-list-item\">La tableta G-TiDE para ni\u00f1os de 10 pulgadas con funda incluida es el mejor regalo para ni\u00f1os. La pantalla m\u00e1s grande de resoluci\u00f3n HD de 1280 x 800 y el soporte ajustable de 270\u00b0 garantizan que los ni\u00f1os puedan ver videos a la distancia correcta sin fatiga visual. Funda protectora para tablet infantil m\u00e1s gruesa, cada lado es ligeramente alto de la pantalla, protegiendo la tableta PC para ni\u00f1os y a tus hijos del momento accidental &#8220;Ups&#8221;.<\/span><\/p>\n<h3><span class=\"a-list-item\">Familia m\u00e1s cercana con bater\u00eda de 6000 mAh<\/span><\/h3>\n<p><span class=\"a-list-item\">Tablet infantil de 10.1 pulgadas equipada con una c\u00e1mara dual de 5 MP+8 MP, puedes tomar fotos v\u00edvidas para tus hijos o hacer una videollamada familiar f\u00e1cilmente (solo con Wifi). La bater\u00eda de larga duraci\u00f3n de 6000 mAh mejora la experiencia de aprendizaje y juego de los ni\u00f1os, hasta 5-12 horas de uso diario con una sola carga (tipo C). Es conveniente para vuelos largos, campamentos y viajes por carretera.<\/span><\/p>\n<h3><span class=\"a-list-item\">El mejor regalo para ni\u00f1os: <\/span><\/h3>\n<p><span class=\"a-list-item\">G-TiDE T1 proporciona un sinf\u00edn de contenido en l\u00ednea apropiado para la edad, asegurando una navegaci\u00f3n segura para tus hijos cuando est\u00e1n ocupados trabajando. Ser\u00e1 un buen compa\u00f1ero de aprendizaje y juego de los ni\u00f1os en casa. El mejor regalo para cumplea\u00f1os, Navidad, Pascua y suministros escolares. Ofrecemos una garant\u00eda de 12 meses sin preocupaciones, p\u00f3ngase en contacto con nuestro buz\u00f3n oficial (puede encontrarlo en la parte posterior del paquete) para obtener m\u00e1s servicio. Cualquier pregunta sobre nuestras tabletas, no dude en contactarnos. G-TiDE siempre est\u00e1 a tu lado.<\/span><\/p>\n","protected":false},"excerpt":{"rendered":"<p>PW1080 Explora m\u00e1s diversi\u00f3n en Klap La aplicaci\u00f3n G-TiDE Klap para ni\u00f1os est\u00e1 dise\u00f1ada para aprender y jugar. Esta tableta<\/p>\n","protected":false},"featured_media":79306,"comment_status":"open","ping_status":"closed","template":"","meta":{"nf_dc_page":""},"product_brand":[],"product_cat":[89],"product_tag":[],"class_list":{"0":"post-79305","1":"product","2":"type-product","3":"status-publish","4":"has-post-thumbnail","6":"product_cat-electronicos","8":"first","9":"instock","10":"shipping-taxable","11":"purchasable","12":"product-type-simple"},"_links":{"self":[{"href":"https:\/\/brandss.com.py\/index\/wp-json\/wp\/v2\/product\/79305","targetHints":{"allow":["GET"]}}],"collection":[{"href":"https:\/\/brandss.com.py\/index\/wp-json\/wp\/v2\/product"}],"about":[{"href":"https:\/\/brandss.com.py\/index\/wp-json\/wp\/v2\/types\/product"}],"replies":[{"embeddable":true,"href":"https:\/\/brandss.com.py\/index\/wp-json\/wp\/v2\/comments?post=79305"}],"version-history":[{"count":1,"href":"https:\/\/brandss.com.py\/index\/wp-json\/wp\/v2\/product\/79305\/revisions"}],"predecessor-version":[{"id":79315,"href":"https:\/\/brandss.com.py\/index\/wp-json\/wp\/v2\/product\/79305\/revisions\/79315"}],"wp:featuredmedia":[{"embeddable":true,"href":"https:\/\/brandss.com.py\/index\/wp-json\/wp\/v2\/media\/79306"}],"wp:attachment":[{"href":"https:\/\/brandss.com.py\/index\/wp-json\/wp\/v2\/media?parent=79305"}],"wp:term":[{"taxonomy":"product_brand","embeddable":true,"href":"https:\/\/brandss.com.py\/index\/wp-json\/wp\/v2\/product_brand?post=79305"},{"taxonomy":"product_cat","embeddable":true,"href":"https:\/\/brandss.com.py\/index\/wp-json\/wp\/v2\/product_cat?post=79305"},{"taxonomy":"product_tag","embeddable":true,"href":"https:\/\/brandss.com.py\/index\/wp-json\/wp\/v2\/product_tag?post=79305"}],"curies":[{"name":"wp","href":"https:\/\/api.w.org\/{rel}","templated":true}]}}