{"id":79402,"date":"2025-04-07T14:42:38","date_gmt":"2025-04-07T14:42:38","guid":{"rendered":"https:\/\/brandss.com.py\/index\/?post_type=product&#038;p=79402"},"modified":"2025-04-07T14:43:23","modified_gmt":"2025-04-07T14:43:23","slug":"set-de-ollas-haus-roland-hr101-2-de-acero-inoxidable-con-tapa-12-piezas","status":"publish","type":"product","link":"https:\/\/brandss.com.py\/index\/producto\/set-de-ollas-haus-roland-hr101-2-de-acero-inoxidable-con-tapa-12-piezas\/","title":{"rendered":"SET DE OLLAS HAUS ROLAND HR101-2 DE ACERO INOXIDABLE CON TAPA 12 PIEZAS"},"content":{"rendered":"<p><img loading=\"lazy\" decoding=\"async\" class=\"\" src=\"https:\/\/assets.wfcdn.com\/im\/58028869\/resize-h600-w600%5Ecompr-r85\/2769\/276977280\/HAUS+ROLAND.jpg\" alt=\"HAUS ROLAND | Wayfair\" width=\"180\" height=\"74\" \/><\/p>\n<p>Renueva tu cocina con las ollas de Cocina Hamburgo, un completo set de 12 piezas fabricadas en acero inoxidable de alta calidad con tapas de vidrio templado. Dise\u00f1ada para ofrecer resistencia, durabilidad y un \u00f3ptimo rendimiento t\u00e9rmico, esta bater\u00eda es ideal para todo tipo de cocinas, incluyendo gas, inducci\u00f3n, el\u00e9ctricas, hal\u00f3genas y vitrocer\u00e1micas. Cada olla y sart\u00e9n cuenta con una estructura robusta que resiste altas temperaturas, asegurando una cocci\u00f3n uniforme y eficiente. Adem\u00e1s, su dise\u00f1o moderno facilita la limpieza y mantenimiento, brindando practicidad en el uso diario. La tapa de vidrio templado permite visualizar los alimentos sin necesidad de destapar, conservando mejor el calor y los sabores.<\/p>\n<p><strong>Caracter\u00edsticas:<\/strong><\/p>\n<p>Material: Acero inoxidable de alta resistencia.<\/p>\n<p>Tapa: Vidrio templado con salida de vapor.<\/p>\n<p>Compatibilidad: Apta para cocinas de gas, inducci\u00f3n, el\u00e9ctricas, hal\u00f3genas y vitrocer\u00e1micas.<\/p>\n<p>Resistencia: Soporta altas temperaturas sin perder su calidad.<\/p>\n<p>N\u00famero de piezas: 12 (6 ollas con sus respectivas tapas).<\/p>\n<p>F\u00e1cil de lavar y mantener.<\/p>\n<p><strong>Medidas y capacidad de cada olla:<\/strong><\/p>\n<p>Olla 1: 19x16x10 cm &#8211; Capacidad: 1.9 L (Peso: 0.70 kg)<\/p>\n<p>Olla 2: 19x16x10 cm &#8211; Capacidad: 1.9 L (Peso: 0.69 kg)<\/p>\n<p>Olla 3: 21x18x11 cm &#8211; Capacidad: 2.6 L (Peso: 0.87 kg)<\/p>\n<p>Olla 4: 23x20x12 cm &#8211; Capacidad: 3.6 L (Peso: 1.0 kg)<\/p>\n<p>Olla 5: 27x24x14 cm &#8211; Capacidad: 6.1 L (Peso: 1.5 kg)<\/p>\n<p>Olla 6: 27x24x7 cm &#8211; Capacidad: 2.9 L (Peso: 1.4 kg)<\/p>\n<p><strong>Medidas y peso del embalaje:<\/strong><\/p>\n<p>Dimensiones del empaque: 52&#215;28.5&#215;45 cm.<\/p>\n<p>Peso total del producto embalado: 6.85 kg.<\/p>\n<p><strong>Beneficios y usos:<\/strong><\/p>\n<p>Set completo para preparar una amplia variedad de platillos.<\/p>\n<p>Excelente distribuci\u00f3n del calor para una cocci\u00f3n uniforme.<\/p>\n<p>Dise\u00f1o moderno y resistente, ideal para el uso diario.<\/p>\n<p>Tapas de vidrio templado que facilitan la visualizaci\u00f3n de los alimentos.<\/p>\n","protected":false},"excerpt":{"rendered":"<p>Renueva tu cocina con las ollas de Cocina Hamburgo, un completo set de 12 piezas fabricadas en acero inoxidable de<\/p>\n","protected":false},"featured_media":79403,"comment_status":"open","ping_status":"closed","template":"","meta":{"nf_dc_page":""},"product_brand":[],"product_cat":[83],"product_tag":[],"class_list":{"0":"post-79402","1":"product","2":"type-product","3":"status-publish","4":"has-post-thumbnail","6":"product_cat-hogar","8":"first","9":"instock","10":"shipping-taxable","11":"purchasable","12":"product-type-simple"},"_links":{"self":[{"href":"https:\/\/brandss.com.py\/index\/wp-json\/wp\/v2\/product\/79402","targetHints":{"allow":["GET"]}}],"collection":[{"href":"https:\/\/brandss.com.py\/index\/wp-json\/wp\/v2\/product"}],"about":[{"href":"https:\/\/brandss.com.py\/index\/wp-json\/wp\/v2\/types\/product"}],"replies":[{"embeddable":true,"href":"https:\/\/brandss.com.py\/index\/wp-json\/wp\/v2\/comments?post=79402"}],"version-history":[{"count":1,"href":"https:\/\/brandss.com.py\/index\/wp-json\/wp\/v2\/product\/79402\/revisions"}],"predecessor-version":[{"id":79410,"href":"https:\/\/brandss.com.py\/index\/wp-json\/wp\/v2\/product\/79402\/revisions\/79410"}],"wp:featuredmedia":[{"embeddable":true,"href":"https:\/\/brandss.com.py\/index\/wp-json\/wp\/v2\/media\/79403"}],"wp:attachment":[{"href":"https:\/\/brandss.com.py\/index\/wp-json\/wp\/v2\/media?parent=79402"}],"wp:term":[{"taxonomy":"product_brand","embeddable":true,"href":"https:\/\/brandss.com.py\/index\/wp-json\/wp\/v2\/product_brand?post=79402"},{"taxonomy":"product_cat","embeddable":true,"href":"https:\/\/brandss.com.py\/index\/wp-json\/wp\/v2\/product_cat?post=79402"},{"taxonomy":"product_tag","embeddable":true,"href":"https:\/\/brandss.com.py\/index\/wp-json\/wp\/v2\/product_tag?post=79402"}],"curies":[{"name":"wp","href":"https:\/\/api.w.org\/{rel}","templated":true}]}}