{"id":79494,"date":"2025-04-08T13:52:07","date_gmt":"2025-04-08T13:52:07","guid":{"rendered":"https:\/\/brandss.com.py\/index\/?post_type=product&#038;p=79494"},"modified":"2025-04-08T13:56:03","modified_gmt":"2025-04-08T13:56:03","slug":"set-de-ollas-haus-roland-hr109-2-de-acero-de-2-mm-de-6-piezas","status":"publish","type":"product","link":"https:\/\/brandss.com.py\/index\/producto\/set-de-ollas-haus-roland-hr109-2-de-acero-de-2-mm-de-6-piezas\/","title":{"rendered":"SET DE OLLAS HAUS ROLAND HR109-2 DE ACERO DE 2 MM DE 6 PIEZAS"},"content":{"rendered":"<p><img loading=\"lazy\" decoding=\"async\" class=\"\" src=\"https:\/\/assets.wfcdn.com\/im\/58028869\/resize-h600-w600%5Ecompr-r85\/2769\/276977280\/HAUS+ROLAND.jpg\" alt=\"HAUS ROLAND | Wayfair\" width=\"126\" height=\"52\" \/><\/p>\n<h1>HR109-2<\/h1>\n<p><span>El juego de cacerolas de acero inoxidable incluye tres cacerolas con una capacidad de 6,1 litros, 2,6 litros y 3,6 litros, lo que lo hace vers\u00e1til y pr\u00e1ctico para cualquier cocina. Las ollas est\u00e1n hechas en un elegante color negro, lo que les da un aspecto moderno y combinan f\u00e1cilmente con cualquier interior de cocina. Gracias al acero inoxidable de alta calidad, las sartenes proporcionan un calentamiento uniforme y durabilidad en el uso.<\/span><\/p>\n<p><span>Cada olla viene con una tapa de vidrio que permite monitorear el proceso de cocci\u00f3n sin tener que quitarla. La tapa transparente proporciona un sello, manteniendo el calor y la humedad en el interior para una cocci\u00f3n m\u00e1s eficiente. Las ollas tambi\u00e9n cuentan con mangos ergon\u00f3micos de color cobre que aumentan el atractivo est\u00e9tico y la facilidad de uso.<\/span><\/p>\n<p><span>Estas sartenes son aptas para todo tipo de fuegos, incluidos inducci\u00f3n, gas, el\u00e9ctricos y vitrocer\u00e1micas. Gracias a su versatilidad, se convertir\u00e1n en ayudantes indispensables en la cocina, permiti\u00e9ndote preparar una variedad de platos con comodidad. El juego de ollas de acero inoxidable combina funcionalidad, estilo y alta calidad, lo que lo convierte en una opci\u00f3n ideal para cualquier ama de casa.<\/span><\/p>\n<p><span>Presupuesto:<\/span><\/p>\n<ul>\n<li><span>Material de las sartenes: acero inoxidable<\/span><\/li>\n<li><span>Material de las tapas: Vidrio<\/span><\/li>\n<li><span>Color: Negro<\/span><\/li>\n<li><span>Altura de las ollas sin tapa: 13,5\/11,5\/10,5 cm<\/span><\/li>\n<li><span>Altura de las ollas con tapa: 21\/18\/17 cm<\/span><\/li>\n<li><span>Di\u00e1metro: 24\/20\/18 cm<\/span><\/li>\n<li><span>Volumen: 6,1\/3,6\/2,6 l<\/span><\/li>\n<li><span>Peso: 4,840 kg<\/span><\/li>\n<\/ul>\n","protected":false},"excerpt":{"rendered":"<p>HR109-2 El juego de cacerolas de acero inoxidable incluye tres cacerolas con una capacidad de 6,1 litros, 2,6 litros y<\/p>\n","protected":false},"featured_media":79495,"comment_status":"open","ping_status":"closed","template":"","meta":{"nf_dc_page":""},"product_brand":[],"product_cat":[83],"product_tag":[],"class_list":{"0":"post-79494","1":"product","2":"type-product","3":"status-publish","4":"has-post-thumbnail","6":"product_cat-hogar","8":"first","9":"instock","10":"shipping-taxable","11":"purchasable","12":"product-type-simple"},"_links":{"self":[{"href":"https:\/\/brandss.com.py\/index\/wp-json\/wp\/v2\/product\/79494","targetHints":{"allow":["GET"]}}],"collection":[{"href":"https:\/\/brandss.com.py\/index\/wp-json\/wp\/v2\/product"}],"about":[{"href":"https:\/\/brandss.com.py\/index\/wp-json\/wp\/v2\/types\/product"}],"replies":[{"embeddable":true,"href":"https:\/\/brandss.com.py\/index\/wp-json\/wp\/v2\/comments?post=79494"}],"version-history":[{"count":1,"href":"https:\/\/brandss.com.py\/index\/wp-json\/wp\/v2\/product\/79494\/revisions"}],"predecessor-version":[{"id":79503,"href":"https:\/\/brandss.com.py\/index\/wp-json\/wp\/v2\/product\/79494\/revisions\/79503"}],"wp:featuredmedia":[{"embeddable":true,"href":"https:\/\/brandss.com.py\/index\/wp-json\/wp\/v2\/media\/79495"}],"wp:attachment":[{"href":"https:\/\/brandss.com.py\/index\/wp-json\/wp\/v2\/media?parent=79494"}],"wp:term":[{"taxonomy":"product_brand","embeddable":true,"href":"https:\/\/brandss.com.py\/index\/wp-json\/wp\/v2\/product_brand?post=79494"},{"taxonomy":"product_cat","embeddable":true,"href":"https:\/\/brandss.com.py\/index\/wp-json\/wp\/v2\/product_cat?post=79494"},{"taxonomy":"product_tag","embeddable":true,"href":"https:\/\/brandss.com.py\/index\/wp-json\/wp\/v2\/product_tag?post=79494"}],"curies":[{"name":"wp","href":"https:\/\/api.w.org\/{rel}","templated":true}]}}