{"id":79746,"date":"2025-04-10T13:55:33","date_gmt":"2025-04-10T13:55:33","guid":{"rendered":"https:\/\/brandss.com.py\/index\/?post_type=product&#038;p=79746"},"modified":"2025-04-10T13:55:49","modified_gmt":"2025-04-10T13:55:49","slug":"calzado-casual-masculino-nike-air-force-1-low-resort-and-sport","status":"publish","type":"product","link":"https:\/\/brandss.com.py\/index\/producto\/calzado-casual-masculino-nike-air-force-1-low-resort-and-sport\/","title":{"rendered":"CALZADO CASUAL MASCULINO NIKE AIR FORCE 1 LOW RESORT AND SPORT"},"content":{"rendered":"<p><img decoding=\"async\" src=\"https:\/\/encrypted-tbn0.gstatic.com\/images?q=tbn:ANd9GcSwxWjbiOX8rYuq720FgrIefCPVC-y-gHSUYg&amp;s\" alt=\"Logo Nike PNG transparente - StickPNG\" \/><\/p>\n<h1 data-start=\"248\" data-end=\"294\">\ud83d\udc5f <strong data-start=\"255\" data-end=\"292\">Nike Air Force 1 Low \u2013 FN8349-100<\/strong><\/h1>\n<p class=\"\" data-start=\"295\" data-end=\"429\"><strong data-start=\"295\" data-end=\"305\">Color:<\/strong> Summit White \/ Coast-to-Coast \/ Summit White<br data-start=\"350\" data-end=\"353\" \/><strong data-start=\"353\" data-end=\"364\">Estilo:<\/strong> Cl\u00e1sico con detalles premium<br data-start=\"393\" data-end=\"396\" \/><strong data-start=\"396\" data-end=\"410\">Categor\u00eda:<\/strong> Lifestyle \/ Urbano<\/p>\n<hr class=\"\" data-start=\"431\" data-end=\"434\" \/>\n<h3 class=\"\" data-start=\"436\" data-end=\"470\">\u2728 <strong data-start=\"442\" data-end=\"470\">Descripci\u00f3n del producto<\/strong><\/h3>\n<p class=\"\" data-start=\"472\" data-end=\"820\"><strong data-start=\"472\" data-end=\"508\">C\u00f3modos, duraderos y atemporales<\/strong>, los <strong data-start=\"514\" data-end=\"538\">Nike Air Force 1 Low<\/strong> regresan en esta versi\u00f3n especial que mezcla el legado del b\u00e1squetbol con el estilo relajado de los resorts costeros. Con detalles \u00fanicos como una <strong data-start=\"686\" data-end=\"712\">leng\u00fceta con monograma<\/strong> y <strong data-start=\"715\" data-end=\"746\">accesorios en tela de felpa<\/strong>, este modelo rinde homenaje al lujo casual sin perder su esencia cl\u00e1sica.<\/p>\n<p class=\"\" data-start=\"822\" data-end=\"1103\">Su silueta sigue fiel a la original de los a\u00f1os 80, con <strong data-start=\"878\" data-end=\"903\">cuero de alta calidad<\/strong> que mejora con el tiempo y se suaviza con el uso, a\u00f1adiendo car\u00e1cter vintage. Dise\u00f1adas para el uso diario, incorporan <strong data-start=\"1023\" data-end=\"1049\">amortiguaci\u00f3n Nike Air<\/strong> que proporciona comodidad ligera durante todo el d\u00eda.<\/p>\n<p class=\"\" data-start=\"1105\" data-end=\"1231\">Este modelo sigue dejando huella tanto en la cancha como en las calles del mundo, siendo una pieza esencial de la moda urbana.<\/p>\n<hr class=\"\" data-start=\"1233\" data-end=\"1236\" \/>\n<h3 class=\"\" data-start=\"1238\" data-end=\"1274\">\u2705 <strong data-start=\"1244\" data-end=\"1274\">Caracter\u00edsticas destacadas<\/strong><\/h3>\n<ul data-start=\"1276\" data-end=\"2080\">\n<li class=\"\" data-start=\"1276\" data-end=\"1414\">\n<p class=\"\" data-start=\"1278\" data-end=\"1414\"><strong data-start=\"1278\" data-end=\"1303\">\ud83c\udfc0 Herencia deportiva<\/strong><br data-start=\"1303\" data-end=\"1306\" \/>Inspiradas en las zapatillas de b\u00e1squet de alto rendimiento, con una base s\u00f3lida y c\u00f3moda para uso diario.<\/p>\n<\/li>\n<li class=\"\" data-start=\"1416\" data-end=\"1544\">\n<p class=\"\" data-start=\"1418\" data-end=\"1544\"><strong data-start=\"1418\" data-end=\"1441\">\ud83d\udc51 Detalles premium<\/strong><br data-start=\"1441\" data-end=\"1444\" \/>Etiqueta de monograma en la leng\u00fceta y acentos en felpa que evocan la est\u00e9tica de resorts de lujo.<\/p>\n<\/li>\n<li class=\"\" data-start=\"1546\" data-end=\"1668\">\n<p class=\"\" data-start=\"1548\" data-end=\"1668\"><strong data-start=\"1548\" data-end=\"1578\">\ud83d\udca8 Parte superior de cuero<\/strong><br data-start=\"1578\" data-end=\"1581\" \/>Cuero resistente que se ablanda con el uso, ganando un look envejecido con el tiempo.<\/p>\n<\/li>\n<li class=\"\" data-start=\"1670\" data-end=\"1808\">\n<p class=\"\" data-start=\"1672\" data-end=\"1808\"><strong data-start=\"1672\" data-end=\"1701\">\ud83c\udf00 Amortiguaci\u00f3n Nike Air<\/strong><br data-start=\"1701\" data-end=\"1704\" \/>Comodidad ligera, ideal para largas jornadas gracias a la unidad de aire encapsulada en la entresuela.<\/p>\n<\/li>\n<li class=\"\" data-start=\"1810\" data-end=\"1926\">\n<p class=\"\" data-start=\"1812\" data-end=\"1926\"><strong data-start=\"1812\" data-end=\"1833\">\ud83e\uddf5 Dise\u00f1o ic\u00f3nico<\/strong><br data-start=\"1833\" data-end=\"1836\" \/>Silueta cl\u00e1sica de corte bajo con cuello acolchado para mayor confort sin perder estilo.<\/p>\n<\/li>\n<li class=\"\" data-start=\"1928\" data-end=\"2080\">\n<p class=\"\" data-start=\"1930\" data-end=\"2080\"><strong data-start=\"1930\" data-end=\"1951\">\ud83d\udd18 Suela duradera<\/strong><br data-start=\"1951\" data-end=\"1954\" \/>Suela de goma con patr\u00f3n circular que brinda tracci\u00f3n y resistencia, con perforaciones en la puntera para mayor ventilaci\u00f3n.<\/p>\n<\/li>\n<\/ul>\n<hr class=\"\" data-start=\"2082\" data-end=\"2085\" \/>\n<h3 class=\"\" data-start=\"2087\" data-end=\"2134\">\ud83d\udcd6 <strong data-start=\"2094\" data-end=\"2134\">Un \u00edcono que trasciende generaciones<\/strong><\/h3>\n<p class=\"\" data-start=\"2136\" data-end=\"2410\">Desde su debut en <strong data-start=\"2154\" data-end=\"2162\">1982<\/strong>, los <strong data-start=\"2168\" data-end=\"2183\">Air Force 1<\/strong> se convirtieron en un fen\u00f3meno de estilo en los <strong data-start=\"2232\" data-end=\"2243\">a\u00f1os 90<\/strong>, particularmente en la cultura del <strong data-start=\"2279\" data-end=\"2290\">hip-hop<\/strong>, las calles y la moda global. Con m\u00e1s de <strong data-start=\"2332\" data-end=\"2362\">2,000 ediciones diferentes<\/strong>, su legado sigue vivo y en constante evoluci\u00f3n.<\/p>\n<p>&nbsp;<\/p>\n","protected":false},"excerpt":{"rendered":"<p>\ud83d\udc5f Nike Air Force 1 Low \u2013 FN8349-100 Color: Summit White \/ Coast-to-Coast \/ Summit WhiteEstilo: Cl\u00e1sico con detalles premiumCategor\u00eda:<\/p>\n","protected":false},"featured_media":79747,"comment_status":"open","ping_status":"closed","template":"","meta":{"nf_dc_page":""},"product_brand":[],"product_cat":[76],"product_tag":[],"class_list":{"0":"post-79746","1":"product","2":"type-product","3":"status-publish","4":"has-post-thumbnail","6":"product_cat-masculino","8":"first","9":"instock","10":"shipping-taxable","11":"purchasable","12":"product-type-simple"},"_links":{"self":[{"href":"https:\/\/brandss.com.py\/index\/wp-json\/wp\/v2\/product\/79746","targetHints":{"allow":["GET"]}}],"collection":[{"href":"https:\/\/brandss.com.py\/index\/wp-json\/wp\/v2\/product"}],"about":[{"href":"https:\/\/brandss.com.py\/index\/wp-json\/wp\/v2\/types\/product"}],"replies":[{"embeddable":true,"href":"https:\/\/brandss.com.py\/index\/wp-json\/wp\/v2\/comments?post=79746"}],"version-history":[{"count":1,"href":"https:\/\/brandss.com.py\/index\/wp-json\/wp\/v2\/product\/79746\/revisions"}],"predecessor-version":[{"id":79755,"href":"https:\/\/brandss.com.py\/index\/wp-json\/wp\/v2\/product\/79746\/revisions\/79755"}],"wp:featuredmedia":[{"embeddable":true,"href":"https:\/\/brandss.com.py\/index\/wp-json\/wp\/v2\/media\/79747"}],"wp:attachment":[{"href":"https:\/\/brandss.com.py\/index\/wp-json\/wp\/v2\/media?parent=79746"}],"wp:term":[{"taxonomy":"product_brand","embeddable":true,"href":"https:\/\/brandss.com.py\/index\/wp-json\/wp\/v2\/product_brand?post=79746"},{"taxonomy":"product_cat","embeddable":true,"href":"https:\/\/brandss.com.py\/index\/wp-json\/wp\/v2\/product_cat?post=79746"},{"taxonomy":"product_tag","embeddable":true,"href":"https:\/\/brandss.com.py\/index\/wp-json\/wp\/v2\/product_tag?post=79746"}],"curies":[{"name":"wp","href":"https:\/\/api.w.org\/{rel}","templated":true}]}}