{"id":79800,"date":"2025-04-10T17:09:25","date_gmt":"2025-04-10T17:09:25","guid":{"rendered":"https:\/\/brandss.com.py\/index\/?post_type=product&#038;p=79800"},"modified":"2025-07-07T17:57:44","modified_gmt":"2025-07-07T17:57:44","slug":"calzado-casual-masculino-jordan-nike-air-1-low-se-craft","status":"publish","type":"product","link":"https:\/\/brandss.com.py\/index\/producto\/calzado-casual-masculino-jordan-nike-air-1-low-se-craft\/","title":{"rendered":"CALZADO CASUAL MASCULINO JORDAN NIKE AIR 1 LOW SE CRAFT"},"content":{"rendered":"<p><img decoding=\"async\" src=\"https:\/\/encrypted-tbn0.gstatic.com\/images?q=tbn:ANd9GcSwxWjbiOX8rYuq720FgrIefCPVC-y-gHSUYg&amp;s\" alt=\"Logo Nike PNG transparente - StickPNG\" \/><\/p>\n<h1 data-start=\"124\" data-end=\"180\"><strong data-start=\"124\" data-end=\"180\">Nike Air Jordan 1 Craft Low Se Craft &#8211;\u00a0<\/strong><\/h1>\n<p class=\"\" data-start=\"182\" data-end=\"612\">Las <strong data-start=\"186\" data-end=\"217\">Nike Air Jordan 1 Craft Low<\/strong> combinan la elegancia atemporal de las AJ1 con un toque artesanal \u00fanico. Con tonos arena neutros que se mezclan perfectamente, estas zapatillas bajas son la opci\u00f3n ideal para complementar cualquier atuendo, aportando sofisticaci\u00f3n y estilo. La gamuza premium a\u00f1ade una textura lujosa, mientras que la suela ligeramente moteada proporciona detalles sutiles que elevan tu look al siguiente nivel.<\/p>\n<p class=\"\" data-start=\"614\" data-end=\"629\"><strong data-start=\"614\" data-end=\"629\">Beneficios:<\/strong><\/p>\n<ul data-start=\"631\" data-end=\"1160\">\n<li class=\"\" data-start=\"631\" data-end=\"799\">\n<p class=\"\" data-start=\"633\" data-end=\"799\"><strong data-start=\"633\" data-end=\"662\">Durabilidad y estructura:<\/strong> El cuero genuino en la parte superior ofrece resistencia y una estructura s\u00f3lida, asegurando una larga vida \u00fatil y soporte en cada paso.<\/p>\n<\/li>\n<li class=\"\" data-start=\"803\" data-end=\"986\">\n<p class=\"\" data-start=\"805\" data-end=\"986\"><strong data-start=\"805\" data-end=\"830\">Amortiguaci\u00f3n ligera:<\/strong> La unidad Nike Air encapsulada en el tal\u00f3n proporciona una amortiguaci\u00f3n suave y ligera, que ofrece comodidad durante todo el d\u00eda sin sacrificar el estilo.<\/p>\n<\/li>\n<li class=\"\" data-start=\"988\" data-end=\"1160\">\n<p class=\"\" data-start=\"990\" data-end=\"1160\"><strong data-start=\"990\" data-end=\"1012\">Tracci\u00f3n superior:<\/strong> La suela exterior de goma garantiza tracci\u00f3n en diversas superficies, brindando estabilidad en cada movimiento, ya sea dentro o fuera de la cancha.<\/p>\n<\/li>\n<\/ul>\n<p class=\"\" data-start=\"1162\" data-end=\"1188\"><strong data-start=\"1162\" data-end=\"1188\">Detalles del producto:<\/strong><\/p>\n<ul data-start=\"1189\" data-end=\"1370\">\n<li class=\"\" data-start=\"1189\" data-end=\"1219\">\n<p class=\"\" data-start=\"1191\" data-end=\"1219\">Logotipo de alas en el tal\u00f3n<\/p>\n<\/li>\n<li class=\"\" data-start=\"1220\" data-end=\"1256\">\n<p class=\"\" data-start=\"1222\" data-end=\"1256\">Logotipo de Jumpman en la leng\u00fceta<\/p>\n<\/li>\n<li class=\"\" data-start=\"1257\" data-end=\"1314\">\n<p class=\"\" data-start=\"1259\" data-end=\"1314\">Color mostrado: Marfil p\u00e1lido\/Marr\u00f3n claro leyenda\/Vela<\/p>\n<\/li>\n<li class=\"\" data-start=\"1315\" data-end=\"1335\">\n<p class=\"\" data-start=\"1317\" data-end=\"1335\">Estilo: FQ3055-100<\/p>\n<\/li>\n<li class=\"\" data-start=\"1336\" data-end=\"1370\">\n<p class=\"\" data-start=\"1338\" data-end=\"1370\">Pa\u00eds\/Regi\u00f3n de origen: Indonesia<\/p>\n<\/li>\n<\/ul>\n<p class=\"\" data-start=\"1372\" data-end=\"1424\"><strong data-start=\"1372\" data-end=\"1424\">\u00bfPor qu\u00e9 elegir las Nike Air Jordan 1 Craft Low?<\/strong><\/p>\n<p class=\"\" data-start=\"1426\" data-end=\"1714\">Estas zapatillas no solo destacan por su dise\u00f1o sofisticado, sino tambi\u00e9n por su comodidad y rendimiento. Con una mezcla de materiales de alta calidad y detalles ic\u00f3nicos, las <strong data-start=\"1602\" data-end=\"1619\">AJ1 Craft Low<\/strong> son ideales para quienes buscan un calzado vers\u00e1til que combine estilo, durabilidad y confort.<\/p>\n","protected":false},"excerpt":{"rendered":"<p>Nike Air Jordan 1 Craft Low Se Craft &#8211;\u00a0 Las Nike Air Jordan 1 Craft Low combinan la elegancia atemporal<\/p>\n","protected":false},"featured_media":79801,"comment_status":"open","ping_status":"closed","template":"","meta":{"nf_dc_page":""},"product_brand":[],"product_cat":[76],"product_tag":[],"class_list":{"0":"post-79800","1":"product","2":"type-product","3":"status-publish","4":"has-post-thumbnail","6":"product_cat-masculino","8":"first","9":"outofstock","10":"shipping-taxable","11":"purchasable","12":"product-type-simple"},"_links":{"self":[{"href":"https:\/\/brandss.com.py\/index\/wp-json\/wp\/v2\/product\/79800","targetHints":{"allow":["GET"]}}],"collection":[{"href":"https:\/\/brandss.com.py\/index\/wp-json\/wp\/v2\/product"}],"about":[{"href":"https:\/\/brandss.com.py\/index\/wp-json\/wp\/v2\/types\/product"}],"replies":[{"embeddable":true,"href":"https:\/\/brandss.com.py\/index\/wp-json\/wp\/v2\/comments?post=79800"}],"version-history":[{"count":2,"href":"https:\/\/brandss.com.py\/index\/wp-json\/wp\/v2\/product\/79800\/revisions"}],"predecessor-version":[{"id":79808,"href":"https:\/\/brandss.com.py\/index\/wp-json\/wp\/v2\/product\/79800\/revisions\/79808"}],"wp:featuredmedia":[{"embeddable":true,"href":"https:\/\/brandss.com.py\/index\/wp-json\/wp\/v2\/media\/79801"}],"wp:attachment":[{"href":"https:\/\/brandss.com.py\/index\/wp-json\/wp\/v2\/media?parent=79800"}],"wp:term":[{"taxonomy":"product_brand","embeddable":true,"href":"https:\/\/brandss.com.py\/index\/wp-json\/wp\/v2\/product_brand?post=79800"},{"taxonomy":"product_cat","embeddable":true,"href":"https:\/\/brandss.com.py\/index\/wp-json\/wp\/v2\/product_cat?post=79800"},{"taxonomy":"product_tag","embeddable":true,"href":"https:\/\/brandss.com.py\/index\/wp-json\/wp\/v2\/product_tag?post=79800"}],"curies":[{"name":"wp","href":"https:\/\/api.w.org\/{rel}","templated":true}]}}