{"id":79839,"date":"2025-04-11T10:57:57","date_gmt":"2025-04-11T10:57:57","guid":{"rendered":"https:\/\/brandss.com.py\/index\/?post_type=product&#038;p=79839"},"modified":"2025-08-23T14:42:03","modified_gmt":"2025-08-23T14:42:03","slug":"perfume-masculino-brand-collection-dream-n102-classic-men-edp-25ml","status":"publish","type":"product","link":"https:\/\/brandss.com.py\/index\/producto\/perfume-masculino-brand-collection-dream-n102-classic-men-edp-25ml\/","title":{"rendered":"PERFUME MASCULINO BRAND COLLECTION DREAM N\u00b0102 CLASSIC MEN EDP 25ML"},"content":{"rendered":"<p><img loading=\"lazy\" decoding=\"async\" class=\"\" src=\"https:\/\/brandcollectionperfume.com\/cdn\/shop\/files\/Untitled_design_1.png?v=1687781756&amp;width=500\" alt=\"Terms of Service \u2013 YouSmellSoGood\" width=\"132\" height=\"74\" \/><\/p>\n<h1>DREAM N\u00b0102 CLASSIC MEN<\/h1>\n<p><span>Es una fragancia floral amaderada fresca y moderna, creada para representar la esencia del hombre contempor\u00e1neo. Inspirado en el estilo de vida din\u00e1mico y audaz de Nueva York, este perfume transmite una sofisticaci\u00f3n \u00fanica, al tiempo que refleja la juventud y la energ\u00eda de una generaci\u00f3n consciente y abierta al mundo. El <\/span>perfume<span> es perfecto para los hombres que quieren expresar poder, creatividad y un esp\u00edritu pionero, con una fragancia que combina frescura, intensidad y elegancia. S<\/span><span>e abre con notas <\/span>de salida frescas y vibrantes, que captan la atenci\u00f3n de inmediato.\u00a0Las notas verdes\u00a0y\u00a0la bergamota\u00a0aportan\u00a0un toque fresco y vigorizante, mientras que\u00a0el pomelo\u00a0a\u00f1ade un toque de acidez que da a la fragancia una energ\u00eda vibrante. Notas de\u00a0lavanda\u00a0y\u00a0petitgrain<span>\u00a0completan esta apertura, aportando una frescura floral ligera y agradable, que combina perfectamente con el car\u00e1cter energizante de las notas verdes y c\u00edtricas. Esta combinaci\u00f3n crea una entrada impactante y juvenil, reflejando el estilo moderno y urbano del hombre actual.<\/span><\/p>\n<p><span>A medida que se desarrolla<\/span><span>\u00a0las\u00a0<\/span>notas de coraz\u00f3n<span>\u00a0comienzan a emerger, aportando una capa de sofisticaci\u00f3n y complejidad a la fragancia. El jengibre\u00a0, con su toque picante y energizante, combina perfectamente con\u00a0la violeta, que aporta una frescura floral suave y\u00a0<\/span>elegante<span>. La gardenia\u00a0a\u00f1ade una delicada dulzura floral, mientras que\u00a0la salvia ofrece una profundidad terrosa\u00a0y\u00a0herb\u00e1cea. Estas notas florales y especiadas crean un equilibrio perfecto con la energ\u00eda inicial del perfume, proporcionando una transici\u00f3n suave y envolvente.<\/span><\/p>\n<p><span>En la\u00a0<\/span>base\u00a0predominan las notas\u00a0amaderadas\u00a0y terrosas, proporcionando una base s\u00f3lida y duradera. El s\u00e1ndalo\u00a0, con su c\u00e1lida suavidad, se combina con\u00a0el vetiver\u00a0y\u00a0la madera de guayaco, creando una<span>\u00a0sensaci\u00f3n amaderada y refinada que a\u00f1ade profundidad y sensualidad a la fragancia. El almizcle\u00a0y\u00a0el incienso\u00a0aportan una intensidad adicional, mientras que\u00a0el l\u00e1dano\u00a0a\u00f1ade\u00a0un toque resinoso y envolvente. Estas notas de fondo le dan al perfume un aura sofisticada y masculina, perfecta para el hombre que quiere hacer sentir su presencia de forma elegante y distinguida.<\/span><\/p>\n<p>Classic Men<span> es ideal para el hombre moderno, din\u00e1mico y creativo, que busca una fragancia vers\u00e1til y duradera. Su combinaci\u00f3n de notas frescas, florales, especiadas y amaderadas crea una firma olfativa \u00fanica, que transmite sofisticaci\u00f3n y elegancia sin perder su energ\u00eda juvenil y vibrante. Perfecto para el uso diario o para ocasiones especiales, <\/span>Classic Men<span>\u00a0se adapta a diferentes situaciones, ofreciendo una experiencia olfativa impactante y envolvente.<\/span><\/p>\n<p><span>Para aprovechar al m\u00e1ximo la fragancia <\/span>Classic Men<span>, apl\u00edcalo en las zonas con mayor circulaci\u00f3n sangu\u00ednea, como las mu\u00f1ecas, el cuello y detr\u00e1s de las orejas. Estas zonas ayudan a que el perfume dure m\u00e1s tiempo y a liberar su fragancia de forma continua durante todo el d\u00eda. Adem\u00e1s, para garantizar su longevidad, guarde su perfume en un lugar fresco y seco, alejado de la luz solar directa.<\/span><\/p>\n<h3>Notas Olfativas<\/h3>\n<p><span>Con <\/span>Classic Men<span>, estar\u00e1s listo para impresionar y destacar con una fragancia que refleja tu personalidad segura, creativa y moderna. D\u00e9jate envolver por esta impactante esencia y experimenta el poder de un perfume que es la verdadera expresi\u00f3n de la elegancia y el estilo contempor\u00e1neo.<\/span><\/p>\n<p>&nbsp;<\/p>\n<p><strong><span>Notas de salida:<\/span><\/strong><span> Notas verdes, pomelo, especias, bergamota, lavanda y petitgrain.<\/span><\/p>\n<p><strong><span>Notas de coraz\u00f3n:<\/span><\/strong><span> Jengibre, Violeta, Gardenia y Salvia.<\/span><\/p>\n<p><strong><span>Notas de fondo:<\/span><\/strong><span>\u00a0Almizcle, s\u00e1ndalo, incienso, vetiver, madera de guayaco y l\u00e1dano.<\/span><\/p>\n","protected":false},"excerpt":{"rendered":"<p>DREAM N\u00b0102 CLASSIC MEN Es una fragancia floral amaderada fresca y moderna, creada para representar la esencia del hombre contempor\u00e1neo.<\/p>\n","protected":false},"featured_media":79840,"comment_status":"open","ping_status":"closed","template":"","meta":{"nf_dc_page":""},"product_brand":[],"product_cat":[84],"product_tag":[],"class_list":{"0":"post-79839","1":"product","2":"type-product","3":"status-publish","4":"has-post-thumbnail","6":"product_cat-perfumeria","8":"first","9":"outofstock","10":"shipping-taxable","11":"purchasable","12":"product-type-simple"},"_links":{"self":[{"href":"https:\/\/brandss.com.py\/index\/wp-json\/wp\/v2\/product\/79839","targetHints":{"allow":["GET"]}}],"collection":[{"href":"https:\/\/brandss.com.py\/index\/wp-json\/wp\/v2\/product"}],"about":[{"href":"https:\/\/brandss.com.py\/index\/wp-json\/wp\/v2\/types\/product"}],"replies":[{"embeddable":true,"href":"https:\/\/brandss.com.py\/index\/wp-json\/wp\/v2\/comments?post=79839"}],"version-history":[{"count":1,"href":"https:\/\/brandss.com.py\/index\/wp-json\/wp\/v2\/product\/79839\/revisions"}],"predecessor-version":[{"id":79843,"href":"https:\/\/brandss.com.py\/index\/wp-json\/wp\/v2\/product\/79839\/revisions\/79843"}],"wp:featuredmedia":[{"embeddable":true,"href":"https:\/\/brandss.com.py\/index\/wp-json\/wp\/v2\/media\/79840"}],"wp:attachment":[{"href":"https:\/\/brandss.com.py\/index\/wp-json\/wp\/v2\/media?parent=79839"}],"wp:term":[{"taxonomy":"product_brand","embeddable":true,"href":"https:\/\/brandss.com.py\/index\/wp-json\/wp\/v2\/product_brand?post=79839"},{"taxonomy":"product_cat","embeddable":true,"href":"https:\/\/brandss.com.py\/index\/wp-json\/wp\/v2\/product_cat?post=79839"},{"taxonomy":"product_tag","embeddable":true,"href":"https:\/\/brandss.com.py\/index\/wp-json\/wp\/v2\/product_tag?post=79839"}],"curies":[{"name":"wp","href":"https:\/\/api.w.org\/{rel}","templated":true}]}}