{"id":79868,"date":"2025-04-11T17:07:15","date_gmt":"2025-04-11T17:07:15","guid":{"rendered":"https:\/\/brandss.com.py\/index\/?post_type=product&#038;p=79868"},"modified":"2025-05-10T13:00:57","modified_gmt":"2025-05-10T13:00:57","slug":"perfume-femenino-brand-collection-dream-n109-kenzo-wprld-edp-25ml","status":"publish","type":"product","link":"https:\/\/brandss.com.py\/index\/producto\/perfume-femenino-brand-collection-dream-n109-kenzo-wprld-edp-25ml\/","title":{"rendered":"PERFUME FEMENINO BRAND COLLECTION DREAM N\u00b0109 KENZO WORLD EDP 25ML"},"content":{"rendered":"<p><img loading=\"lazy\" decoding=\"async\" class=\"\" src=\"https:\/\/brandcollectionperfume.com\/cdn\/shop\/files\/Untitled_design_1.png?v=1687781756&amp;width=500\" alt=\"Terms of Service \u2013 YouSmellSoGood\" width=\"149\" height=\"84\" \/><\/p>\n<div class=\"flex max-w-full flex-col flex-grow\">\n<div class=\"min-h-8 text-message flex w-full flex-col items-end gap-2 whitespace-normal break-words [.text-message+&amp;]:mt-5\" dir=\"auto\" data-message-author-role=\"assistant\" data-message-id=\"250e7e94-9e8f-4a12-ac38-4007bfb8a185\" data-message-model-slug=\"gpt-4o-mini\">\n<div class=\"flex w-full flex-col gap-1 empty:hidden first:pt-[3px]\">\n<div class=\"markdown prose w-full break-words dark:prose-invert light\">\n<p><span>Es una fragancia <\/span>audaz\u00a0y\u00a0adictiva, creada para mujeres que se atreven a ver el mundo de una manera \u00fanica y sorprendente. Con una elegante combinaci\u00f3n de notas florales y amaderadas,\u00a0Kenzo World ofrece una experiencia olfativa inesperada, llena de frescura e intensidad. Este perfume es una verdadera\u00a0celebraci\u00f3n de la espontaneidad\u00a0y\u00a0la originalidad, destinado a mujeres que tienen una visi\u00f3n innovadora y no tienen miedo de destacar.<\/p>\n<p>La fragancia se abre con una explosi\u00f3n de frescura floral, gracias a notas de\u00a0peon\u00eda\u00a0y\u00a0jazm\u00edn egipcio. La\u00a0peon\u00eda\u00a0aporta una delicada suavidad, mientras que el\u00a0jazm\u00edn egipcio<span>\u00a0aporta un toque ex\u00f3tico y rico a la composici\u00f3n. Estas notas florales se combinan armoniosamente, creando una introducci\u00f3n fresca, femenina y cautivadora que atrapa inmediatamente la mirada. Juntos, forman una base floral \u00fanica que es a la vez cl\u00e1sica y moderna.<\/span><\/p>\n<p><span>A medida que se desarrolla el aroma, las notas\u00a0<\/span>de Ambroxan\u00a0comienzan a destacarse, proporcionando una dimensi\u00f3n m\u00e1s profunda y amaderada a la fragancia. Ambroxan\u00a0es conocido por su capacidad de crear una base c\u00e1lida y envolvente, a\u00f1adiendo un toque de sofisticaci\u00f3n y\u00a0lujo\u00a0a\u00a0la composici\u00f3n. Esta nota crea una transici\u00f3n suave entre la frescura inicial de las flores y la profundidad m\u00e1s amaderada y misteriosa que viene a continuaci\u00f3n, haciendo que el perfume sea a\u00fan m\u00e1s cautivador y duradero.<\/p>\n<p>El frasco es un fiel reflejo de la audacia y la creatividad de la marca. Inspirado en los bolsos\u00a0Kenzo Kalifornia\u00a0, el dise\u00f1o del frasco es elegante e innovador, con tap\u00f3n\u00a0de goma\u00a0y detalles\u00a0en oro rosa, como las joyas de\u00a0la colecci\u00f3n The Eye<span>. Esta botella no es solo un recipiente, sino una verdadera obra de arte, que refleja la visi\u00f3n \u00fanica y creativa de Kenzo. Su dise\u00f1o atrevido pero sofisticado es perfecto para las mujeres que no tienen miedo de mostrar su personalidad fuerte y llamativa.<\/span><\/p>\n<p>Kenzo World<span>\u00a0es ideal para mujeres que buscan una fragancia que vaya m\u00e1s all\u00e1 de lo convencional. Es perfecto para el uso diario, pero tambi\u00e9n es lo suficientemente elegante para usarlo en ocasiones especiales. La combinaci\u00f3n de notas florales frescas con profundidad amaderada crea una fragancia equilibrada y\u00a0<\/span>vers\u00e1til<span>\u00a0que se puede utilizar en cualquier estaci\u00f3n del a\u00f1o. Su durabilidad y proyecci\u00f3n tambi\u00e9n son destacables, consiguiendo que la fragancia permanezca presente durante todo el d\u00eda, dejando una impresi\u00f3n duradera.<\/span><\/p>\n<p><span>Para aprovechar al m\u00e1ximo <\/span>Kenzo World, apl\u00edcalo en las zonas con mayor circulaci\u00f3n sangu\u00ednea, como las\u00a0mu\u00f1ecas,\u00a0el cuello\u00a0y detr\u00e1s de las\u00a0orejas<span>. Estas zonas ayudan a intensificar la fragancia y garantizar que permanezca perceptible durante m\u00e1s tiempo.<\/span><\/p>\n<h3>Notas Olfativas<\/h3>\n<p><span>Con la <\/span>Kenzo World, tendr\u00e1s una fragancia\u00a0\u00fanica,\u00a0fresca\u00a0y\u00a0envolvente, que refleja tu personalidad fuerte y audaz. Esta es una elecci\u00f3n perfecta para las mujeres que se atreven a ver el mundo de una manera diferente y quieren transmitir esa visi\u00f3n con una fragancia que sea a la vez\u00a0sofisticada\u00a0y\u00a0sorprendente.<\/p>\n<\/div>\n<\/div>\n<\/div>\n<\/div>\n<div class=\"mb-2 flex gap-3 empty:hidden -ml-2\">\n<div class=\"items-center justify-start rounded-xl p-1 flex\">\n<div class=\"flex items-center\"><\/div>\n<div class=\"flex items-center\">\n<p data-pm-slice=\"1 1 []\"><strong><span>Notas de salida:<\/span><\/strong><span> Ron y maracuy\u00e1.<\/span><\/p>\n<p><strong><span>Notas de coraz\u00f3n:<\/span><\/strong><span> Peon\u00eda, notas florales y jazm\u00edn egipcio.<\/span><\/p>\n<p><strong><span>Notas de base:<\/span><\/strong><span>\u00a0Ambroxan.<\/span><\/p>\n<\/div>\n<\/div>\n<\/div>\n","protected":false},"excerpt":{"rendered":"<p>Es una fragancia audaz\u00a0y\u00a0adictiva, creada para mujeres que se atreven a ver el mundo de una manera \u00fanica y sorprendente.<\/p>\n","protected":false},"featured_media":79869,"comment_status":"open","ping_status":"closed","template":"","meta":{"nf_dc_page":""},"product_brand":[],"product_cat":[84],"product_tag":[],"class_list":{"0":"post-79868","1":"product","2":"type-product","3":"status-publish","4":"has-post-thumbnail","6":"product_cat-perfumeria","8":"first","9":"instock","10":"shipping-taxable","11":"purchasable","12":"product-type-simple"},"_links":{"self":[{"href":"https:\/\/brandss.com.py\/index\/wp-json\/wp\/v2\/product\/79868","targetHints":{"allow":["GET"]}}],"collection":[{"href":"https:\/\/brandss.com.py\/index\/wp-json\/wp\/v2\/product"}],"about":[{"href":"https:\/\/brandss.com.py\/index\/wp-json\/wp\/v2\/types\/product"}],"replies":[{"embeddable":true,"href":"https:\/\/brandss.com.py\/index\/wp-json\/wp\/v2\/comments?post=79868"}],"version-history":[{"count":2,"href":"https:\/\/brandss.com.py\/index\/wp-json\/wp\/v2\/product\/79868\/revisions"}],"predecessor-version":[{"id":79917,"href":"https:\/\/brandss.com.py\/index\/wp-json\/wp\/v2\/product\/79868\/revisions\/79917"}],"wp:featuredmedia":[{"embeddable":true,"href":"https:\/\/brandss.com.py\/index\/wp-json\/wp\/v2\/media\/79869"}],"wp:attachment":[{"href":"https:\/\/brandss.com.py\/index\/wp-json\/wp\/v2\/media?parent=79868"}],"wp:term":[{"taxonomy":"product_brand","embeddable":true,"href":"https:\/\/brandss.com.py\/index\/wp-json\/wp\/v2\/product_brand?post=79868"},{"taxonomy":"product_cat","embeddable":true,"href":"https:\/\/brandss.com.py\/index\/wp-json\/wp\/v2\/product_cat?post=79868"},{"taxonomy":"product_tag","embeddable":true,"href":"https:\/\/brandss.com.py\/index\/wp-json\/wp\/v2\/product_tag?post=79868"}],"curies":[{"name":"wp","href":"https:\/\/api.w.org\/{rel}","templated":true}]}}