{"id":79937,"date":"2025-04-11T19:04:28","date_gmt":"2025-04-11T19:04:28","guid":{"rendered":"https:\/\/brandss.com.py\/index\/?post_type=product&#038;p=79937"},"modified":"2025-04-11T19:04:49","modified_gmt":"2025-04-11T19:04:49","slug":"calzado-casual-infantil-nike-air-force","status":"publish","type":"product","link":"https:\/\/brandss.com.py\/index\/producto\/calzado-casual-infantil-nike-air-force\/","title":{"rendered":"CALZADO CASUAL INFANTIL NIKE AIR FORCE"},"content":{"rendered":"<p><img loading=\"lazy\" decoding=\"async\" class=\"\" src=\"https:\/\/1000marcas.net\/wp-content\/uploads\/2019\/11\/Nike-logo.jpg\" alt=\"Logo de Nike: la historia y el significado del logotipo, la ...\" width=\"398\" height=\"224\" \/><\/p>\n<div class=\"experience-component experience-productText\">\n<div class=\"product-text-wrapper hide-empty  \">\n<div class=\"product-text-content     \">\n<div class=\"product-text  released    \" data-product-field=\"longDescription\">\n<div class=\"pi-tier3\">\n<div class=\"pi-pdpmainbody\"><\/div>\n<\/div>\n<\/div>\n<\/div>\n<\/div>\n<\/div>\n<h1 data-start=\"283\" data-end=\"356\"><strong data-start=\"287\" data-end=\"356\">Nike Air Force 1 &#8220;Summer Camp&#8221; \u2013 Un cl\u00e1sico con un toque creativo<\/strong><\/h1>\n<p class=\"\" data-start=\"358\" data-end=\"621\">Conoc\u00e9 una versi\u00f3n reinventada del \u00edcono de Nike que trasciende generaciones. Los <strong data-start=\"440\" data-end=\"474\">Nike Air Force 1 &#8220;Summer Camp&#8221;<\/strong> son mucho m\u00e1s que unas zapatillas: son una expresi\u00f3n art\u00edstica, una dosis de nostalgia y una celebraci\u00f3n del esp\u00edritu libre y creativo del verano.<\/p>\n<p class=\"\" data-start=\"623\" data-end=\"1110\">Inspirada en los proyectos de arte y manualidades que podr\u00edas realizar en un campamento de verano, esta edici\u00f3n especial toma el ADN del AF1 y lo transforma con un toque l\u00fadico y artesanal. Su <strong data-start=\"816\" data-end=\"847\">llamativo Swoosh multicolor<\/strong>, con una est\u00e9tica divertida y brillante, le da vida a una silueta cl\u00e1sica amada por d\u00e9cadas. El contraste entre los materiales de alta calidad y los detalles coloridos hace que estas zapatillas sean una declaraci\u00f3n de estilo tanto para j\u00f3venes como para adultos.<\/p>\n<p class=\"\" data-start=\"1112\" data-end=\"1493\">Pero no es solo una cuesti\u00f3n de estilo. La comodidad y durabilidad siguen siendo pilares fundamentales en esta versi\u00f3n. Gracias a la amortiguaci\u00f3n <strong data-start=\"1259\" data-end=\"1271\">Nike Air<\/strong> de largo recorrido y a su construcci\u00f3n con <strong data-start=\"1315\" data-end=\"1343\">cuero suave y resistente<\/strong>, estas zapatillas est\u00e1n hechas para acompa\u00f1arte en tu d\u00eda a d\u00eda con el mismo nivel de soporte que ofrec\u00edan en sus inicios como calzado de baloncesto.<\/p>\n<hr class=\"\" data-start=\"1495\" data-end=\"1498\" \/>\n<h3 class=\"\" data-start=\"1500\" data-end=\"1535\"><strong data-start=\"1504\" data-end=\"1535\">Caracter\u00edsticas destacadas:<\/strong><\/h3>\n<ul data-start=\"1537\" data-end=\"2588\">\n<li class=\"\" data-start=\"1537\" data-end=\"1697\">\n<p class=\"\" data-start=\"1539\" data-end=\"1697\">\ud83c\udfa8 <strong data-start=\"1542\" data-end=\"1576\">Dise\u00f1o exclusivo &#8220;Summer Camp&#8221;<\/strong>: El logotipo Swoosh brillante y colorido evoca proyectos artesanales, ideal para quienes aman lo diferente y creativo.<\/p>\n<\/li>\n<li class=\"\" data-start=\"1698\" data-end=\"1878\">\n<p class=\"\" data-start=\"1700\" data-end=\"1878\">\ud83d\udc5f <strong data-start=\"1703\" data-end=\"1738\">Construcci\u00f3n cl\u00e1sica y duradera<\/strong>: El dise\u00f1o de suela tipo cupsole, junto con las costuras reforzadas y el cuero de alta calidad, garantizan resistencia y larga vida \u00fatil.<\/p>\n<\/li>\n<li class=\"\" data-start=\"1879\" data-end=\"2029\">\n<p class=\"\" data-start=\"1881\" data-end=\"2029\">\ud83d\udecb\ufe0f <strong data-start=\"1885\" data-end=\"1911\">Amortiguaci\u00f3n Nike Air<\/strong>: Ofrece comodidad todo el d\u00eda gracias a su tecnolog\u00eda originalmente pensada para el baloncesto de alto rendimiento.<\/p>\n<\/li>\n<li class=\"\" data-start=\"2030\" data-end=\"2152\">\n<p class=\"\" data-start=\"2032\" data-end=\"2152\">\ud83d\udcab <strong data-start=\"2035\" data-end=\"2055\">Estilo y confort<\/strong>: El cuello acolchado de corte bajo proporciona un ajuste c\u00f3modo con un look limpio y vers\u00e1til.<\/p>\n<\/li>\n<li class=\"\" data-start=\"2153\" data-end=\"2367\">\n<p class=\"\" data-start=\"2155\" data-end=\"2367\">\ud83e\uddb6 <strong data-start=\"2158\" data-end=\"2180\">Tracci\u00f3n confiable<\/strong>: La suela exterior de goma cuenta con un patr\u00f3n circular que ofrece agarre duradero y estabilidad, ideal tanto para moverte en la calle como para mantener el estilo en cualquier lugar.<\/p>\n<\/li>\n<li class=\"\" data-start=\"2368\" data-end=\"2588\">\n<p class=\"\" data-start=\"2370\" data-end=\"2400\">\ud83e\uddf5 <strong data-start=\"2373\" data-end=\"2397\">Detalles adicionales<\/strong>:<\/p>\n<ul data-start=\"2403\" data-end=\"2588\">\n<li class=\"\" data-start=\"2403\" data-end=\"2446\">\n<p class=\"\" data-start=\"2405\" data-end=\"2446\">Cordones cl\u00e1sicos para un ajuste firme.<\/p>\n<\/li>\n<li class=\"\" data-start=\"2449\" data-end=\"2504\">\n<p class=\"\" data-start=\"2451\" data-end=\"2504\">Perforaciones en la puntera para mayor ventilaci\u00f3n.<\/p>\n<\/li>\n<li class=\"\" data-start=\"2507\" data-end=\"2564\">\n<p class=\"\" data-start=\"2509\" data-end=\"2564\">Color mostrado: Blanco \/ Multicolor &#8211; Terra Colorete.<\/p>\n<\/li>\n<li class=\"\" data-start=\"2567\" data-end=\"2588\">\n<p class=\"\" data-start=\"2569\" data-end=\"2588\">Estilo: FQ4948-100.<\/p>\n<\/li>\n<\/ul>\n<\/li>\n<\/ul>\n","protected":false},"excerpt":{"rendered":"<p>Nike Air Force 1 &#8220;Summer Camp&#8221; \u2013 Un cl\u00e1sico con un toque creativo Conoc\u00e9 una versi\u00f3n reinventada del \u00edcono de<\/p>\n","protected":false},"featured_media":79941,"comment_status":"open","ping_status":"closed","template":"","meta":{"nf_dc_page":""},"product_brand":[],"product_cat":[75],"product_tag":[],"class_list":{"0":"post-79937","1":"product","2":"type-product","3":"status-publish","4":"has-post-thumbnail","6":"product_cat-infantil","8":"first","9":"instock","10":"shipping-taxable","11":"purchasable","12":"product-type-simple"},"_links":{"self":[{"href":"https:\/\/brandss.com.py\/index\/wp-json\/wp\/v2\/product\/79937","targetHints":{"allow":["GET"]}}],"collection":[{"href":"https:\/\/brandss.com.py\/index\/wp-json\/wp\/v2\/product"}],"about":[{"href":"https:\/\/brandss.com.py\/index\/wp-json\/wp\/v2\/types\/product"}],"replies":[{"embeddable":true,"href":"https:\/\/brandss.com.py\/index\/wp-json\/wp\/v2\/comments?post=79937"}],"version-history":[{"count":1,"href":"https:\/\/brandss.com.py\/index\/wp-json\/wp\/v2\/product\/79937\/revisions"}],"predecessor-version":[{"id":79949,"href":"https:\/\/brandss.com.py\/index\/wp-json\/wp\/v2\/product\/79937\/revisions\/79949"}],"wp:featuredmedia":[{"embeddable":true,"href":"https:\/\/brandss.com.py\/index\/wp-json\/wp\/v2\/media\/79941"}],"wp:attachment":[{"href":"https:\/\/brandss.com.py\/index\/wp-json\/wp\/v2\/media?parent=79937"}],"wp:term":[{"taxonomy":"product_brand","embeddable":true,"href":"https:\/\/brandss.com.py\/index\/wp-json\/wp\/v2\/product_brand?post=79937"},{"taxonomy":"product_cat","embeddable":true,"href":"https:\/\/brandss.com.py\/index\/wp-json\/wp\/v2\/product_cat?post=79937"},{"taxonomy":"product_tag","embeddable":true,"href":"https:\/\/brandss.com.py\/index\/wp-json\/wp\/v2\/product_tag?post=79937"}],"curies":[{"name":"wp","href":"https:\/\/api.w.org\/{rel}","templated":true}]}}