{"id":80336,"date":"2025-04-17T17:27:11","date_gmt":"2025-04-17T17:27:11","guid":{"rendered":"https:\/\/brandss.com.py\/index\/?post_type=product&#038;p=80336"},"modified":"2025-05-10T13:26:19","modified_gmt":"2025-05-10T13:26:19","slug":"perfume-femenino-brand-collection-dream-n-240-classic-girl-edp-25ml","status":"publish","type":"product","link":"https:\/\/brandss.com.py\/index\/producto\/perfume-femenino-brand-collection-dream-n-240-classic-girl-edp-25ml\/","title":{"rendered":"PERFUME FEMENINO BRAND COLLECTION DREAM N\u00b0 240 CLASSIC GIRL EDP 25ML"},"content":{"rendered":"<p><img loading=\"lazy\" decoding=\"async\" class=\"\" src=\"https:\/\/brandcollectionperfume.com\/cdn\/shop\/files\/Untitled_design_1.png?v=1687781756&amp;width=500\" alt=\"Terms of Service \u2013 YouSmellSoGood\" width=\"114\" height=\"64\" \/><\/p>\n<h1>DREAM N\u00b0 240 CLASSIC GIRL<\/h1>\n<p><span>Es una fragancia fresca, sofisticada y elegante, especialmente desarrollada para mujeres modernas, activas y seguras de s\u00ed mismas. Dise\u00f1ado para mantenerse al d\u00eda con la vida urbana acelerada y vibrante, refleja el estilo cosmopolita y la juventud din\u00e1mica de <\/span>Nueva York. Este perfume captura la esencia de una mujer consciente, abierta al mundo y que busca una fragancia impactante, pero sutil. Su composici\u00f3n \u00fanica y refinada hace de\u00a0Classic Girl<span>\u00a0la elecci\u00f3n perfecta para quienes desean una fragancia que combine frescura y sofisticaci\u00f3n.<\/span><\/p>\n<p><span>Las notas de salida <\/span><span>son refrescantes y vibrantes, creando una apertura brillante y alegre.\u00a0<\/span>La flor de azahar\u00a0y\u00a0la mandarina\u00a0aportan\u00a0un toque c\u00edtrico y ligeramente dulce, ofreciendo una sensaci\u00f3n de frescor vigorizante. La bergamota\u00a0a\u00f1ade un matiz de energ\u00eda vibrante, mientras que\u00a0el cactus aporta un toque verde y acu\u00e1tico,\u00a0evocando<span>\u00a0la sensaci\u00f3n de aire limpio y renovado. Juntas, estas notas crean una primera impresi\u00f3n din\u00e1mica y radiante, perfecta para mujeres que buscan una fragancia energizante para todos los d\u00edas.<\/span><\/p>\n<p><span>A medida que se desarrolla la fragancia <\/span><span>sus notas de coraz\u00f3n florales comienzan a destacarse. Este perfume es un verdadero ramo floral, compuesto de\u00a0<\/span>lirio,\u00a0fresia,\u00a0gardenia,\u00a0jazm\u00edn,\u00a0camelia blanca,\u00a0lirio de los valles,\u00a0rosa\u00a0y\u00a0peon\u00eda. Cada una de estas flores a\u00f1ade una capa \u00fanica a la fragancia, haci\u00e9ndola compleja y envolvente. El lirio\u00a0y\u00a0el jazm\u00edn\u00a0aportan feminidad cl\u00e1sica, mientras que\u00a0la camelia\u00a0blanca<span>\u00a0a\u00f1ade frescura y suavidad. El lirio\u00a0de los valles\u00a0y\u00a0la rosa\u00a0aportan una elegancia refinada, mientras que\u00a0la fresia\u00a0y\u00a0la peon\u00eda\u00a0a\u00f1aden una delicada dulzura floral. Este complejo coraz\u00f3n floral crea una sensaci\u00f3n de ligereza y sofisticaci\u00f3n, pero tambi\u00e9n de intensa feminidad.<\/span><\/p>\n<p><span>En el fondo<\/span><span>\u00a0se establece con notas c\u00e1lidas y envolventes de\u00a0<\/span>almizcle\u00a0y\u00a0s\u00e1ndalo. El almizcle proporciona una\u00a0base suave\u00a0y c\u00e1lida, mientras que\u00a0el s\u00e1ndalo<span>\u00a0agrega una nota amaderada cremosa y lujosa. Estas notas de base no solo extienden la duraci\u00f3n de la fragancia, sino que tambi\u00e9n a\u00f1aden profundidad y una sensaci\u00f3n de serena elegancia. La combinaci\u00f3n de estas dos esencias proporciona un acabado refinado y duradero, manteniendo la sofisticaci\u00f3n y modernidad durante todo el d\u00eda.<\/span><\/p>\n<p><span>El dise\u00f1o del frasco <\/span><span>es una aut\u00e9ntica obra de arte, que refleja la est\u00e9tica contempor\u00e1nea del siglo XXI. Fabricada en vidrio y metal esmerilado, la botella tiene una forma innovadora, casi arquitect\u00f3nica, que transmite una sensaci\u00f3n de modernidad y estilo. Este frasco, adem\u00e1s de ser una pieza de dise\u00f1o, tambi\u00e9n es funcional, permiti\u00e9ndote llevar tu fragancia favorita a cualquier lugar, de forma pr\u00e1ctica y sofisticada.<\/span><\/p>\n<p>Classic Girl<span>\u00a0es la elecci\u00f3n ideal para las mujeres que tienen una vida din\u00e1mica y cosmopolita, que buscan una fragancia fresca, pero con una elegancia atemporal. Ya sea para el uso diario en el trabajo, para reuniones informales o incluso para ocasiones m\u00e1s especiales, el perfume se adapta a diferentes momentos y situaciones. Transmite una sensaci\u00f3n de confianza y ligereza, sin perder la sofisticaci\u00f3n que caracteriza a la mujer moderna.<\/span><\/p>\n<h3>Notas Olfativas<\/h3>\n<p>Classic Girl<span> es la elecci\u00f3n perfecta para las mujeres que buscan un perfume llamativo y vers\u00e1til. Su combinaci\u00f3n de notas florales y amaderadas frescas, combinadas con un dise\u00f1o innovador y elegante, la convierten en una fragancia que destaca, sin ser excesiva. Para las mujeres que buscan un perfume que refleje su personalidad cosmopolita y sofisticada,\u00a0<\/span>Classic Girl<span>\u00a0es, sin duda, la opci\u00f3n ideal.<\/span><\/p>\n<p>&nbsp;<\/p>\n<p data-pm-slice=\"0 0 []\"><strong><span>Notas de salida:<\/span><\/strong><span> Flor de naranja, flor de cactus, bergamota y mandarina.<\/span><\/p>\n<p><strong><span>Notas de coraz\u00f3n:<\/span><\/strong><span> Lirio, Fresia, Gardenia, Jazm\u00edn, Camelia Blanca, Lirio de los Valles, Rosa y Peon\u00eda.<\/span><\/p>\n<p><strong><span>Notas de fondo:<\/span><\/strong><span>\u00a0Almizcle y s\u00e1ndalo.<\/span><\/p>\n","protected":false},"excerpt":{"rendered":"<p>DREAM N\u00b0 240 CLASSIC GIRL Es una fragancia fresca, sofisticada y elegante, especialmente desarrollada para mujeres modernas, activas y seguras<\/p>\n","protected":false},"featured_media":80337,"comment_status":"open","ping_status":"closed","template":"","meta":{"nf_dc_page":""},"product_brand":[],"product_cat":[84],"product_tag":[],"class_list":{"0":"post-80336","1":"product","2":"type-product","3":"status-publish","4":"has-post-thumbnail","6":"product_cat-perfumeria","8":"first","9":"instock","10":"shipping-taxable","11":"purchasable","12":"product-type-simple"},"_links":{"self":[{"href":"https:\/\/brandss.com.py\/index\/wp-json\/wp\/v2\/product\/80336","targetHints":{"allow":["GET"]}}],"collection":[{"href":"https:\/\/brandss.com.py\/index\/wp-json\/wp\/v2\/product"}],"about":[{"href":"https:\/\/brandss.com.py\/index\/wp-json\/wp\/v2\/types\/product"}],"replies":[{"embeddable":true,"href":"https:\/\/brandss.com.py\/index\/wp-json\/wp\/v2\/comments?post=80336"}],"version-history":[{"count":1,"href":"https:\/\/brandss.com.py\/index\/wp-json\/wp\/v2\/product\/80336\/revisions"}],"predecessor-version":[{"id":80343,"href":"https:\/\/brandss.com.py\/index\/wp-json\/wp\/v2\/product\/80336\/revisions\/80343"}],"wp:featuredmedia":[{"embeddable":true,"href":"https:\/\/brandss.com.py\/index\/wp-json\/wp\/v2\/media\/80337"}],"wp:attachment":[{"href":"https:\/\/brandss.com.py\/index\/wp-json\/wp\/v2\/media?parent=80336"}],"wp:term":[{"taxonomy":"product_brand","embeddable":true,"href":"https:\/\/brandss.com.py\/index\/wp-json\/wp\/v2\/product_brand?post=80336"},{"taxonomy":"product_cat","embeddable":true,"href":"https:\/\/brandss.com.py\/index\/wp-json\/wp\/v2\/product_cat?post=80336"},{"taxonomy":"product_tag","embeddable":true,"href":"https:\/\/brandss.com.py\/index\/wp-json\/wp\/v2\/product_tag?post=80336"}],"curies":[{"name":"wp","href":"https:\/\/api.w.org\/{rel}","templated":true}]}}