{"id":80358,"date":"2025-04-17T19:07:39","date_gmt":"2025-04-17T19:07:39","guid":{"rendered":"https:\/\/brandss.com.py\/index\/?post_type=product&#038;p=80358"},"modified":"2025-05-10T13:24:56","modified_gmt":"2025-05-10T13:24:56","slug":"perfume-unisex-brand-collection-dream-n-251-guerlain-santal-royal-edp-25ml","status":"publish","type":"product","link":"https:\/\/brandss.com.py\/index\/producto\/perfume-unisex-brand-collection-dream-n-251-guerlain-santal-royal-edp-25ml\/","title":{"rendered":"PERFUME UNISEX BRAND COLLECTION DREAM N\u00b0 251 GUERLAIN SANTAL ROYAL EDP 25ML"},"content":{"rendered":"<p><img loading=\"lazy\" decoding=\"async\" class=\"\" src=\"https:\/\/brandcollectionperfume.com\/cdn\/shop\/files\/Untitled_design_1.png?v=1687781756&amp;width=500\" alt=\"Terms of Service \u2013 YouSmellSoGood\" width=\"128\" height=\"72\" \/><\/p>\n<h1>DREAM N\u00b0 251 GUERLAIN SANTAL ROYAL<\/h1>\n<p><span>Es una fragancia rica y sofisticada, una interpretaci\u00f3n accesible y encantadora del reconocido <\/span>Guerlain Santal Royal . Creado por la Colecci\u00f3n Dream Brand, este perfume captura la esencia del s\u00e1ndalo real de una manera \u00fanica, ofreciendo una experiencia olfativa inmersiva y memorable. Con su fusi\u00f3n de notas amaderadas, florales y orientales, 251 Guerlain Santal Royal<span>\u00a0es ideal para quienes buscan un perfume lujoso y sofisticado, que destile elegancia y nobleza.<\/span><\/p>\n<p><span>La apertura<\/span><span>\u00a0es envolvente e intrigante, con\u00a0<\/span>jazm\u00edn\u00a0y\u00a0neroli. El jazm\u00edn,\u00a0con su fragancia delicada y floral, se acompa\u00f1a de la frescura del\u00a0neroli<span>, que aporta un toque c\u00edtrico y ligero, creando una primera impresi\u00f3n de frescura y sofisticaci\u00f3n. Esta combinaci\u00f3n inicial prepara el escenario para el desarrollo de las notas m\u00e1s profundas y amaderadas que siguen.<\/span><\/p>\n<p><span>A medida que la fragancia evoluciona, el coraz\u00f3n <\/span><span>revela capas de\u00a0<\/span>rosa,\u00a0canela\u00a0y\u00a0melocot\u00f3n, que dan un toque floral, especiado y afrutado a la composici\u00f3n. La\u00a0rosa, con su delicadeza, aporta suavidad, mientras que la\u00a0canela\u00a0a\u00f1ade un toque especiado, creando un equilibrio armonioso con la suavidad del\u00a0melocot\u00f3n<span>, que aporta un ligero dulzor afrutado. Estas notas se combinan sublimemente, creando un coraz\u00f3n equilibrado que transmite una sensaci\u00f3n de sofisticaci\u00f3n y calidez.<\/span><\/p>\n<p><span>La base <\/span><span>es donde se revela la verdadera riqueza olfativa. La madera de agar (oud\u00a0<\/span>)\u00a0aporta una intensidad amaderada y ex\u00f3tica, mientras que\u00a0el s\u00e1ndalo\u00a0a\u00f1ade un toque cremoso y profundo con su caracter\u00edstica suavidad amaderada. El cuero\u00a0proporciona una base robusta y elegante, y\u00a0el \u00e1mbar\u00a0y\u00a0el almizcle\u00a0crean<span>\u00a0una profundidad envolvente y duradera. En conjunto, estas notas garantizan que la fragancia se desarrolle de forma sofisticada e impactante, permaneciendo en la piel durante horas, con una estela a la vez elegante e inolvidable.<\/span><\/p>\n<p>251 Guerlain Santal Royal<span>\u00a0no es solo una fragancia, sino una experiencia sensorial que refleja la calidad y el lujo de grandes marcas, de una manera accesible y conveniente. Su envase compacto lo hace perfecto para quienes quieren llevar consigo la sofisticaci\u00f3n del aut\u00e9ntico s\u00e1ndalo sin renunciar a la practicidad.<\/span><\/p>\n<h3>Notas Olfativas<\/h3>\n<p><span>En resumen, <\/span>251 Guerlain Santal Royal es una elecci\u00f3n ideal para quienes aprecian la riqueza de las fragancias amaderadas, con una fusi\u00f3n perfecta entre la frescura floral y la intensidad de las maderas preciosas. Con notas de jazm\u00edn,\u00a0neroli,\u00a0rosa,\u00a0canela,\u00a0melocot\u00f3n,\u00a0madera de agar (oud),\u00a0s\u00e1ndalo,\u00a0cuero,\u00a0\u00e1mbar\u00a0y\u00a0almizcle, esta fragancia ofrece una experiencia \u00fanica y duradera. Si buscas un perfume que combine nobleza y sofisticaci\u00f3n con un toque de modernidad,\u00a0251 Guerlain Santal Royal<span>\u00a0es la elecci\u00f3n perfecta para destacar en cualquier ocasi\u00f3n.<\/span><\/p>\n<p>&nbsp;<\/p>\n<p data-pm-slice=\"0 0 []\"><strong><span>Notas de salida:<\/span><\/strong><span> Jazm\u00edn y neroli.<\/span><\/p>\n<p><strong><span>Notas de coraz\u00f3n:<\/span><\/strong><span> Rosa, Canela y Melocot\u00f3n.<\/span><\/p>\n<p><strong><span>Notas de fondo:<\/span><\/strong><span>\u00a0Madera de oud, s\u00e1ndalo, cuero, \u00e1mbar y almizcle.<\/span><\/p>\n","protected":false},"excerpt":{"rendered":"<p>DREAM N\u00b0 251 GUERLAIN SANTAL ROYAL Es una fragancia rica y sofisticada, una interpretaci\u00f3n accesible y encantadora del reconocido Guerlain<\/p>\n","protected":false},"featured_media":80359,"comment_status":"open","ping_status":"closed","template":"","meta":{"nf_dc_page":""},"product_brand":[],"product_cat":[84],"product_tag":[],"class_list":{"0":"post-80358","1":"product","2":"type-product","3":"status-publish","4":"has-post-thumbnail","6":"product_cat-perfumeria","8":"first","9":"instock","10":"shipping-taxable","11":"purchasable","12":"product-type-simple"},"_links":{"self":[{"href":"https:\/\/brandss.com.py\/index\/wp-json\/wp\/v2\/product\/80358","targetHints":{"allow":["GET"]}}],"collection":[{"href":"https:\/\/brandss.com.py\/index\/wp-json\/wp\/v2\/product"}],"about":[{"href":"https:\/\/brandss.com.py\/index\/wp-json\/wp\/v2\/types\/product"}],"replies":[{"embeddable":true,"href":"https:\/\/brandss.com.py\/index\/wp-json\/wp\/v2\/comments?post=80358"}],"version-history":[{"count":1,"href":"https:\/\/brandss.com.py\/index\/wp-json\/wp\/v2\/product\/80358\/revisions"}],"predecessor-version":[{"id":80362,"href":"https:\/\/brandss.com.py\/index\/wp-json\/wp\/v2\/product\/80358\/revisions\/80362"}],"wp:featuredmedia":[{"embeddable":true,"href":"https:\/\/brandss.com.py\/index\/wp-json\/wp\/v2\/media\/80359"}],"wp:attachment":[{"href":"https:\/\/brandss.com.py\/index\/wp-json\/wp\/v2\/media?parent=80358"}],"wp:term":[{"taxonomy":"product_brand","embeddable":true,"href":"https:\/\/brandss.com.py\/index\/wp-json\/wp\/v2\/product_brand?post=80358"},{"taxonomy":"product_cat","embeddable":true,"href":"https:\/\/brandss.com.py\/index\/wp-json\/wp\/v2\/product_cat?post=80358"},{"taxonomy":"product_tag","embeddable":true,"href":"https:\/\/brandss.com.py\/index\/wp-json\/wp\/v2\/product_tag?post=80358"}],"curies":[{"name":"wp","href":"https:\/\/api.w.org\/{rel}","templated":true}]}}