{"id":80420,"date":"2025-04-19T17:18:33","date_gmt":"2025-04-19T17:18:33","guid":{"rendered":"https:\/\/brandss.com.py\/index\/?post_type=product&#038;p=80420"},"modified":"2025-05-10T13:33:23","modified_gmt":"2025-05-10T13:33:23","slug":"perfume-unisex-brand-collection-dream-n-273-fabulous-edp-25ml","status":"publish","type":"product","link":"https:\/\/brandss.com.py\/index\/producto\/perfume-unisex-brand-collection-dream-n-273-fabulous-edp-25ml\/","title":{"rendered":"PERFUME UNISEX BRAND COLLECTION DREAM N\u00b0 273 FABULOUS EDP 25ML"},"content":{"rendered":"<p><img loading=\"lazy\" decoding=\"async\" class=\"\" src=\"https:\/\/brandcollectionperfume.com\/cdn\/shop\/files\/Untitled_design_1.png?v=1687781756&amp;width=500\" alt=\"Terms of Service \u2013 YouSmellSoGood\" width=\"132\" height=\"74\" \/><\/p>\n<h1>DREAM N\u00b0 273 FABULOUS<\/h1>\n<p>Es una fragancia opulenta y sensual que captura la esencia de la indulgencia y la sofisticaci\u00f3n. Con una rica combinaci\u00f3n de notas de tabaco, vainilla y especias, esta fragancia es perfecta para hombres y mujeres que desean transmitir un aura de lujo y refinamiento.<\/p>\n<p>La apertura\u00a0est\u00e1 marcada por notas ex\u00f3ticas y profundas de tabaco y especias, que a\u00f1aden un toque de complejidad e intriga a la fragancia. Luego, el coraz\u00f3n de la fragancia revela notas dulces y envolventes de vainilla y cacao, aportando una riqueza decadente a la composici\u00f3n.<\/p>\n<p>En el coraz\u00f3n\u00a0se destaca la llamativa presencia del tonka y del tabaco seco, confiriendo a la fragancia una notable sofisticaci\u00f3n y riqueza. Estas notas se complementan con un suave toque de frutos secos, creando una sensaci\u00f3n de calidez y sensualidad.<\/p>\n<p>La base\u00a0est\u00e1 compuesta por notas amaderadas de s\u00e1ndalo y cedro, que aportan una durabilidad y sofisticaci\u00f3n impresionantes a la fragancia. El toque final de almizcle a\u00f1ade una sensaci\u00f3n de misterio y profundidad, dejando una impresi\u00f3n duradera.<\/p>\n<p>La botella\u00a0es elegante y lujosa, con su dise\u00f1o limpio y l\u00edneas rectas que reflejan la opulencia y sofisticaci\u00f3n de la fragancia. El color marr\u00f3n oscuro del l\u00edquido transmite la riqueza y profundidad de la fragancia, mientras que el detalle dorado a\u00f1ade un toque de lujo y distinci\u00f3n.<\/p>\n<h3>Notas Olfativas<\/h3>\n<p>Experimente la opulenta sensaci\u00f3n\u00a0y emb\u00e1rquese en un viaje de lujo e indulgencia. Utilice esta fragancia para expresar su individualidad y transmitir su sofisticaci\u00f3n al mundo. Con\u00a0Fabulous\u00a0te conviertes en la encarnaci\u00f3n del lujo y la sofisticaci\u00f3n.<\/p>\n<p>&nbsp;<\/p>\n<p data-pm-slice=\"1 1 []\"><strong>Notas de salida:<\/strong> lavanda y salvia esclarea.<\/p>\n<p><strong>Notas de coraz\u00f3n:<\/strong> Cuero, Almendra Amarga, Vainilla y Ra\u00edz de Lirio.<\/p>\n<p><strong>Notas de fondo:<\/strong>\u00a0Cuero, haba tonka, cachemira, maderas blancas y \u00e1mbar.<\/p>\n","protected":false},"excerpt":{"rendered":"<p>DREAM N\u00b0 273 FABULOUS Es una fragancia opulenta y sensual que captura la esencia de la indulgencia y la sofisticaci\u00f3n.<\/p>\n","protected":false},"featured_media":80421,"comment_status":"open","ping_status":"closed","template":"","meta":{"nf_dc_page":""},"product_brand":[],"product_cat":[84],"product_tag":[],"class_list":{"0":"post-80420","1":"product","2":"type-product","3":"status-publish","4":"has-post-thumbnail","6":"product_cat-perfumeria","8":"first","9":"instock","10":"shipping-taxable","11":"purchasable","12":"product-type-simple"},"_links":{"self":[{"href":"https:\/\/brandss.com.py\/index\/wp-json\/wp\/v2\/product\/80420","targetHints":{"allow":["GET"]}}],"collection":[{"href":"https:\/\/brandss.com.py\/index\/wp-json\/wp\/v2\/product"}],"about":[{"href":"https:\/\/brandss.com.py\/index\/wp-json\/wp\/v2\/types\/product"}],"replies":[{"embeddable":true,"href":"https:\/\/brandss.com.py\/index\/wp-json\/wp\/v2\/comments?post=80420"}],"version-history":[{"count":2,"href":"https:\/\/brandss.com.py\/index\/wp-json\/wp\/v2\/product\/80420\/revisions"}],"predecessor-version":[{"id":80426,"href":"https:\/\/brandss.com.py\/index\/wp-json\/wp\/v2\/product\/80420\/revisions\/80426"}],"wp:featuredmedia":[{"embeddable":true,"href":"https:\/\/brandss.com.py\/index\/wp-json\/wp\/v2\/media\/80421"}],"wp:attachment":[{"href":"https:\/\/brandss.com.py\/index\/wp-json\/wp\/v2\/media?parent=80420"}],"wp:term":[{"taxonomy":"product_brand","embeddable":true,"href":"https:\/\/brandss.com.py\/index\/wp-json\/wp\/v2\/product_brand?post=80420"},{"taxonomy":"product_cat","embeddable":true,"href":"https:\/\/brandss.com.py\/index\/wp-json\/wp\/v2\/product_cat?post=80420"},{"taxonomy":"product_tag","embeddable":true,"href":"https:\/\/brandss.com.py\/index\/wp-json\/wp\/v2\/product_tag?post=80420"}],"curies":[{"name":"wp","href":"https:\/\/api.w.org\/{rel}","templated":true}]}}