{"id":80442,"date":"2025-04-21T11:07:29","date_gmt":"2025-04-21T11:07:29","guid":{"rendered":"https:\/\/brandss.com.py\/index\/?post_type=product&#038;p=80442"},"modified":"2025-05-10T13:32:28","modified_gmt":"2025-05-10T13:32:28","slug":"perfume-femenino-brand-collection-dream-n-288-tiffany-edp-25ml","status":"publish","type":"product","link":"https:\/\/brandss.com.py\/index\/producto\/perfume-femenino-brand-collection-dream-n-288-tiffany-edp-25ml\/","title":{"rendered":"PERFUME FEMENINO BRAND COLLECTION DREAM N\u00b0 288 TIFFANY EDP 25ML"},"content":{"rendered":"<p><img loading=\"lazy\" decoding=\"async\" class=\"\" src=\"https:\/\/brandcollectionperfume.com\/cdn\/shop\/files\/Untitled_design_1.png?v=1687781756&amp;width=500\" alt=\"Terms of Service \u2013 YouSmellSoGood\" width=\"123\" height=\"69\" \/><\/p>\n<h1>DREAM N\u00b0 288 TIFFANY<\/h1>\n<p>Es una fragancia sofisticada y elegante que celebra el amor moderno. Inspirada en la idea de que el amor une a las personas de diferentes maneras, esta fragancia rinde homenaje a esta conexi\u00f3n a trav\u00e9s de una composici\u00f3n \u00fanica que combina flores y maderas con notas frescas y vibrantes. La sequoia, \u00e1rbol majestuoso y s\u00edmbolo de fuerza, aparece como ingrediente com\u00fan en su composici\u00f3n, unificando sus notas y ofreciendo profundidad y equilibrio al perfume.<\/p>\n<p>La apertura\u00a0es fresca y vibrante, con notas de\u00a0pomelo\u00a0y\u00a0albahaca. El pomelo, con su\u00a0frescura c\u00edtrica y su toque ligeramente amargo, aporta una sensaci\u00f3n inmediata de ligereza y energ\u00eda. Junto con\u00a0la albahaca azul africana, la fragancia gana un toque arom\u00e1tico, que aporta complejidad y frescura, haciendo que la apertura del perfume sea energizante y vigorizante. Estas notas de salida crean una sensaci\u00f3n de claridad y luminosidad, preparando los sentidos para las notas m\u00e1s florales y amaderadas que siguen.<\/p>\n<p>En el coraz\u00f3n, la nota\u00a0de Neroli se destaca como el ramo floral dulce y sofisticado que define la esencia de la fragancia. El neroli, una\u00a0flor delicada y muy apreciada en perfumer\u00eda, aporta un toque suave y ligeramente dulce, que se mezcla con notas frescas y amaderadas, creando un equilibrio perfecto entre frescura y floralidad. La\u00a0nota\u00a0de Neroli\u00a0transmite una sensaci\u00f3n de feminidad pura y refinada, d\u00e1ndole al perfume un car\u00e1cter elegante y acogedor.<\/p>\n<p>A medida que el perfume se desarrolla, las notas de fondo ganan protagonismo, aportando profundidad y complejidad. El cedro\u00a0<strong>,<\/strong>\u00a0con sus notas amaderadas y secas, a\u00f1ade una sensaci\u00f3n de solidez y estabilidad a la fragancia. El vetiver\u00a0<strong>,<\/strong>\u00a0a su vez, aporta un matiz terroso y ligeramente ahumado, que le da al perfume una sensaci\u00f3n de profundidad y misterio. Por \u00faltimo,\u00a0Sequoia, con su aroma amaderado y vibrante, le da a la base del perfume una dimensi\u00f3n robusta y elegante, completando la composici\u00f3n con un toque de potencia y equilibrio.<\/p>\n<p>Tiffany\u00a0es una fragancia floral y amaderada que irradia feminidad y sofisticaci\u00f3n. Su perfil olfativo, que mezcla frescura, flores delicadas y maderas profundas, es ideal para mujeres que buscan un perfume con un car\u00e1cter elegante y \u00fanico. Su combinaci\u00f3n de notas frescas de\u00a0Pomelo\u00a0y\u00a0Albahaca, con el toque floral de\u00a0Neroli\u00a0y el fondo amaderado de\u00a0Cedro,\u00a0Vetiver\u00a0y\u00a0Sequoia, crea una composici\u00f3n multifac\u00e9tica que es a la vez refrescante y envolvente.<\/p>\n<p>La versatilidad de Tiffany lo hace ideal para cualquier ocasi\u00f3n, ya sea para uso diario, en el trabajo o para eventos m\u00e1s especiales. Su proyecci\u00f3n moderada y su notable longevidad aseguran que el perfume permanezca presente durante todo el d\u00eda, con una sensaci\u00f3n de frescura y sofisticaci\u00f3n que nunca se desvanece. La fragancia es discreta pero impactante, y transmite una elegancia refinada que la convierte en una elecci\u00f3n perfecta para las mujeres que desean un perfume que refleje su estilo de vida moderno y sofisticado.<\/p>\n<h3>Notas Olfativas<\/h3>\n<p>Tiffany \u00a0es una fragancia floral y amaderada, que rinde homenaje al amor moderno y todas sus formas. Con notas de salida frescas y arom\u00e1ticas, un coraz\u00f3n floral de\u00a0Neroli y una base amaderada profunda, ofrece una experiencia sensorial completa, equilibrando perfectamente frescura y profundidad. Si buscas un perfume femenino, elegante, sofisticado y lleno de personalidad, es la elecci\u00f3n ideal.<\/p>\n<p>&nbsp;<\/p>\n<p><strong>Notas de salida<\/strong>: Pomelo, Albahaca.<\/p>\n<p><strong>Notas de coraz\u00f3n<\/strong>: Neroli.<\/p>\n<p><strong>Notas de fondo<\/strong>: Cedro, Vetiver y Sequoiao.<\/p>\n","protected":false},"excerpt":{"rendered":"<p>DREAM N\u00b0 288 TIFFANY Es una fragancia sofisticada y elegante que celebra el amor moderno. Inspirada en la idea de<\/p>\n","protected":false},"featured_media":80443,"comment_status":"open","ping_status":"closed","template":"","meta":{"nf_dc_page":""},"product_brand":[],"product_cat":[84],"product_tag":[],"class_list":{"0":"post-80442","1":"product","2":"type-product","3":"status-publish","4":"has-post-thumbnail","6":"product_cat-perfumeria","8":"first","9":"instock","10":"shipping-taxable","11":"purchasable","12":"product-type-simple"},"_links":{"self":[{"href":"https:\/\/brandss.com.py\/index\/wp-json\/wp\/v2\/product\/80442","targetHints":{"allow":["GET"]}}],"collection":[{"href":"https:\/\/brandss.com.py\/index\/wp-json\/wp\/v2\/product"}],"about":[{"href":"https:\/\/brandss.com.py\/index\/wp-json\/wp\/v2\/types\/product"}],"replies":[{"embeddable":true,"href":"https:\/\/brandss.com.py\/index\/wp-json\/wp\/v2\/comments?post=80442"}],"version-history":[{"count":3,"href":"https:\/\/brandss.com.py\/index\/wp-json\/wp\/v2\/product\/80442\/revisions"}],"predecessor-version":[{"id":80463,"href":"https:\/\/brandss.com.py\/index\/wp-json\/wp\/v2\/product\/80442\/revisions\/80463"}],"wp:featuredmedia":[{"embeddable":true,"href":"https:\/\/brandss.com.py\/index\/wp-json\/wp\/v2\/media\/80443"}],"wp:attachment":[{"href":"https:\/\/brandss.com.py\/index\/wp-json\/wp\/v2\/media?parent=80442"}],"wp:term":[{"taxonomy":"product_brand","embeddable":true,"href":"https:\/\/brandss.com.py\/index\/wp-json\/wp\/v2\/product_brand?post=80442"},{"taxonomy":"product_cat","embeddable":true,"href":"https:\/\/brandss.com.py\/index\/wp-json\/wp\/v2\/product_cat?post=80442"},{"taxonomy":"product_tag","embeddable":true,"href":"https:\/\/brandss.com.py\/index\/wp-json\/wp\/v2\/product_tag?post=80442"}],"curies":[{"name":"wp","href":"https:\/\/api.w.org\/{rel}","templated":true}]}}