{"id":80491,"date":"2025-04-21T16:28:13","date_gmt":"2025-04-21T16:28:13","guid":{"rendered":"https:\/\/brandss.com.py\/index\/?post_type=product&#038;p=80491"},"modified":"2025-08-25T10:44:52","modified_gmt":"2025-08-25T10:44:52","slug":"perfume-femenino-brand-collection-n-382-linterdit-eau-de-parfum-g-25ml","status":"publish","type":"product","link":"https:\/\/brandss.com.py\/index\/producto\/perfume-femenino-brand-collection-n-382-linterdit-eau-de-parfum-g-25ml\/","title":{"rendered":"PERFUME FEMENINO BRAND COLLECTION N\u00b0 382 L&#8217;INTERDIT EDP 25ML"},"content":{"rendered":"<p><img loading=\"lazy\" decoding=\"async\" class=\"\" src=\"https:\/\/brandcollectionperfume.com\/cdn\/shop\/files\/Untitled_design_1.png?v=1687781756&amp;width=600\" alt=\"YouSmellSoGood\" width=\"343\" height=\"193\" \/><\/p>\n<h1 data-start=\"243\" data-end=\"339\"><strong data-start=\"243\" data-end=\"273\">\u00a1\u00a1\u00a1El Perfume Prohibido!!!<\/strong><br data-start=\"273\" data-end=\"276\" \/><strong data-start=\"276\" data-end=\"339\">\u00a0N\u00b0 382 \u2013 Inspirada en L\u2019interdit\u00a0<\/strong><\/h1>\n<p class=\"\" data-start=\"341\" data-end=\"740\">Atr\u00e9vete a cruzar el umbral de lo prohibido con esta fragancia audaz, intensa y exquisitamente femenina. Una esencia que desaf\u00eda las normas y celebra el poder de lo oculto, lo valiente y lo irresistible. Inspirada en el ic\u00f3nico <strong data-start=\"569\" data-end=\"583\">L\u2019interdit<\/strong>, esta creaci\u00f3n olfativa rinde homenaje a las mujeres que se atreven a ser diferentes, que encuentran libertad en su autenticidad y belleza en lo inesperado.<\/p>\n<p class=\"\" data-start=\"742\" data-end=\"1292\">Desde la primera nota, el perfume revela su car\u00e1cter intrigante con una combinaci\u00f3n luminosa y frutal de <strong data-start=\"847\" data-end=\"862\">pera jugosa<\/strong> y <strong data-start=\"865\" data-end=\"889\">bergamota chispeante<\/strong>, un d\u00fao que cautiva los sentidos con su frescura vibrante y ligeramente dulce. Este inicio et\u00e9reo abre paso a un coraz\u00f3n floral de intensidad \u00fanica: un bouquet opulento de <strong data-start=\"1062\" data-end=\"1081\">nardos cremosos<\/strong>, <strong data-start=\"1083\" data-end=\"1100\">jazm\u00edn sambac<\/strong> seductor y <strong data-start=\"1112\" data-end=\"1130\">flor de azahar<\/strong> radiante. Juntas, estas flores blancas componen la llamada \u201c<strong data-start=\"1191\" data-end=\"1211\">flor subterr\u00e1nea<\/strong>\u201d, una mezcla que oscila entre la pureza y la obsesi\u00f3n, entre la luz y la sombra.<\/p>\n<p class=\"\" data-start=\"1294\" data-end=\"1597\">El fondo revela el alma misteriosa y sensual de la fragancia. El <strong data-start=\"1359\" data-end=\"1378\">vetiver terroso<\/strong> y el <strong data-start=\"1384\" data-end=\"1402\">pachul\u00ed oscuro<\/strong> aportan profundidad, car\u00e1cter y un aire enigm\u00e1tico, mientras que la <strong data-start=\"1471\" data-end=\"1490\">vainilla c\u00e1lida<\/strong> y el <strong data-start=\"1496\" data-end=\"1517\">ambroxan ambarado<\/strong> envuelven la piel en una estela duradera, adictiva y absolutamente inolvidable.<\/p>\n<p class=\"\" data-start=\"1599\" data-end=\"1871\"><strong data-start=\"1599\" data-end=\"1623\">El Perfume Prohibido<\/strong> no es solo una fragancia, es una declaraci\u00f3n. Es para mujeres que abrazan sus contradicciones, que viven sin miedo y que convierten lo prohibido en una forma de arte. Moderna, elegante, profundamente femenina y con un aire de misterio que fascina.<\/p>\n<p class=\"\" data-start=\"1873\" data-end=\"1931\">Atr\u00e9vete a llevar lo prohibido\u2026 y convi\u00e9rtelo en tu firma.<\/p>\n","protected":false},"excerpt":{"rendered":"<p>\u00a1\u00a1\u00a1El Perfume Prohibido!!!\u00a0N\u00b0 382 \u2013 Inspirada en L\u2019interdit\u00a0 Atr\u00e9vete a cruzar el umbral de lo prohibido con esta fragancia audaz,<\/p>\n","protected":false},"featured_media":80492,"comment_status":"open","ping_status":"closed","template":"","meta":{"nf_dc_page":""},"product_brand":[],"product_cat":[84],"product_tag":[],"class_list":{"0":"post-80491","1":"product","2":"type-product","3":"status-publish","4":"has-post-thumbnail","6":"product_cat-perfumeria","8":"first","9":"instock","10":"shipping-taxable","11":"purchasable","12":"product-type-simple"},"_links":{"self":[{"href":"https:\/\/brandss.com.py\/index\/wp-json\/wp\/v2\/product\/80491","targetHints":{"allow":["GET"]}}],"collection":[{"href":"https:\/\/brandss.com.py\/index\/wp-json\/wp\/v2\/product"}],"about":[{"href":"https:\/\/brandss.com.py\/index\/wp-json\/wp\/v2\/types\/product"}],"replies":[{"embeddable":true,"href":"https:\/\/brandss.com.py\/index\/wp-json\/wp\/v2\/comments?post=80491"}],"version-history":[{"count":2,"href":"https:\/\/brandss.com.py\/index\/wp-json\/wp\/v2\/product\/80491\/revisions"}],"predecessor-version":[{"id":88858,"href":"https:\/\/brandss.com.py\/index\/wp-json\/wp\/v2\/product\/80491\/revisions\/88858"}],"wp:featuredmedia":[{"embeddable":true,"href":"https:\/\/brandss.com.py\/index\/wp-json\/wp\/v2\/media\/80492"}],"wp:attachment":[{"href":"https:\/\/brandss.com.py\/index\/wp-json\/wp\/v2\/media?parent=80491"}],"wp:term":[{"taxonomy":"product_brand","embeddable":true,"href":"https:\/\/brandss.com.py\/index\/wp-json\/wp\/v2\/product_brand?post=80491"},{"taxonomy":"product_cat","embeddable":true,"href":"https:\/\/brandss.com.py\/index\/wp-json\/wp\/v2\/product_cat?post=80491"},{"taxonomy":"product_tag","embeddable":true,"href":"https:\/\/brandss.com.py\/index\/wp-json\/wp\/v2\/product_tag?post=80491"}],"curies":[{"name":"wp","href":"https:\/\/api.w.org\/{rel}","templated":true}]}}