{"id":80496,"date":"2025-04-21T16:51:38","date_gmt":"2025-04-21T16:51:38","guid":{"rendered":"https:\/\/brandss.com.py\/index\/?post_type=product&#038;p=80496"},"modified":"2025-05-10T13:42:11","modified_gmt":"2025-05-10T13:42:11","slug":"perfume-unisex-brand-collection-dream-n-313-oud-essentiel-edp-25ml","status":"publish","type":"product","link":"https:\/\/brandss.com.py\/index\/producto\/perfume-unisex-brand-collection-dream-n-313-oud-essentiel-edp-25ml\/","title":{"rendered":"PERFUME UNISEX BRAND COLLECTION DREAM N\u00b0 313 OUD ESSENTIEL EDP 25ML"},"content":{"rendered":"<p><img loading=\"lazy\" decoding=\"async\" class=\"\" src=\"https:\/\/brandcollectionperfume.com\/cdn\/shop\/files\/Untitled_design_1.png?v=1687781756&amp;width=500\" alt=\"Terms of Service \u2013 YouSmellSoGood\" width=\"160\" height=\"90\" \/><\/p>\n<h1>DREAM N\u00b0 313 OUD ESSENTIEL<\/h1>\n<p><span>Es una fragancia para hombres y mujeres, pertenece al la familia olfativa oriental amaderado. <\/span><span>Acordes principales oud cuero c\u00e1lido picante amaderado \u00e1mbar rosa fresco picante anim\u00e1lico met\u00e1lico ahumado.<\/span><\/p>\n<h3>Notas Olfativas<\/h3>\n<p><strong>Notas de salida:<\/strong> Rosa, Cedro.<\/p>\n<p><strong>Notas de coraz\u00f3n:<\/strong> Azafr\u00e1n, Ol\u00edbano.<\/p>\n<p><strong>Notas de fondo:<\/strong> Oud, Cuero.<\/p>\n","protected":false},"excerpt":{"rendered":"<p>DREAM N\u00b0 313 OUD ESSENTIEL Es una fragancia para hombres y mujeres, pertenece al la familia olfativa oriental amaderado. Acordes<\/p>\n","protected":false},"featured_media":80497,"comment_status":"open","ping_status":"closed","template":"","meta":{"nf_dc_page":""},"product_brand":[],"product_cat":[84],"product_tag":[],"class_list":{"0":"post-80496","1":"product","2":"type-product","3":"status-publish","4":"has-post-thumbnail","6":"product_cat-perfumeria","8":"first","9":"instock","10":"shipping-taxable","11":"purchasable","12":"product-type-simple"},"_links":{"self":[{"href":"https:\/\/brandss.com.py\/index\/wp-json\/wp\/v2\/product\/80496","targetHints":{"allow":["GET"]}}],"collection":[{"href":"https:\/\/brandss.com.py\/index\/wp-json\/wp\/v2\/product"}],"about":[{"href":"https:\/\/brandss.com.py\/index\/wp-json\/wp\/v2\/types\/product"}],"replies":[{"embeddable":true,"href":"https:\/\/brandss.com.py\/index\/wp-json\/wp\/v2\/comments?post=80496"}],"version-history":[{"count":1,"href":"https:\/\/brandss.com.py\/index\/wp-json\/wp\/v2\/product\/80496\/revisions"}],"predecessor-version":[{"id":80500,"href":"https:\/\/brandss.com.py\/index\/wp-json\/wp\/v2\/product\/80496\/revisions\/80500"}],"wp:featuredmedia":[{"embeddable":true,"href":"https:\/\/brandss.com.py\/index\/wp-json\/wp\/v2\/media\/80497"}],"wp:attachment":[{"href":"https:\/\/brandss.com.py\/index\/wp-json\/wp\/v2\/media?parent=80496"}],"wp:term":[{"taxonomy":"product_brand","embeddable":true,"href":"https:\/\/brandss.com.py\/index\/wp-json\/wp\/v2\/product_brand?post=80496"},{"taxonomy":"product_cat","embeddable":true,"href":"https:\/\/brandss.com.py\/index\/wp-json\/wp\/v2\/product_cat?post=80496"},{"taxonomy":"product_tag","embeddable":true,"href":"https:\/\/brandss.com.py\/index\/wp-json\/wp\/v2\/product_tag?post=80496"}],"curies":[{"name":"wp","href":"https:\/\/api.w.org\/{rel}","templated":true}]}}