{"id":80555,"date":"2025-04-21T18:45:38","date_gmt":"2025-04-21T18:45:38","guid":{"rendered":"https:\/\/brandss.com.py\/index\/?post_type=product&#038;p=80555"},"modified":"2025-08-25T10:51:43","modified_gmt":"2025-08-25T10:51:43","slug":"perfume-masculino-brand-collection-n-394-toy-boy-moschino-25ml","status":"publish","type":"product","link":"https:\/\/brandss.com.py\/index\/producto\/perfume-masculino-brand-collection-n-394-toy-boy-moschino-25ml\/","title":{"rendered":"PERFUME  MASCULINO BRAND COLLECTION N\u00b0 394 TOY BOY MOSCHINO 25ML"},"content":{"rendered":"<p><img loading=\"lazy\" decoding=\"async\" class=\"\" src=\"https:\/\/brandcollectionperfume.com\/cdn\/shop\/files\/Untitled_design_1.png?v=1687781756&amp;width=600\" alt=\"YouSmellSoGood\" width=\"476\" height=\"268\" \/><\/p>\n<h1>TOY BOY MOSCHINO<\/h1>\n<div class=\"flex flex-grow flex-col max-w-full\">\n<div class=\"min-h-[20px] text-message flex flex-col items-start gap-3 whitespace-pre-wrap break-words [.text-message+&amp;]:mt-5 overflow-x-auto\" data-message-author-role=\"assistant\" data-message-id=\"46ed247c-9eb5-4499-9569-3f23c038b3a7\">\n<div class=\"markdown prose w-full break-words dark:prose-invert light\">\n<p><strong><span>Brand Collection 394 \u2013 Teddy Boy Masculine 25ml<\/span><\/strong><span>\u00a0es m\u00e1s que un perfume; Es una declaraci\u00f3n v\u00edvida de masculinidad moderna y valiente. Esta fragancia excepcional revela una armon\u00eda encantadora de notas c\u00e1lidas y especiadas, tejiendo un aura irresistible de confianza y determinaci\u00f3n.<\/span><\/p>\n<p><span>Desde las notas altas hasta las notas base,\u00a0<\/span><strong><span>Brand Collection 394 &#8211; Teddy Boy Masculine 25ml<\/span><\/strong><span>\u00a0revela un viaje olfativo atractivo y memorable. El estallido inicial de pimienta rosa vibrante y pera jugosa proporciona una entrada vigorizante, preparando el escenario para la verdadera esencia de esta fragancia \u00fanica.<\/span><\/p>\n<p><span>En el coraz\u00f3n de esta exuberante composici\u00f3n, entra en juego la delicadeza floral de la rosa y la magnolia, a\u00f1adiendo una capa de elegancia y sorpresa. Es una combinaci\u00f3n inesperada que capta la atenci\u00f3n y la imaginaci\u00f3n, revelando facetas multifac\u00e9ticas de la personalidad de quien la lleva.<\/span><\/p>\n<p><span>A medida que se desarrolla el aroma, las notas de fondo como el vetiver y el s\u00e1ndalo toman el control, aportando profundidad y presencia duraderas. Aqu\u00ed es donde\u00a0se manifiesta el verdadero car\u00e1cter de\u00a0<\/span><strong><span>Brand Collection 394 \u2013 Teddy Boy Masculine 25ml , dejando una estela de misterio y encanto irresistibles.<\/span><\/strong><\/p>\n<p><span>El exclusivo frasco de\u00a0<\/span><strong><span>Brand Collection 394 \u2013 Teddy Boy Masculine 25ml<\/span><\/strong><span>\u00a0es una obra maestra del dise\u00f1o contempor\u00e1neo, que refleja la esencia audaz y distintiva de la fragancia que contiene. Es una pieza visualmente impactante que complementa perfectamente la experiencia sensorial que ofrece esta extraordinaria creaci\u00f3n olfativa.<\/span><\/p>\n<p><span>Para los hombres que buscan destacarse y dejar una marca indeleble donde quiera que vayan,\u00a0<\/span><strong><span>Brand Collection 394 &#8211; Teddy Boy Masculine 25ml<\/span><\/strong><span>\u00a0es una elecci\u00f3n natural. Esta fragancia segura y cautivadora eleva instant\u00e1neamente cualquier ocasi\u00f3n, agregando una dosis saludable de audacia y estilo a la personalidad de quien la usa.<\/span><\/p>\n<p><span>Sea notado, sea apreciado y sea recordado con\u00a0<\/span><strong><span>Brand Collection 394 &#8211; Teddy Boy Masculine 25ml<\/span><\/strong><span> . D\u00e9jate envolver por esta distintiva fragancia que no s\u00f3lo cautiva los sentidos, sino que tambi\u00e9n define un aura de masculinidad segura y aut\u00e9ntica. Con cada pulverizaci\u00f3n sum\u00e9rgete en una experiencia olfativa verdaderamente inolvidable.<\/span><\/p>\n<p>Sum\u00e9rgete en la distinci\u00f3n y la sofisticaci\u00f3n con el perfume Brand. Esta exclusiva fragancia es una celebraci\u00f3n del estilo y la elegancia contempor\u00e1nea, cautivando los sentidos con una mezcla armoniosa de notas frescas y seductoras. Desde sus notas superiores que evocan frescura y vitalidad hasta su coraz\u00f3n refinado y su base c\u00e1lida y envolvente, cada elemento de esta fragancia est\u00e1 meticulosamente elaborado para ofrecer una experiencia olfativa \u00fanica. Con su estela duradera y su car\u00e1cter distintivo, Brand es m\u00e1s que una simple fragancia; es una declaraci\u00f3n de lujo y sofisticaci\u00f3n que deja una impresi\u00f3n imborrable en cada ocasi\u00f3n<\/p>\n<\/div>\n<\/div>\n<\/div>\n<p class=\"mb-3 sc-description\"><strong>&#8211; Edici\u00f3n:<\/strong>\u00a0No. 394 Toy Boy.<\/p>\n<div class=\"trix-content\">\n<div><strong>&#8211; Tipo:<\/strong>\u00a0Eau De Parfum.<\/div>\n<div><strong>&#8211; Contenido:<\/strong>\u00a025ml.<\/div>\n<div><strong>&#8211; G\u00e9nero:<\/strong>\u00a0Masculino.<\/div>\n<div><strong>&#8211; Notas Principales:\u00a0<\/strong>Pimienta rosa, pera, nuez moscada de indonesia, elem\u00ed y bergamota.<\/div>\n<div><strong>&#8211; Notas de coraz\u00f3n:\u00a0<\/strong>Rosa, clavo, magnolia y lino.<\/div>\n<div><strong>&#8211; Notas de fondo:\u00a0<\/strong>Cachemira, vetiver haitiano, silkolide, s\u00e1ndalo y \u00e1mbar.<\/div>\n<\/div>\n","protected":false},"excerpt":{"rendered":"<p>TOY BOY MOSCHINO Brand Collection 394 \u2013 Teddy Boy Masculine 25ml\u00a0es m\u00e1s que un perfume; Es una declaraci\u00f3n v\u00edvida de<\/p>\n","protected":false},"featured_media":80556,"comment_status":"open","ping_status":"closed","template":"","meta":{"nf_dc_page":""},"product_brand":[],"product_cat":[84],"product_tag":[],"class_list":{"0":"post-80555","1":"product","2":"type-product","3":"status-publish","4":"has-post-thumbnail","6":"product_cat-perfumeria","8":"first","9":"outofstock","10":"shipping-taxable","11":"purchasable","12":"product-type-simple"},"_links":{"self":[{"href":"https:\/\/brandss.com.py\/index\/wp-json\/wp\/v2\/product\/80555","targetHints":{"allow":["GET"]}}],"collection":[{"href":"https:\/\/brandss.com.py\/index\/wp-json\/wp\/v2\/product"}],"about":[{"href":"https:\/\/brandss.com.py\/index\/wp-json\/wp\/v2\/types\/product"}],"replies":[{"embeddable":true,"href":"https:\/\/brandss.com.py\/index\/wp-json\/wp\/v2\/comments?post=80555"}],"version-history":[{"count":1,"href":"https:\/\/brandss.com.py\/index\/wp-json\/wp\/v2\/product\/80555\/revisions"}],"predecessor-version":[{"id":80558,"href":"https:\/\/brandss.com.py\/index\/wp-json\/wp\/v2\/product\/80555\/revisions\/80558"}],"wp:featuredmedia":[{"embeddable":true,"href":"https:\/\/brandss.com.py\/index\/wp-json\/wp\/v2\/media\/80556"}],"wp:attachment":[{"href":"https:\/\/brandss.com.py\/index\/wp-json\/wp\/v2\/media?parent=80555"}],"wp:term":[{"taxonomy":"product_brand","embeddable":true,"href":"https:\/\/brandss.com.py\/index\/wp-json\/wp\/v2\/product_brand?post=80555"},{"taxonomy":"product_cat","embeddable":true,"href":"https:\/\/brandss.com.py\/index\/wp-json\/wp\/v2\/product_cat?post=80555"},{"taxonomy":"product_tag","embeddable":true,"href":"https:\/\/brandss.com.py\/index\/wp-json\/wp\/v2\/product_tag?post=80555"}],"curies":[{"name":"wp","href":"https:\/\/api.w.org\/{rel}","templated":true}]}}