{"id":80607,"date":"2025-04-22T14:12:21","date_gmt":"2025-04-22T14:12:21","guid":{"rendered":"https:\/\/brandss.com.py\/index\/?post_type=product&#038;p=80607"},"modified":"2025-05-10T13:40:55","modified_gmt":"2025-05-10T13:40:55","slug":"perfume-femenino-brand-collection-n-409-ideal-bouquet-edp-25ml","status":"publish","type":"product","link":"https:\/\/brandss.com.py\/index\/producto\/perfume-femenino-brand-collection-n-409-ideal-bouquet-edp-25ml\/","title":{"rendered":"PERFUME FEMENINO BRAND COLLECTION N\u00b0 409 IDEAL BOUQUET EDP 25ML"},"content":{"rendered":"<p><img loading=\"lazy\" decoding=\"async\" class=\"\" src=\"https:\/\/brandcollectionperfume.com\/cdn\/shop\/files\/Untitled_design_1.png?v=1687781756&amp;width=600\" alt=\"YouSmellSoGood\" width=\"472\" height=\"266\" \/><\/p>\n<h1>IDEAL BOUQUET<\/h1>\n<p class=\"\" data-start=\"0\" data-end=\"126\">\u200b<span class=\"relative -mx-px my-[-0.2rem] rounded px-px py-[0.2rem] transition-colors duration-100 ease-in-out\">El <strong data-start=\"3\" data-end=\"73\">Perfume Femenino Brand Collection N\u00b0 409 \u2013 Ideal Bouquet EDP 25 ml<\/strong> es una fragancia inspirada en <em data-start=\"104\" data-end=\"120\">Bouquet Ideale<\/em> de Xerjoff, reconocida por su car\u00e1cter c\u00e1lido, especiado y envolvente.<\/span> <span class=\"relative -mx-px my-[-0.2rem] rounded px-px py-[0.2rem] transition-colors duration-100 ease-in-out\">Dise\u00f1ada para mujeres que buscan una esencia sofisticada y sensual, esta versi\u00f3n en formato compacto de 25 ml es perfecta para llevar en el bolso o de viaje.<\/span>\u200b<\/p>\n<h3 class=\"\" data-start=\"128\" data-end=\"153\">\ud83c\udf38 Pir\u00e1mide olfativa:<\/h3>\n<ul data-start=\"155\" data-end=\"419\">\n<li class=\"\" data-start=\"155\" data-end=\"215\">\n<p class=\"\" data-start=\"157\" data-end=\"215\"><strong data-start=\"157\" data-end=\"176\">Notas de salida<\/strong>: <span class=\"relative -mx-px my-[-0.2rem] rounded px-px py-[0.2rem] transition-colors duration-100 ease-in-out\">Canela y nuez moscada, que aportan una apertura especiada y vibrante.<\/span><\/p>\n<\/li>\n<li class=\"\" data-start=\"216\" data-end=\"277\">\n<p class=\"\" data-start=\"218\" data-end=\"277\"><strong data-start=\"218\" data-end=\"238\">Notas de coraz\u00f3n<\/strong>: <span class=\"relative -mx-px my-[-0.2rem] rounded px-px py-[0.2rem] transition-colors duration-100 ease-in-out\">Madera de guayaco, s\u00e1ndalo, cedro de Virginia y papiro, ofreciendo un coraz\u00f3n amaderado y elegante.<\/span><\/p>\n<\/li>\n<li class=\"\" data-start=\"278\" data-end=\"419\">\n<p class=\"\" data-start=\"280\" data-end=\"419\"><strong data-start=\"280\" data-end=\"298\">Notas de fondo<\/strong>: <span class=\"relative -mx-px my-[-0.2rem] rounded px-px py-[0.2rem] transition-colors duration-100 ease-in-out\">Vainilla, cumarina, flor de tabaco, l\u00e1dano franc\u00e9s y almizcle, creando una base c\u00e1lida y envolvente.<\/span> \u200b<\/p>\n<\/li>\n<\/ul>\n<h3 class=\"\" data-start=\"421\" data-end=\"454\">\u2728 Caracter\u00edsticas destacadas:<\/h3>\n<ul data-start=\"456\" data-end=\"623\">\n<li class=\"\" data-start=\"456\" data-end=\"495\">\n<p class=\"\" data-start=\"458\" data-end=\"495\"><span class=\"relative -mx-px my-[-0.2rem] rounded px-px py-[0.2rem] transition-colors duration-100 ease-in-out\">Fragancia de la familia olfativa \u00e1mbar amaderada, ideal para climas frescos o nocturnos.<\/span><\/p>\n<\/li>\n<li class=\"\" data-start=\"496\" data-end=\"535\">\n<p class=\"\" data-start=\"498\" data-end=\"535\"><span class=\"relative -mx-px my-[-0.2rem] rounded px-px py-[0.2rem] transition-colors duration-100 ease-in-out\">Aroma duradero con una estela envolvente que deja una impresi\u00f3n memorable.<\/span><\/p>\n<\/li>\n<li class=\"\" data-start=\"536\" data-end=\"623\">\n<p class=\"\" data-start=\"538\" data-end=\"623\"><span class=\"relative -mx-px my-[-0.2rem] rounded px-px py-[0.2rem] transition-colors duration-100 ease-in-out\">Presentaci\u00f3n en frasco de 25 ml, conveniente para uso diario o viajes.<\/span>\u200b<\/p>\n<\/li>\n<\/ul>\n<p class=\"\" data-start=\"625\" data-end=\"710\"><span class=\"relative -mx-px my-[-0.2rem] rounded px-px py-[0.2rem] transition-colors duration-100 ease-in-out\">Este perfume es una excelente opci\u00f3n para quienes buscan una alternativa accesible que capture la esencia de <em data-start=\"109\" data-end=\"125\">Bouquet Ideale<\/em> de Xerjoff.<\/span><\/p>\n<p>&nbsp;<\/p>\n","protected":false},"excerpt":{"rendered":"<p>IDEAL BOUQUET \u200bEl Perfume Femenino Brand Collection N\u00b0 409 \u2013 Ideal Bouquet EDP 25 ml es una fragancia inspirada en<\/p>\n","protected":false},"featured_media":80608,"comment_status":"open","ping_status":"closed","template":"","meta":{"nf_dc_page":""},"product_brand":[],"product_cat":[84],"product_tag":[],"class_list":{"0":"post-80607","1":"product","2":"type-product","3":"status-publish","4":"has-post-thumbnail","6":"product_cat-perfumeria","8":"first","9":"instock","10":"shipping-taxable","11":"purchasable","12":"product-type-simple"},"_links":{"self":[{"href":"https:\/\/brandss.com.py\/index\/wp-json\/wp\/v2\/product\/80607","targetHints":{"allow":["GET"]}}],"collection":[{"href":"https:\/\/brandss.com.py\/index\/wp-json\/wp\/v2\/product"}],"about":[{"href":"https:\/\/brandss.com.py\/index\/wp-json\/wp\/v2\/types\/product"}],"replies":[{"embeddable":true,"href":"https:\/\/brandss.com.py\/index\/wp-json\/wp\/v2\/comments?post=80607"}],"version-history":[{"count":1,"href":"https:\/\/brandss.com.py\/index\/wp-json\/wp\/v2\/product\/80607\/revisions"}],"predecessor-version":[{"id":80610,"href":"https:\/\/brandss.com.py\/index\/wp-json\/wp\/v2\/product\/80607\/revisions\/80610"}],"wp:featuredmedia":[{"embeddable":true,"href":"https:\/\/brandss.com.py\/index\/wp-json\/wp\/v2\/media\/80608"}],"wp:attachment":[{"href":"https:\/\/brandss.com.py\/index\/wp-json\/wp\/v2\/media?parent=80607"}],"wp:term":[{"taxonomy":"product_brand","embeddable":true,"href":"https:\/\/brandss.com.py\/index\/wp-json\/wp\/v2\/product_brand?post=80607"},{"taxonomy":"product_cat","embeddable":true,"href":"https:\/\/brandss.com.py\/index\/wp-json\/wp\/v2\/product_cat?post=80607"},{"taxonomy":"product_tag","embeddable":true,"href":"https:\/\/brandss.com.py\/index\/wp-json\/wp\/v2\/product_tag?post=80607"}],"curies":[{"name":"wp","href":"https:\/\/api.w.org\/{rel}","templated":true}]}}