{"id":80820,"date":"2025-04-25T18:05:55","date_gmt":"2025-04-25T18:05:55","guid":{"rendered":"https:\/\/brandss.com.py\/index\/?post_type=product&#038;p=80820"},"modified":"2025-08-23T13:48:44","modified_gmt":"2025-08-23T13:48:44","slug":"perfume-femenino-brand-collection-na-046-mademoiselle-ricci-nina-25ml-edp","status":"publish","type":"product","link":"https:\/\/brandss.com.py\/index\/producto\/perfume-femenino-brand-collection-na-046-mademoiselle-ricci-nina-25ml-edp\/","title":{"rendered":"PERFUME FEMENINO BRAND COLLECTION N\u00b0 046 MADEMOISELLE RICCI NINA 25ML EDP"},"content":{"rendered":"<p><img loading=\"lazy\" decoding=\"async\" class=\"\" src=\"https:\/\/th.bing.com\/th\/id\/R.758f39212f6dd82b54262737a43128b4?rik=NPnWCOasRFu8Sg&amp;riu=http%3a%2f%2fbrandcollectionperfume.com%2fcdn%2fshop%2ffiles%2fUntitled_design_1.png%3fheight%3d628%26pad_color%3dffffff%26v%3d1687781756%26width%3d1200&amp;ehk=kS%2fn21O7V2AWrbq4OjG0iXkQF4DoYfCRb92QBbEFLx8%3d&amp;risl=&amp;pid=ImgRaw&amp;r=0\" alt=\"YouSmellSoGood\" width=\"562\" height=\"294\" \/><\/p>\n<h1>MADEMOISELLE RICCI NINA<\/h1>\n<p>Es una fragancia encantadora y cautivadora que encarna la elegancia y la feminidad moderna. Con sus notas sofisticadas, esta fragancia envolvente es ideal para mujeres que buscan dejar una impresi\u00f3n duradera y expresar su personalidad \u00fanica.<\/p>\n<p>Las notas de salida son frescas y vibrantes. La bergamota y la mandarina se combinan en una explosi\u00f3n c\u00edtrica, aportando una sensaci\u00f3n de energ\u00eda y vitalidad. Estas notas de apertura te invitan a un viaje olfativo excepcional.<\/p>\n<p>En el coraz\u00f3n se revela un ramo floral. Las notas de rosa y jazm\u00edn exudan feminidad y gracia, creando una sensaci\u00f3n rom\u00e1ntica y apasionada. Estas delicadas flores aportan un aura de sofisticaci\u00f3n y encanto a la fragancia.<\/p>\n<p>En la base las notas amaderadas y la vainilla a\u00f1aden una dimensi\u00f3n sensual y envolvente. El cedro y el \u00e1mbar se mezclan en una combinaci\u00f3n c\u00e1lida que aporta una sensaci\u00f3n de profundidad y misterio a la fragancia. Estas notas aterciopeladas aportan un toque de lujo.<br \/>\nEs una verdadera obra de arte. Con sus l\u00edneas suaves y elegantes curvas, la botella transmite una sensaci\u00f3n de sofisticaci\u00f3n y estilo. El delicado color rosa refleja la feminidad de la fragancia, mientras que el lazo dorado a\u00f1ade un toque de glamour. Es una botella que representa la esencia de la feminidad y la elegancia.<\/p>\n<p>Experimenta la magia y d\u00e9jate envolver por su aura encantadora. Utilice esta fragancia para destacar en cualquier ocasi\u00f3n, ya sea una cita rom\u00e1ntica, un evento especial o incluso en la vida cotidiana.<\/p>\n<p>Recuerda que cada uno tiene una experiencia \u00fanica con las fragancias, por eso es importante probar en tu propia piel para descubrir c\u00f3mo se desarrolla y se adapta a ti. D\u00e9jate envolver por la belleza y sofisticaci\u00f3n y descubre la magia de un perfume que complementa perfectamente tu personalidad y estilo.<\/p>\n<p>Notas de salida: Bergamota, mandarina;<\/p>\n<p>Notas de Coraz\u00f3n: Rosa, Jazm\u00edn;<\/p>\n<p>Notas de fondo: cedro, \u00e1mbar, vainilla.<\/p>\n<p>&nbsp;<\/p>\n","protected":false},"excerpt":{"rendered":"<p>MADEMOISELLE RICCI NINA Es una fragancia encantadora y cautivadora que encarna la elegancia y la feminidad moderna. Con sus notas<\/p>\n","protected":false},"featured_media":80827,"comment_status":"open","ping_status":"closed","template":"","meta":{"nf_dc_page":""},"product_brand":[],"product_cat":[84],"product_tag":[],"class_list":{"0":"post-80820","1":"product","2":"type-product","3":"status-publish","4":"has-post-thumbnail","6":"product_cat-perfumeria","8":"first","9":"instock","10":"shipping-taxable","11":"purchasable","12":"product-type-simple"},"_links":{"self":[{"href":"https:\/\/brandss.com.py\/index\/wp-json\/wp\/v2\/product\/80820","targetHints":{"allow":["GET"]}}],"collection":[{"href":"https:\/\/brandss.com.py\/index\/wp-json\/wp\/v2\/product"}],"about":[{"href":"https:\/\/brandss.com.py\/index\/wp-json\/wp\/v2\/types\/product"}],"replies":[{"embeddable":true,"href":"https:\/\/brandss.com.py\/index\/wp-json\/wp\/v2\/comments?post=80820"}],"version-history":[{"count":2,"href":"https:\/\/brandss.com.py\/index\/wp-json\/wp\/v2\/product\/80820\/revisions"}],"predecessor-version":[{"id":88827,"href":"https:\/\/brandss.com.py\/index\/wp-json\/wp\/v2\/product\/80820\/revisions\/88827"}],"wp:featuredmedia":[{"embeddable":true,"href":"https:\/\/brandss.com.py\/index\/wp-json\/wp\/v2\/media\/80827"}],"wp:attachment":[{"href":"https:\/\/brandss.com.py\/index\/wp-json\/wp\/v2\/media?parent=80820"}],"wp:term":[{"taxonomy":"product_brand","embeddable":true,"href":"https:\/\/brandss.com.py\/index\/wp-json\/wp\/v2\/product_brand?post=80820"},{"taxonomy":"product_cat","embeddable":true,"href":"https:\/\/brandss.com.py\/index\/wp-json\/wp\/v2\/product_cat?post=80820"},{"taxonomy":"product_tag","embeddable":true,"href":"https:\/\/brandss.com.py\/index\/wp-json\/wp\/v2\/product_tag?post=80820"}],"curies":[{"name":"wp","href":"https:\/\/api.w.org\/{rel}","templated":true}]}}