{"id":80923,"date":"2025-04-28T12:31:24","date_gmt":"2025-04-28T12:31:24","guid":{"rendered":"https:\/\/brandss.com.py\/index\/?post_type=product&#038;p=80923"},"modified":"2025-04-28T12:38:34","modified_gmt":"2025-04-28T12:38:34","slug":"calzado-casual-femenino-hugo-boss-tabita-rain-bootie-black","status":"publish","type":"product","link":"https:\/\/brandss.com.py\/index\/producto\/calzado-casual-femenino-hugo-boss-tabita-rain-bootie-black\/","title":{"rendered":"CALZADO CASUAL FEMENINO HUGO BOSS TABITA RAIN BOOTIE BLACK"},"content":{"rendered":"<p><img loading=\"lazy\" decoding=\"async\" class=\"\" src=\"https:\/\/upload.wikimedia.org\/wikipedia\/commons\/7\/73\/Hugo-Boss-Logo.svg\" alt=\"Archivo:Hugo-Boss-Logo.svg - Wikipedia, la enciclopedia libre\" width=\"129\" height=\"48\" \/><\/p>\n<h1>TABITA RAIN BOOTIE<\/h1>\n<section id=\"rdc-product-group-content\" class=\"rdc-product-group hidden-xs\">\n<div class=\"rdc-product-group-content page-content\">\n<div class=\"description  paragraph\">\n<section id=\"rdc-product-group-content\" class=\"rdc-product-group hidden-xs\">\n<div class=\"rdc-product-group-content page-content\">\n<div class=\"description  paragraph\">Prep\u00e1rate para d\u00edas lluviosos con este modelo contempor\u00e1neo Tabita de Hugo Boss.<\/div>\n<\/div>\n<\/section>\n<div id=\"sp-7561\" class=\"sp-large hidden-xs hidden-sm\"><\/div>\n<\/div>\n<h3 class=\"description  paragraph\">Detalles:<\/h3>\n<ul>\n<li class=\"description  paragraph\">Bota negra impermeable.<\/li>\n<li class=\"description  paragraph\">Estilo Chelsea.<\/li>\n<li class=\"description  paragraph\">Malla el\u00e1stica en el lado.<\/li>\n<li class=\"description  paragraph\">Frontal.<\/li>\n<li class=\"description  paragraph\">Acabado brillante.<\/li>\n<li class=\"description  paragraph\">Composici\u00f3n: Policloruro de vinilo, poli\u00e9ster, goma.<\/li>\n<li class=\"description  paragraph\">Color: Negro.<\/li>\n<li>Modelo: 50475480.<\/li>\n<\/ul>\n<\/div>\n<\/section>\n<section id=\"rdc-product-group-composition\" class=\"rdc-product-group\"><\/section>\n","protected":false},"excerpt":{"rendered":"<p>TABITA RAIN BOOTIE Prep\u00e1rate para d\u00edas lluviosos con este modelo contempor\u00e1neo Tabita de Hugo Boss. Detalles: Bota negra impermeable. Estilo<\/p>\n","protected":false},"featured_media":80926,"comment_status":"open","ping_status":"closed","template":"","meta":{"nf_dc_page":""},"product_brand":[],"product_cat":[73],"product_tag":[],"class_list":{"0":"post-80923","1":"product","2":"type-product","3":"status-publish","4":"has-post-thumbnail","6":"product_cat-femenino","8":"first","9":"instock","10":"shipping-taxable","11":"purchasable","12":"product-type-simple"},"_links":{"self":[{"href":"https:\/\/brandss.com.py\/index\/wp-json\/wp\/v2\/product\/80923","targetHints":{"allow":["GET"]}}],"collection":[{"href":"https:\/\/brandss.com.py\/index\/wp-json\/wp\/v2\/product"}],"about":[{"href":"https:\/\/brandss.com.py\/index\/wp-json\/wp\/v2\/types\/product"}],"replies":[{"embeddable":true,"href":"https:\/\/brandss.com.py\/index\/wp-json\/wp\/v2\/comments?post=80923"}],"version-history":[{"count":2,"href":"https:\/\/brandss.com.py\/index\/wp-json\/wp\/v2\/product\/80923\/revisions"}],"predecessor-version":[{"id":80941,"href":"https:\/\/brandss.com.py\/index\/wp-json\/wp\/v2\/product\/80923\/revisions\/80941"}],"wp:featuredmedia":[{"embeddable":true,"href":"https:\/\/brandss.com.py\/index\/wp-json\/wp\/v2\/media\/80926"}],"wp:attachment":[{"href":"https:\/\/brandss.com.py\/index\/wp-json\/wp\/v2\/media?parent=80923"}],"wp:term":[{"taxonomy":"product_brand","embeddable":true,"href":"https:\/\/brandss.com.py\/index\/wp-json\/wp\/v2\/product_brand?post=80923"},{"taxonomy":"product_cat","embeddable":true,"href":"https:\/\/brandss.com.py\/index\/wp-json\/wp\/v2\/product_cat?post=80923"},{"taxonomy":"product_tag","embeddable":true,"href":"https:\/\/brandss.com.py\/index\/wp-json\/wp\/v2\/product_tag?post=80923"}],"curies":[{"name":"wp","href":"https:\/\/api.w.org\/{rel}","templated":true}]}}