{"id":81054,"date":"2025-04-28T17:19:37","date_gmt":"2025-04-28T17:19:37","guid":{"rendered":"https:\/\/brandss.com.py\/index\/?post_type=product&#038;p=81054"},"modified":"2025-08-23T13:45:56","modified_gmt":"2025-08-23T13:45:56","slug":"perfume-femenino-brand-collection-na-045-burberry-body-25ml","status":"publish","type":"product","link":"https:\/\/brandss.com.py\/index\/producto\/perfume-femenino-brand-collection-na-045-burberry-body-25ml\/","title":{"rendered":"PERFUME FEMENINO BRAND COLLECTION N\u00b0 045 BURBERRY BODY 25ML"},"content":{"rendered":"<p><img loading=\"lazy\" decoding=\"async\" class=\"\" src=\"https:\/\/th.bing.com\/th\/id\/R.758f39212f6dd82b54262737a43128b4?rik=NPnWCOasRFu8Sg&amp;riu=http%3a%2f%2fbrandcollectionperfume.com%2fcdn%2fshop%2ffiles%2fUntitled_design_1.png%3fheight%3d628%26pad_color%3dffffff%26v%3d1687781756%26width%3d1200&amp;ehk=kS%2fn21O7V2AWrbq4OjG0iXkQF4DoYfCRb92QBbEFLx8%3d&amp;risl=&amp;pid=ImgRaw&amp;r=0\" alt=\"YouSmellSoGood\" width=\"422\" height=\"221\" \/><\/p>\n<h1>BURBERRY BODY<\/h1>\n<p>Es una fragancia femenina que captura la elegancia atemporal y la sensualidad refinada del cl\u00e1sico Burberry Body, en una presentaci\u00f3n compacta y accesible. Esta versi\u00f3n contratipo ha sido elaborada cuidadosamente para ofrecer una experiencia olfativa muy cercana a la del perfume original, siendo una opci\u00f3n ideal para quienes desean calidad, estilo y sofisticaci\u00f3n sin comprometer su presupuesto.<\/p>\n<p>Desde la primera aplicaci\u00f3n, la fragancia despierta los sentidos con notas de salida frescas y afrutadas de pera, absenta y freesia, que transmiten una sensaci\u00f3n luminosa y delicada. En su coraz\u00f3n, florecen matices suaves y femeninos de rosa e iris, combinados con la profundidad cremosa del s\u00e1ndalo, creando una estela rom\u00e1ntica, elegante y muy femenina. Finalmente, las notas de fondo aportan calidez y durabilidad con toques de almizcle, madera de cashmere, \u00e1mbar y vainilla, envolviendo la piel en una fragancia duradera, seductora y sofisticada, es perfecto para mujeres modernas que valoran el buen gusto y buscan una fragancia vers\u00e1til, ideal tanto para el d\u00eda como para la noche. Ya sea para una ocasi\u00f3n especial o para el uso diario, este perfume ofrece una presencia elegante y memorable, con una fijaci\u00f3n notable para su formato compacto.<\/p>\n<p>La presentaci\u00f3n lo convierte en un compa\u00f1ero pr\u00e1ctico para llevar en la cartera, bolso o de viaje, asegurando que tu aroma favorito est\u00e9 siempre al alcance. Es una elecci\u00f3n excelente para regalar o disfrutar personalmente, combinando buen dise\u00f1o, aroma cautivador y accesibilidad.<\/p>\n","protected":false},"excerpt":{"rendered":"<p>BURBERRY BODY Es una fragancia femenina que captura la elegancia atemporal y la sensualidad refinada del cl\u00e1sico Burberry Body, en<\/p>\n","protected":false},"featured_media":81055,"comment_status":"open","ping_status":"closed","template":"","meta":{"nf_dc_page":""},"product_brand":[],"product_cat":[84],"product_tag":[],"class_list":{"0":"post-81054","1":"product","2":"type-product","3":"status-publish","4":"has-post-thumbnail","6":"product_cat-perfumeria","8":"first","9":"instock","10":"shipping-taxable","11":"purchasable","12":"product-type-simple"},"_links":{"self":[{"href":"https:\/\/brandss.com.py\/index\/wp-json\/wp\/v2\/product\/81054","targetHints":{"allow":["GET"]}}],"collection":[{"href":"https:\/\/brandss.com.py\/index\/wp-json\/wp\/v2\/product"}],"about":[{"href":"https:\/\/brandss.com.py\/index\/wp-json\/wp\/v2\/types\/product"}],"replies":[{"embeddable":true,"href":"https:\/\/brandss.com.py\/index\/wp-json\/wp\/v2\/comments?post=81054"}],"version-history":[{"count":2,"href":"https:\/\/brandss.com.py\/index\/wp-json\/wp\/v2\/product\/81054\/revisions"}],"predecessor-version":[{"id":88826,"href":"https:\/\/brandss.com.py\/index\/wp-json\/wp\/v2\/product\/81054\/revisions\/88826"}],"wp:featuredmedia":[{"embeddable":true,"href":"https:\/\/brandss.com.py\/index\/wp-json\/wp\/v2\/media\/81055"}],"wp:attachment":[{"href":"https:\/\/brandss.com.py\/index\/wp-json\/wp\/v2\/media?parent=81054"}],"wp:term":[{"taxonomy":"product_brand","embeddable":true,"href":"https:\/\/brandss.com.py\/index\/wp-json\/wp\/v2\/product_brand?post=81054"},{"taxonomy":"product_cat","embeddable":true,"href":"https:\/\/brandss.com.py\/index\/wp-json\/wp\/v2\/product_cat?post=81054"},{"taxonomy":"product_tag","embeddable":true,"href":"https:\/\/brandss.com.py\/index\/wp-json\/wp\/v2\/product_tag?post=81054"}],"curies":[{"name":"wp","href":"https:\/\/api.w.org\/{rel}","templated":true}]}}