{"id":81617,"date":"2025-05-06T18:11:03","date_gmt":"2025-05-06T18:11:03","guid":{"rendered":"https:\/\/brandss.com.py\/index\/?post_type=product&#038;p=81617"},"modified":"2025-10-11T17:58:07","modified_gmt":"2025-10-11T17:58:07","slug":"auricular-jbl-tune-flex-2-bluetooth-negro","status":"publish","type":"product","link":"https:\/\/brandss.com.py\/index\/producto\/auricular-jbl-tune-flex-2-bluetooth-negro\/","title":{"rendered":"AURICULAR JBL TUNE FLEX 2 BT BLACK"},"content":{"rendered":"<p><img loading=\"lazy\" decoding=\"async\" class=\"\" src=\"https:\/\/th.bing.com\/th\/id\/R.be161e6c50dd49ca895bdbbd37e21cd6?rik=KCO1VYWVihGkvA&amp;riu=http%3a%2f%2flofrev.net%2fwp-content%2fphotos%2f2016%2f09%2fjbl_logo_4.png&amp;ehk=mxkF8sY6IHYy6IUI9z4W1Wk2oKnpJMpvIdJsi4zOGT0%3d&amp;risl=&amp;pid=ImgRaw&amp;r=0\" alt=\"JBL Logo -Logo Brands For Free HD 3D\" width=\"617\" height=\"342\" \/><\/p>\n<h1><strong> TUNE FLEX 2<\/strong><\/h1>\n<p>JBL Tune Flex 2 ofrece hasta 48 horas de excepcional JBL Pure Bass y JBL Spatial Sound, mientras que el dise\u00f1o ergon\u00f3mico (y resistente al agua y al polvo) brinda comodidad durante todo el d\u00eda en cualquier clima. Con cancelaci\u00f3n de ruido adaptativa y tecnolog\u00eda Smart Ambient.<\/p>\n<h3 class=\"visby-bold f40-home texto-madrid bold mb-2\">Especificaciones<\/h3>\n<div class=\"w-100 rounded20 bordinha-cinza mt-3 mb-5\">\n<div id=\"item_product2\" class=\"col-12 item_product active\">\n<div class=\"col-12 box_detail\">\n<div class=\"col-12 item_detail item_dark \">\n<div class=\"col-6 item\">Marca<\/div>\n<div class=\"col-6 item\">JBL<\/div>\n<\/div>\n<div class=\"col-12 item_detail \">\n<div class=\"col-6 item\">Modelo<\/div>\n<div class=\"col-6 item\">Tune Flex 2<\/div>\n<\/div>\n<div class=\"col-12 item_detail item_dark \">\n<div class=\"col-6 item\">Color<\/div>\n<div class=\"col-6 item\">Negro<\/div>\n<\/div>\n<div class=\"col-12 item_detail \">\n<div class=\"col-6 item\">Conectividad<\/div>\n<div class=\"col-6 item\">Bluetooth v5.3<\/div>\n<\/div>\n<div class=\"col-12 item_detail item_dark \">\n<div class=\"col-6 item\">Micr\u00f3fono<\/div>\n<div class=\"col-6 item\">Integrado<\/div>\n<\/div>\n<div class=\"col-12 item_detail \">\n<div class=\"col-6 item\">Driver<\/div>\n<div class=\"col-6 item\">12 mm<\/div>\n<\/div>\n<div class=\"col-12 item_detail item_dark \">\n<div class=\"col-6 item\">Respuesta de Frecuencia<\/div>\n<div class=\"col-6 item\">20 Hz &#8211; 20 kHz<\/div>\n<\/div>\n<div class=\"col-12 item_detail \">\n<div class=\"col-6 item\">Impedancia<\/div>\n<div class=\"col-6 item\">13 ohms<\/div>\n<\/div>\n<div class=\"col-12 item_detail item_dark \">\n<div class=\"col-6 item\">Bateria<\/div>\n<div class=\"col-6 item\">Estojo: 545mAh &#8211; Fone: 55mAh<\/div>\n<\/div>\n<div class=\"col-12 item_detail \">\n<div class=\"col-6 item\">Duraci\u00f3n de carga<\/div>\n<div class=\"col-6 item\">Hasta 12 horas<\/div>\n<\/div>\n<div class=\"col-12 item_detail item_dark \">\n<div class=\"col-6 item\">Tiempo de recarga<\/div>\n<div class=\"col-6 item\">2 horas<\/div>\n<\/div>\n<div class=\"col-12 item_detail \">\n<div class=\"col-6 item\">Dimensiones del Embalaje<\/div>\n<div class=\"col-6 item\">187.00 cm X 101.00 cm X 3.30 cm<\/div>\n<\/div>\n<div class=\"col-12 item_detail item_dark \">\n<div class=\"col-6 item\">Peso Bruto<\/div>\n<div class=\"col-6 item\">0.132 kg<\/div>\n<\/div>\n<\/div>\n<\/div>\n<\/div>\n","protected":false},"excerpt":{"rendered":"<p>TUNE FLEX 2 JBL Tune Flex 2 ofrece hasta 48 horas de excepcional JBL Pure Bass y JBL Spatial Sound,<\/p>\n","protected":false},"featured_media":81618,"comment_status":"open","ping_status":"closed","template":"","meta":{"nf_dc_page":""},"product_brand":[],"product_cat":[89],"product_tag":[968],"class_list":{"0":"post-81617","1":"product","2":"type-product","3":"status-publish","4":"has-post-thumbnail","6":"product_cat-electronicos","7":"product_tag-968","9":"first","10":"outofstock","11":"shipping-taxable","12":"purchasable","13":"product-type-simple"},"_links":{"self":[{"href":"https:\/\/brandss.com.py\/index\/wp-json\/wp\/v2\/product\/81617","targetHints":{"allow":["GET"]}}],"collection":[{"href":"https:\/\/brandss.com.py\/index\/wp-json\/wp\/v2\/product"}],"about":[{"href":"https:\/\/brandss.com.py\/index\/wp-json\/wp\/v2\/types\/product"}],"replies":[{"embeddable":true,"href":"https:\/\/brandss.com.py\/index\/wp-json\/wp\/v2\/comments?post=81617"}],"version-history":[{"count":3,"href":"https:\/\/brandss.com.py\/index\/wp-json\/wp\/v2\/product\/81617\/revisions"}],"predecessor-version":[{"id":91941,"href":"https:\/\/brandss.com.py\/index\/wp-json\/wp\/v2\/product\/81617\/revisions\/91941"}],"wp:featuredmedia":[{"embeddable":true,"href":"https:\/\/brandss.com.py\/index\/wp-json\/wp\/v2\/media\/81618"}],"wp:attachment":[{"href":"https:\/\/brandss.com.py\/index\/wp-json\/wp\/v2\/media?parent=81617"}],"wp:term":[{"taxonomy":"product_brand","embeddable":true,"href":"https:\/\/brandss.com.py\/index\/wp-json\/wp\/v2\/product_brand?post=81617"},{"taxonomy":"product_cat","embeddable":true,"href":"https:\/\/brandss.com.py\/index\/wp-json\/wp\/v2\/product_cat?post=81617"},{"taxonomy":"product_tag","embeddable":true,"href":"https:\/\/brandss.com.py\/index\/wp-json\/wp\/v2\/product_tag?post=81617"}],"curies":[{"name":"wp","href":"https:\/\/api.w.org\/{rel}","templated":true}]}}