{"id":81816,"date":"2025-05-10T11:33:22","date_gmt":"2025-05-10T11:33:22","guid":{"rendered":"https:\/\/brandss.com.py\/index\/?post_type=product&#038;p=81816"},"modified":"2025-12-19T11:30:53","modified_gmt":"2025-12-19T11:30:53","slug":"perfume-masculino-ulric-de-varens-grey-for-men-edt-100ml","status":"publish","type":"product","link":"https:\/\/brandss.com.py\/index\/producto\/perfume-masculino-ulric-de-varens-grey-for-men-edt-100ml\/","title":{"rendered":"PERFUME MASCULINO ULRIC DE VARENS GREY FOR MEN EDT 100ML"},"content":{"rendered":"<p><img loading=\"lazy\" decoding=\"async\" class=\"\" src=\"https:\/\/cdn.freebiesupply.com\/logos\/large\/2x\/ulric-de-varens-logo-png-transparent.png\" alt=\"Ulric De Varens Logo PNG Transparent &amp; SVG Vector - Freebie Supply\" width=\"127\" height=\"127\" \/><\/p>\n<h1>GREY FOR MEN<\/h1>\n<p><span>Es para el hombre viril que es al mismo tiempo elegante, cl\u00e1sico y cautivador. Suave y vigoroso, un perfume masculino. La fragancia ofrece la frescura perfecta para los d\u00edas calurosos. Debido a que se caracteriza por sus aromas ligeros, puedes usar todo lo que quieras sin miedo a exagerar.<\/span><\/p>\n<p><img decoding=\"async\" class=\"alignleft\" src=\"https:\/\/extremite.com.br\/wp-content\/uploads\/2015\/11\/udv-for-men-banner.jpg\" \/><\/p>\n<h3>Notas Olfativas<\/h3>\n<p>&nbsp;<\/p>\n<p>Una fragancia \u00fanica y misteriosa que combina la fuerza de la madera con la frescura del Almizcle. Chipre amaderado con notas de mandarina, lim\u00f3n, estrag\u00f3n, jazm\u00edn, geranio, tabaco y maderas nobles.<\/p>\n<p>&nbsp;<\/p>\n<p>La fuerza de la frescura arom\u00e1tica con artemisa, romero y menta, se acent\u00faa con los efectos amaderados del vetiver, suaviz\u00e1ndose al contacto con notas de almizcle animal. Las notas de fondo giran en torno a una estructura de pachul\u00ed particularmente viril.<br \/>\nOriental Foug\u00e8re Amaderado.<\/p>\n<p>&nbsp;<\/p>\n<p>&nbsp;<\/p>\n<p>&nbsp;<\/p>\n<ul id=\"Slider-template--18645007532330__d247bc31-46dd-41e2-8e82-e2222438bfd0\" class=\"multicolumn-list contains-content-container grid grid--1-col-tablet-down grid--3-col-desktop\" role=\"list\">\n<li id=\"Slide-template--18645007532330__d247bc31-46dd-41e2-8e82-e2222438bfd0-1\" class=\"multicolumn-list__item grid__item center\">\n<div class=\"multicolumn-card content-container\">\n<div class=\"multicolumn-card__image-wrapper multicolumn-card__image-wrapper--third-width multicolumn-card-spacing\"><span style=\"color: #1b1919;font-size: 22px\">Nota de salida<\/span><\/div>\n<div class=\"multicolumn-card__info\">\n<div class=\"rte\">\n<p><span class=\"metafield-multi_line_text_field\">Mandarina, Lim\u00f3n, Artemisa, Romero, Estrag\u00f3n, Hierbabuena<\/span><\/p>\n<\/div>\n<\/div>\n<\/div>\n<\/li>\n<li id=\"Slide-template--18645007532330__d247bc31-46dd-41e2-8e82-e2222438bfd0-2\" class=\"multicolumn-list__item grid__item center\">\n<div class=\"multicolumn-card content-container\">\n<div class=\"multicolumn-card__image-wrapper multicolumn-card__image-wrapper--third-width multicolumn-card-spacing\"><span style=\"color: #1b1919;font-size: 22px\">Nota de coraz\u00f3n<\/span><\/div>\n<div class=\"multicolumn-card__info\">\n<div class=\"rte\">\n<p><span class=\"metafield-multi_line_text_field\">Geranio, jazm\u00edn, neroli<\/span><\/p>\n<\/div>\n<\/div>\n<\/div>\n<\/li>\n<li id=\"Slide-template--18645007532330__d247bc31-46dd-41e2-8e82-e2222438bfd0-3\" class=\"multicolumn-list__item grid__item center\">\n<div class=\"multicolumn-card content-container\">\n<div class=\"multicolumn-card__image-wrapper multicolumn-card__image-wrapper--third-width multicolumn-card-spacing\"><span style=\"color: #1b1919;font-size: 22px\">Nota de fondo<\/span><\/div>\n<div class=\"multicolumn-card__info\">\n<div class=\"rte\">\n<p><span class=\"metafield-multi_line_text_field\">Vetiver, cedro, miel, tabaco, almizcle<\/span><\/p>\n<\/div>\n<div style=\"width: 852px;\" class=\"wp-video\"><video class=\"wp-video-shortcode\" id=\"video-81816-1\" width=\"852\" height=\"480\" preload=\"metadata\" controls=\"controls\"><source type=\"video\/mp4\" src=\"https:\/\/brandss.com.py\/index\/wp-content\/uploads\/2025\/05\/531f0f88d8fc4fd0a0e1ef379f542dd0.SD-480p-1.5Mbps-14627365.mp4?_=1\" \/><a href=\"https:\/\/brandss.com.py\/index\/wp-content\/uploads\/2025\/05\/531f0f88d8fc4fd0a0e1ef379f542dd0.SD-480p-1.5Mbps-14627365.mp4\">https:\/\/brandss.com.py\/index\/wp-content\/uploads\/2025\/05\/531f0f88d8fc4fd0a0e1ef379f542dd0.SD-480p-1.5Mbps-14627365.mp4<\/a><\/video><\/div>\n<\/div>\n<\/div>\n<\/li>\n<\/ul>\n","protected":false},"excerpt":{"rendered":"<p>GREY FOR MEN Es para el hombre viril que es al mismo tiempo elegante, cl\u00e1sico y cautivador. Suave y vigoroso,<\/p>\n","protected":false},"featured_media":81826,"comment_status":"open","ping_status":"closed","template":"","meta":{"nf_dc_page":""},"product_brand":[2073],"product_cat":[84],"product_tag":[2074],"class_list":{"0":"post-81816","1":"product","2":"type-product","3":"status-publish","4":"has-post-thumbnail","6":"product_brand-ulric-de-varens","7":"product_cat-perfumeria","8":"product_tag-2074","10":"first","11":"instock","12":"shipping-taxable","13":"purchasable","14":"product-type-simple"},"_links":{"self":[{"href":"https:\/\/brandss.com.py\/index\/wp-json\/wp\/v2\/product\/81816","targetHints":{"allow":["GET"]}}],"collection":[{"href":"https:\/\/brandss.com.py\/index\/wp-json\/wp\/v2\/product"}],"about":[{"href":"https:\/\/brandss.com.py\/index\/wp-json\/wp\/v2\/types\/product"}],"replies":[{"embeddable":true,"href":"https:\/\/brandss.com.py\/index\/wp-json\/wp\/v2\/comments?post=81816"}],"version-history":[{"count":2,"href":"https:\/\/brandss.com.py\/index\/wp-json\/wp\/v2\/product\/81816\/revisions"}],"predecessor-version":[{"id":81835,"href":"https:\/\/brandss.com.py\/index\/wp-json\/wp\/v2\/product\/81816\/revisions\/81835"}],"wp:featuredmedia":[{"embeddable":true,"href":"https:\/\/brandss.com.py\/index\/wp-json\/wp\/v2\/media\/81826"}],"wp:attachment":[{"href":"https:\/\/brandss.com.py\/index\/wp-json\/wp\/v2\/media?parent=81816"}],"wp:term":[{"taxonomy":"product_brand","embeddable":true,"href":"https:\/\/brandss.com.py\/index\/wp-json\/wp\/v2\/product_brand?post=81816"},{"taxonomy":"product_cat","embeddable":true,"href":"https:\/\/brandss.com.py\/index\/wp-json\/wp\/v2\/product_cat?post=81816"},{"taxonomy":"product_tag","embeddable":true,"href":"https:\/\/brandss.com.py\/index\/wp-json\/wp\/v2\/product_tag?post=81816"}],"curies":[{"name":"wp","href":"https:\/\/api.w.org\/{rel}","templated":true}]}}