{"id":81851,"date":"2025-05-10T13:18:34","date_gmt":"2025-05-10T13:18:34","guid":{"rendered":"https:\/\/brandss.com.py\/index\/?post_type=product&#038;p=81851"},"modified":"2025-11-03T18:59:31","modified_gmt":"2025-11-03T18:59:31","slug":"rizador-smartfy-mc01g-ceramica-triple-bivolt-oro","status":"publish","type":"product","link":"https:\/\/brandss.com.py\/index\/producto\/rizador-smartfy-mc01g-ceramica-triple-bivolt-oro\/","title":{"rendered":"RIZADOR TRIPLE SMARTFY MC01G CERAMICA BIVOLT GOLD"},"content":{"rendered":"<h1><img loading=\"lazy\" decoding=\"async\" class=\"\" src=\"https:\/\/smartfybrasil.com.br\/assets\/sm-com-TZeQkCLv.png\" alt=\"Smartfy\" width=\"64\" height=\"46\" \/><\/h1>\n<h1>MC01G<\/h1>\n<p>Transforma tus rizos con el rizador Smartfy MC01G, un dispositivo vers\u00e1til y eficiente. Con potencia variable de 70-120W, es ideal para diferentes tipos de cabello. Equipado con cer\u00e1mica y triple tecnolog\u00eda, garantiza resultados profesionales y sin da\u00f1os.<\/p>\n<h3 class=\"visby-bold f40-home texto-madrid bold mb-2\">Caracter\u00edsticas t\u00e9cnicas<\/h3>\n<div class=\"w-100 rounded20 bordinha-cinza mt-3 mb-5\">\n<div id=\"item_product2\" class=\"col-12 item_product active\">\n<div class=\"col-12 box_detail\">\n<div class=\"col-12 item_detail item_dark \">\n<div class=\"col-6 item\">Marca: Smartfy<\/div>\n<\/div>\n<div class=\"col-12 item_detail \">\n<div class=\"col-6 item\">Modelo: MC01G<\/div>\n<\/div>\n<div class=\"col-12 item_detail item_dark \">\n<div class=\"col-6 item\">Color: Oro<\/div>\n<\/div>\n<div class=\"col-12 item_detail \">\n<div class=\"col-6 item\">Poder: 70 &#8211; 120W<\/div>\n<\/div>\n<div class=\"col-12 item_detail item_dark \">\n<div class=\"col-6 item\">Temperatura m\u00e1xima: Hasta 210 \u00b0C<\/div>\n<\/div>\n<div class=\"col-12 item_detail \">\n<div class=\"col-6 item\">Material: Cer\u00e1mica<\/div>\n<\/div>\n<div class=\"col-12 item_detail item_dark \">\n<div class=\"col-6 item\">Tiempo de calentamiento: 30 segundos<\/div>\n<\/div>\n<div class=\"col-12 item_detail \">\n<div class=\"col-6 item\">Funciones: F\u00e1cil limpieza &#8211; Protecci\u00f3n contra descargas el\u00e9ctricas &#8211; Panel digital<\/div>\n<\/div>\n<div class=\"col-12 item_detail item_dark \">\n<div class=\"col-6 item\">Voltaje: 110 &#8211; 240V \/ 50 &#8211; 60Hz<\/div>\n<\/div>\n<div class=\"col-12 item_detail \">\n<div class=\"col-6 item\">Voltaje: Bivolt<\/div>\n<\/div>\n<div class=\"col-12 item_detail item_dark \">\n<div class=\"col-6 item\">Dimensiones del paquete: 10.50 cm x 38.20 cm x 9.50 cm<\/div>\n<\/div>\n<div class=\"col-12 item_detail \">\n<div class=\"col-6 item\">Peso bruto: 0,606 kg<\/div>\n<\/div>\n<\/div>\n<\/div>\n<\/div>\n","protected":false},"excerpt":{"rendered":"<p>MC01G Transforma tus rizos con el rizador Smartfy MC01G, un dispositivo vers\u00e1til y eficiente. Con potencia variable de 70-120W, es<\/p>\n","protected":false},"featured_media":81852,"comment_status":"open","ping_status":"closed","template":"","meta":{"nf_dc_page":""},"product_brand":[1209],"product_cat":[89],"product_tag":[1266],"class_list":{"0":"post-81851","1":"product","2":"type-product","3":"status-publish","4":"has-post-thumbnail","6":"product_brand-smartfy","7":"product_cat-electronicos","8":"product_tag-1266","10":"first","11":"instock","12":"shipping-taxable","13":"purchasable","14":"product-type-simple"},"_links":{"self":[{"href":"https:\/\/brandss.com.py\/index\/wp-json\/wp\/v2\/product\/81851","targetHints":{"allow":["GET"]}}],"collection":[{"href":"https:\/\/brandss.com.py\/index\/wp-json\/wp\/v2\/product"}],"about":[{"href":"https:\/\/brandss.com.py\/index\/wp-json\/wp\/v2\/types\/product"}],"replies":[{"embeddable":true,"href":"https:\/\/brandss.com.py\/index\/wp-json\/wp\/v2\/comments?post=81851"}],"version-history":[{"count":5,"href":"https:\/\/brandss.com.py\/index\/wp-json\/wp\/v2\/product\/81851\/revisions"}],"predecessor-version":[{"id":93207,"href":"https:\/\/brandss.com.py\/index\/wp-json\/wp\/v2\/product\/81851\/revisions\/93207"}],"wp:featuredmedia":[{"embeddable":true,"href":"https:\/\/brandss.com.py\/index\/wp-json\/wp\/v2\/media\/81852"}],"wp:attachment":[{"href":"https:\/\/brandss.com.py\/index\/wp-json\/wp\/v2\/media?parent=81851"}],"wp:term":[{"taxonomy":"product_brand","embeddable":true,"href":"https:\/\/brandss.com.py\/index\/wp-json\/wp\/v2\/product_brand?post=81851"},{"taxonomy":"product_cat","embeddable":true,"href":"https:\/\/brandss.com.py\/index\/wp-json\/wp\/v2\/product_cat?post=81851"},{"taxonomy":"product_tag","embeddable":true,"href":"https:\/\/brandss.com.py\/index\/wp-json\/wp\/v2\/product_tag?post=81851"}],"curies":[{"name":"wp","href":"https:\/\/api.w.org\/{rel}","templated":true}]}}