{"id":81912,"date":"2025-05-12T13:23:49","date_gmt":"2025-05-12T13:23:49","guid":{"rendered":"https:\/\/brandss.com.py\/index\/?post_type=product&#038;p=81912"},"modified":"2025-11-03T14:16:57","modified_gmt":"2025-11-03T14:16:57","slug":"smartfy-pe02g-olla-arrocera-electrica-700w-1-8l-220-240v-50-60hz-negro-con-gris","status":"publish","type":"product","link":"https:\/\/brandss.com.py\/index\/producto\/smartfy-pe02g-olla-arrocera-electrica-700w-1-8l-220-240v-50-60hz-negro-con-gris\/","title":{"rendered":"ARROCERA EL\u00c9CTRICA SMARTFY PE02G 700W 1.8L 220V BLACK\/GREY"},"content":{"rendered":"<h1><img loading=\"lazy\" decoding=\"async\" class=\"\" src=\"https:\/\/smartfybrasil.com.br\/assets\/sm-com-TZeQkCLv.png\" alt=\"Smartfy\" width=\"60\" height=\"43\" \/><\/h1>\n<h1>PE02G<\/h1>\n<p>La olla arrocera el\u00e9ctrica Smartfy PE02G es la opci\u00f3n ideal para quienes buscan practicidad y eficiencia en la preparaci\u00f3n de comidas. Con una capacidad de 1,8 litros, permite cocinar porciones ideales para toda la familia. Su moderno dise\u00f1o, con cuerpo de acero inoxidable, garantiza durabilidad y sofisticaci\u00f3n para tu cocina. El recipiente interior antiadherente y extra\u00edble facilita la limpieza y evita que los alimentos se peguen. Adem\u00e1s, cuenta con funciones de cocci\u00f3n, calentamiento autom\u00e1tico y preparaci\u00f3n de vapor, lo que lo convierte en un electrodom\u00e9stico vers\u00e1til y funcional. Con 700W de potencia, proporciona una cocci\u00f3n r\u00e1pida y uniforme, optimizando tu tiempo en la cocina.<\/p>\n<p>&nbsp;<\/p>\n<h3><strong>Caracter\u00edsticas principales<\/strong><\/h3>\n<p>&nbsp;<\/p>\n<ul>\n<li>Capacidad de 1,8 litros: Ideal para preparar grandes porciones de arroz de forma pr\u00e1ctica y eficiente.<\/li>\n<li>Funci\u00f3n 3 en 1 \u2013 Cocinar, calentar y cocinar al vapor: Versatilidad para diferentes tipos de preparaci\u00f3n.<\/li>\n<li>Cuerpo de acero inoxidable: Dise\u00f1o moderno y resistente, garantizando una mayor durabilidad del producto.<\/li>\n<li>Recipiente antiadherente y extra\u00edble: Facilita la limpieza y evita que los alimentos se peguen.<\/li>\n<li>Sistema de calentamiento autom\u00e1tico: mantiene la comida caliente durante m\u00e1s tiempo despu\u00e9s de su preparaci\u00f3n.<\/li>\n<li>Potencia 700W: Cocci\u00f3n r\u00e1pida y eficiente, ahorrando tiempo y energ\u00eda.<\/li>\n<li>Bajo consumo energ\u00e9tico: S\u00f3lo 0,7 kWh, proporcionando eficiencia energ\u00e9tica sin desperdicio.<\/li>\n<\/ul>\n<h3><strong><br \/>\nEspecificaciones t\u00e9cnicas<\/strong><\/h3>\n<p>&nbsp;<\/p>\n<ul>\n<li>Marca: Smartfy<\/li>\n<li>Modelo: PE02G<\/li>\n<li>Color: Negro\/Gris<\/li>\n<li>Capacidad: 1,8 litros<\/li>\n<li>Funciones: Cocinar, calentar, cocinar al vapor.<\/li>\n<li>Material: Cuerpo de acero inoxidable.<\/li>\n<li>Revestimiento interior: antiadherente<\/li>\n<li>Potencia: 700W<\/li>\n<li>Consumo: 0,7 kWh<\/li>\n<li>Voltaje: 220 &#8211; 240 V ~ 50\/60 Hz<\/li>\n<li>Dimensiones del embalaje: 29,3 \u00d7 28,8 \u00d7 29,0 cm<\/li>\n<li>Peso bruto: 2.678 kg<\/li>\n<\/ul>\n","protected":false},"excerpt":{"rendered":"<p>PE02G La olla arrocera el\u00e9ctrica Smartfy PE02G es la opci\u00f3n ideal para quienes buscan practicidad y eficiencia en la preparaci\u00f3n<\/p>\n","protected":false},"featured_media":81913,"comment_status":"open","ping_status":"closed","template":"","meta":{"nf_dc_page":""},"product_brand":[1209],"product_cat":[83],"product_tag":[1241],"class_list":{"0":"post-81912","1":"product","2":"type-product","3":"status-publish","4":"has-post-thumbnail","6":"product_brand-smartfy","7":"product_cat-hogar","8":"product_tag-1241","10":"first","11":"outofstock","12":"shipping-taxable","13":"purchasable","14":"product-type-simple"},"_links":{"self":[{"href":"https:\/\/brandss.com.py\/index\/wp-json\/wp\/v2\/product\/81912","targetHints":{"allow":["GET"]}}],"collection":[{"href":"https:\/\/brandss.com.py\/index\/wp-json\/wp\/v2\/product"}],"about":[{"href":"https:\/\/brandss.com.py\/index\/wp-json\/wp\/v2\/types\/product"}],"replies":[{"embeddable":true,"href":"https:\/\/brandss.com.py\/index\/wp-json\/wp\/v2\/comments?post=81912"}],"version-history":[{"count":5,"href":"https:\/\/brandss.com.py\/index\/wp-json\/wp\/v2\/product\/81912\/revisions"}],"predecessor-version":[{"id":93187,"href":"https:\/\/brandss.com.py\/index\/wp-json\/wp\/v2\/product\/81912\/revisions\/93187"}],"wp:featuredmedia":[{"embeddable":true,"href":"https:\/\/brandss.com.py\/index\/wp-json\/wp\/v2\/media\/81913"}],"wp:attachment":[{"href":"https:\/\/brandss.com.py\/index\/wp-json\/wp\/v2\/media?parent=81912"}],"wp:term":[{"taxonomy":"product_brand","embeddable":true,"href":"https:\/\/brandss.com.py\/index\/wp-json\/wp\/v2\/product_brand?post=81912"},{"taxonomy":"product_cat","embeddable":true,"href":"https:\/\/brandss.com.py\/index\/wp-json\/wp\/v2\/product_cat?post=81912"},{"taxonomy":"product_tag","embeddable":true,"href":"https:\/\/brandss.com.py\/index\/wp-json\/wp\/v2\/product_tag?post=81912"}],"curies":[{"name":"wp","href":"https:\/\/api.w.org\/{rel}","templated":true}]}}