{"id":81953,"date":"2025-05-12T18:49:41","date_gmt":"2025-05-12T18:49:41","guid":{"rendered":"https:\/\/brandss.com.py\/index\/?post_type=product&#038;p=81953"},"modified":"2026-03-30T18:41:36","modified_gmt":"2026-03-30T18:41:36","slug":"perfume-femenino-karen-low-pure-pink-edp-100ml","status":"publish","type":"product","link":"https:\/\/brandss.com.py\/index\/producto\/perfume-femenino-karen-low-pure-pink-edp-100ml\/","title":{"rendered":"PERFUME FEMENINO KAREN LOW PURE PINK EDP 100ML"},"content":{"rendered":"<p><img loading=\"lazy\" decoding=\"async\" class=\"\" src=\"https:\/\/fimgs.net\/mdimg\/dizajneri\/o.2257.jpg\" alt=\"Karen Low Fragancias Y Colonias\" width=\"121\" height=\"85\" \/><\/p>\n<h1>PURE PINK<\/h1>\n<p>Experimenta el encanto de Pure Pink, dise\u00f1ado para la mujer refinada y contempor\u00e1nea. La manera perfecta de a\u00f1adir un toque de moda a tu colecci\u00f3n de fragancias.\u00a0Pure Pink es tu nuevo accesorio favorito. Pure Pink transmite la seducci\u00f3n en cada nota de la fragancia, dejando a las mujeres con un aroma \u00fanico y especial.Con un dise\u00f1o diferenciado, el embalaje en el color rosa muestra el lado rom\u00e1ntico y el so\u00f1ador de cada mujer.<\/p>\n<p>&nbsp;<\/p>\n<h3>Notas Olfativas<\/h3>\n<p><img loading=\"lazy\" decoding=\"async\" class=\"alignleft\" src=\"https:\/\/www.atlanticoshop.com.py\/image\/catalog\/212%20FRAGANCIAS\/karen%20low%20pure%20pink%20desc%20esp.jpg\" width=\"476\" height=\"318\" \/><\/p>\n<p>Esta encantadora fragancia se abre con una explosi\u00f3n de mandarina, naranja, grosella negra, lim\u00f3n, bergamota y pi\u00f1a, creando un tono vibrante y energizante. El coraz\u00f3n se despliega con una mezcla de lirio de los valles, manzana, rosa, melocot\u00f3n y jazm\u00edn, creando una esencia dulce y rom\u00e1ntica que evoca un jard\u00edn floreciente. A medida que evoluciona, las notas de fondo de frambuesa, s\u00e1ndalo, almizcle, \u00e1mbar y palo de rosa proporcionan un final c\u00e1lido y sensual que deja una estela cautivadora.<\/p>\n<p>Pure Pink es una fragancia de la familia olfativa Floral Frutal para Mujeres. La fragancia contiene notas dulces y notas florales-afrutadas.<\/p>\n<p>&nbsp;<\/p>\n<p><span><strong>Notas de salida:<\/strong> mandarina, naranja, grosella negra, lim\u00f3n, bergamota, pi\u00f1a.<\/span><\/p>\n<p><span><strong>Notas coraz\u00f3n:<\/strong> lirio de los valles, manzana, rosa, melocot\u00f3n, jazm\u00edn.<\/span><\/p>\n<p><span><strong>Notas de fondo:<\/strong> frambuesa, s\u00e1ndalo, almizcle, \u00e1mbar, palo de rosa.<\/span><\/p>\n","protected":false},"excerpt":{"rendered":"<p>PURE PINK Experimenta el encanto de Pure Pink, dise\u00f1ado para la mujer refinada y contempor\u00e1nea. La manera perfecta de a\u00f1adir<\/p>\n","protected":false},"featured_media":81961,"comment_status":"open","ping_status":"closed","template":"","meta":{"nf_dc_page":""},"product_brand":[1934],"product_cat":[84],"product_tag":[2081],"class_list":{"0":"post-81953","1":"product","2":"type-product","3":"status-publish","4":"has-post-thumbnail","6":"product_brand-karen-low","7":"product_cat-perfumeria","8":"product_tag-2081","10":"first","11":"instock","12":"sale","13":"shipping-taxable","14":"purchasable","15":"product-type-simple"},"_links":{"self":[{"href":"https:\/\/brandss.com.py\/index\/wp-json\/wp\/v2\/product\/81953","targetHints":{"allow":["GET"]}}],"collection":[{"href":"https:\/\/brandss.com.py\/index\/wp-json\/wp\/v2\/product"}],"about":[{"href":"https:\/\/brandss.com.py\/index\/wp-json\/wp\/v2\/types\/product"}],"replies":[{"embeddable":true,"href":"https:\/\/brandss.com.py\/index\/wp-json\/wp\/v2\/comments?post=81953"}],"version-history":[{"count":1,"href":"https:\/\/brandss.com.py\/index\/wp-json\/wp\/v2\/product\/81953\/revisions"}],"predecessor-version":[{"id":81967,"href":"https:\/\/brandss.com.py\/index\/wp-json\/wp\/v2\/product\/81953\/revisions\/81967"}],"wp:featuredmedia":[{"embeddable":true,"href":"https:\/\/brandss.com.py\/index\/wp-json\/wp\/v2\/media\/81961"}],"wp:attachment":[{"href":"https:\/\/brandss.com.py\/index\/wp-json\/wp\/v2\/media?parent=81953"}],"wp:term":[{"taxonomy":"product_brand","embeddable":true,"href":"https:\/\/brandss.com.py\/index\/wp-json\/wp\/v2\/product_brand?post=81953"},{"taxonomy":"product_cat","embeddable":true,"href":"https:\/\/brandss.com.py\/index\/wp-json\/wp\/v2\/product_cat?post=81953"},{"taxonomy":"product_tag","embeddable":true,"href":"https:\/\/brandss.com.py\/index\/wp-json\/wp\/v2\/product_tag?post=81953"}],"curies":[{"name":"wp","href":"https:\/\/api.w.org\/{rel}","templated":true}]}}