{"id":82111,"date":"2025-05-15T17:29:51","date_gmt":"2025-05-15T17:29:51","guid":{"rendered":"https:\/\/brandss.com.py\/index\/?post_type=product&#038;p=82111"},"modified":"2026-03-30T18:20:04","modified_gmt":"2026-03-30T18:20:04","slug":"perfume-masculino-avec-creations-pure-play-edp-100ml","status":"publish","type":"product","link":"https:\/\/brandss.com.py\/index\/producto\/perfume-masculino-avec-creations-pure-play-edp-100ml\/","title":{"rendered":"PERFUME MASCULINO AVEC CREATIONS PURE PLAY EDP 100ML"},"content":{"rendered":"<p><img loading=\"lazy\" decoding=\"async\" class=\"\" src=\"https:\/\/www.viabrasil.com.py\/storage\/marcas\/marca-logo37-1-1739793012.png\" alt=\"Bienvenidos | Via Brasil - Importaci\u00f3n y Distribuci\u00f3n de Perfumes\" width=\"145\" height=\"145\" \/><\/p>\n<h1>PURE PLAY<\/h1>\n<p>D\u00e9jate envolver por este perfume masculino de aroma intenso, duradero y ex\u00f3tico. Este perfume evoca una sensaci\u00f3n de opulencia, misterio y sensualidad.<\/p>\n<h3>Notas Olfativas<\/h3>\n<p class=\"title-nota\"><strong>Notas de salida:<\/strong> Nuez moscada, canela, cardamomo y pomelo.<\/p>\n<p class=\"title-nota\"><strong>Notas de coraz\u00f3n:<\/strong> Lavanda.<\/p>\n<p class=\"title-nota\"><strong>Notas de fondo:<\/strong> Regaliz, s\u00e1ndalo, \u00e1mbar, pachul\u00ed y vetiver ded hait\u00ed.<\/p>\n","protected":false},"excerpt":{"rendered":"<p>PURE PLAY D\u00e9jate envolver por este perfume masculino de aroma intenso, duradero y ex\u00f3tico. Este perfume evoca una sensaci\u00f3n de<\/p>\n","protected":false},"featured_media":82112,"comment_status":"open","ping_status":"closed","template":"","meta":{"nf_dc_page":""},"product_brand":[2089],"product_cat":[84],"product_tag":[2095],"class_list":{"0":"post-82111","1":"product","2":"type-product","3":"status-publish","4":"has-post-thumbnail","6":"product_brand-avec-creations","7":"product_cat-perfumeria","8":"product_tag-2095","10":"first","11":"instock","12":"sale","13":"shipping-taxable","14":"purchasable","15":"product-type-simple"},"_links":{"self":[{"href":"https:\/\/brandss.com.py\/index\/wp-json\/wp\/v2\/product\/82111","targetHints":{"allow":["GET"]}}],"collection":[{"href":"https:\/\/brandss.com.py\/index\/wp-json\/wp\/v2\/product"}],"about":[{"href":"https:\/\/brandss.com.py\/index\/wp-json\/wp\/v2\/types\/product"}],"replies":[{"embeddable":true,"href":"https:\/\/brandss.com.py\/index\/wp-json\/wp\/v2\/comments?post=82111"}],"version-history":[{"count":1,"href":"https:\/\/brandss.com.py\/index\/wp-json\/wp\/v2\/product\/82111\/revisions"}],"predecessor-version":[{"id":82115,"href":"https:\/\/brandss.com.py\/index\/wp-json\/wp\/v2\/product\/82111\/revisions\/82115"}],"wp:featuredmedia":[{"embeddable":true,"href":"https:\/\/brandss.com.py\/index\/wp-json\/wp\/v2\/media\/82112"}],"wp:attachment":[{"href":"https:\/\/brandss.com.py\/index\/wp-json\/wp\/v2\/media?parent=82111"}],"wp:term":[{"taxonomy":"product_brand","embeddable":true,"href":"https:\/\/brandss.com.py\/index\/wp-json\/wp\/v2\/product_brand?post=82111"},{"taxonomy":"product_cat","embeddable":true,"href":"https:\/\/brandss.com.py\/index\/wp-json\/wp\/v2\/product_cat?post=82111"},{"taxonomy":"product_tag","embeddable":true,"href":"https:\/\/brandss.com.py\/index\/wp-json\/wp\/v2\/product_tag?post=82111"}],"curies":[{"name":"wp","href":"https:\/\/api.w.org\/{rel}","templated":true}]}}